{"id":97611,"date":"2023-09-14T08:13:26","date_gmt":"2023-10-01T15:55:08","guid":{"rendered":"https:\/\/www.editorialelpirata.com\/?post_type=product&#038;p=97611"},"modified":"2025-12-12T12:25:23","modified_gmt":"2025-12-12T12:25:23","slug":"pubertat-positiva-per-a-nois","status":"publish","type":"product","link":"https:\/\/www.editorialelpirata.com\/ca\/Producte\/pubertat-positiva-per-a-nois\/","title":{"rendered":"PUBERTAT POSITIVA PER A NOIS"},"content":{"rendered":"<div class=\"wpb-content-wrapper\"><p>[vc_row][vc_column][vc_column_text uncode_shortcode_id=&#8221;124278&#8243;]<strong><em>Pubertat positiva per a nois<\/em><\/strong> \u00e9s un llibre ple d&#8217;empatia i coneixement sobre la pubertat i les emocions recomanat per a nois entre 8 i 12 anys. Amb hist\u00f2ries reals!<\/p>\n<p>&nbsp;<\/p>\n<p>\u00c9s positiu per al cos perqu\u00e8:<\/p>\n<ul>\n<li>\u00b7 Proporciona informaci\u00f3 fiable i accessible que ajuda a entendre els canvis relacionats amb la pubertat.<\/li>\n<li>\u00b7 Emfatitza la connexi\u00f3 entre el cos i les emocions.<\/li>\n<li>\u00b7 Ajuda a construir un llenguatge positiu cap a un mateix i el seu cos.<\/li>\n<\/ul>\n<p>&nbsp;<\/p>\n<p>Altres llibres similars d\u2019Edicions del Pirata:<\/p>\n<ul>\n<li>\u00b7 <a href=\"https:\/\/www.edicionsdelpirata.cat\/producte\/pubertat-positiva-noies-llibres-adolescencia\/\" target=\"_blank\" rel=\"noopener\">Pubertat positiva per a noies<\/a><\/li>\n<\/ul>\n<p>[\/vc_column_text][\/vc_column][\/vc_row][vc_row][vc_column column_width_percent=&#8221;100&#8243; align_horizontal=&#8221;align_center&#8221; gutter_size=&#8221;3&#8243; overlay_alpha=&#8221;50&#8243; shift_x=&#8221;0&#8243; shift_y=&#8221;0&#8243; shift_y_down=&#8221;0&#8243; z_index=&#8221;0&#8243; medium_width=&#8221;0&#8243; mobile_width=&#8221;0&#8243; width=&#8221;1\/1&#8243; uncode_shortcode_id=&#8221;150231&#8243;][vc_raw_html]JTNDaWZyYW1lJTIwd2lkdGglM0QlMjI2MjBweCUyMiUyMGhlaWdodCUzRCUyMjQwMHB4JTIyJTIwc3JjJTNEJTIyaHR0cHMlM0ElMkYlMkZ3d3cueXVtcHUuY29tJTJGeHglMkZlbWJlZCUyRnZpZXclMkY3NXBydVVibWlGUkRhaG84JTIyJTIwZnJhbWVib3JkZXIlM0QlMjIwJTIyJTIwYWxsb3dmdWxsc2NyZWVuJTNEJTIydHJ1ZSUyMiUyMGFsbG93dHJhbnNwYXJlbmN5JTNEJTIydHJ1ZSUyMiUzRSUzQyUyRmlmcmFtZSUzRSUyMCUyMCUyMCUyMCUyMCUyMCUyMCUyMCUyMCUyMCUyMCUyMCUyMCUyMCUyMCUyMCUyMCUyMCUyMCUyMCUyMCUyMCUyMCUyMCUyMCUyMCUyMCUyMCUyMCUyMCUyMCUyMCUyMCUyMCUyMCUyMCUyMCUyMCUyMCUyMCUyMCUyMCUyMCUyMCUyMCUyMCUyMCUyMCUyMA==[\/vc_raw_html][\/vc_column][\/vc_row][vc_row][vc_column width=&#8221;1\/1&#8243;][vc_column_text uncode_shortcode_id=&#8221;203082&#8243;]<\/p>\n<h3>Cr\u00edtiques<\/h3>\n<p>[\/vc_column_text][vc_row_inner][vc_column_inner width=&#8221;1\/1&#8243;][vc_column_text uncode_shortcode_id=&#8221;179393&#8243;]<\/p>\n<blockquote><p><strong>\u00ab<em>Pubertat<\/em><em> positiva per a nois<\/em> \u00e9s una guia perfecta sobre el que succeeix en el cos, els sentiments i l&#8217;autoestima d&#8217;un noi en plena evoluci\u00f3. \u00c9s un llibre extremadament important i necessari per al teu fill o net.<\/strong><strong>\u00bb <\/strong><\/p>\n<p>\u2014Andrzej Gry\u017cewski. Sex\u00f2leg, psicoterapeuta i autor supervendes<\/p><\/blockquote>\n<p>[\/vc_column_text][\/vc_column_inner][\/vc_row_inner][vc_row_inner][vc_column_inner width=&#8221;1\/1&#8243;][vc_column_text uncode_shortcode_id=&#8221;544427&#8243;]<\/p>\n<blockquote><p>\u00abAquest \u00e9s el primer llibre d&#8217;aquest tipus per a nois &#8211; un llibre revolucionari. Escrit de manera intel\u00b7ligent, accessible i interessant, basat en el coneixement m\u00e9s recent sobre el proc\u00e9s de maduraci\u00f3 dels nois i prestant atenci\u00f3 a tots els seus aspectes. Il\u00b7lustrat amb objectivitat i amb classe. Desmitifica molts estereotips, ensenya el respecte pel cos, aprofundeix la comprensi\u00f3 de la pr\u00f2pia psique. Pot ser un gran suport per als adolescents m\u00e9s joves (de 8 a 15 anys) i els seus pares!\u00bb<\/p>\n<p>\u2014Dra. Alicja D\u0142ugo\u0142\u0119cka. Pedagoga i educadora sexual<\/p><\/blockquote>\n<p>[\/vc_column_text][\/vc_column_inner][\/vc_row_inner][vc_row_inner][vc_column_inner width=&#8221;1\/1&#8243;][vc_column_text uncode_shortcode_id=&#8221;105468&#8243;]<\/p>\n<blockquote><p>\u00abEstic segur que la lectura d&#8217;aquest llibre ser\u00e0 una experi\u00e8ncia incre\u00efble per a tots nosaltres, tant per als nascuts abans com despr\u00e9s. No nom\u00e9s adquiriran coneixements necessaris i obriran els ulls, sin\u00f3 que tamb\u00e9 guanyaran consci\u00e8ncia sobre la import\u00e0ncia d\u2019acceptar-nos a nosaltres mateixos tal i com som.\u00bb<\/p>\n<p>\u2014Przemys\u0142aw Staro\u0144. Psic\u00f2leg, autor <em>d&#8217;Escola d\u2019hero\u00efnes i herois<\/em>, Professor de l&#8217;Any 2018<\/p><\/blockquote>\n<p>[\/vc_column_text][\/vc_column_inner][\/vc_row_inner][vc_row_inner][vc_column_inner width=&#8221;1\/1&#8243;][vc_column_text uncode_shortcode_id=&#8221;100821&#8243;]<\/p>\n<blockquote><p>\u00abEls nois gaireb\u00e9 no parlen sobre la maduraci\u00f3. I si ho fan, \u00e9s en comentaris curts o bromes. El pitjor \u00e9s que d&#8217;aquesta manera no nom\u00e9s perpetuen estereotips, sin\u00f3 que sovint reforcen tonteries completes sobre el cos i els canvis que hi ocorren. Aquesta informaci\u00f3 es &#8220;desenreda&#8221; anys despr\u00e9s. La positivitat corporal permet un comen\u00e7ament a la vida adulta des d&#8217;un nivell m\u00e9s alt. No vaig acceptar el meu cos com a aquell &#8220;noi llarg i prim&#8221; tan r\u00e0pid. M&#8217;agradaria que el meu fill s&#8217;accept\u00e9s i comprengu\u00e9s les seves emocions molt abans: quan llegeixi aquest llibre.\u00bb<\/p>\n<p>\u2014Krystian Hanke. Periodista de R\u00e0dio 357, autor del projecte &#8220;Tatuar&#8221;<\/p><\/blockquote>\n<p>[\/vc_column_text][\/vc_column_inner][\/vc_row_inner][vc_row_inner][vc_column_inner width=&#8221;1\/1&#8243;][vc_column_text uncode_shortcode_id=&#8221;173070&#8243;]<\/p>\n<blockquote><p>\u00abLa majoria dels meus pacients tenien por i vergonya dels canvis que sorgien durant la maduraci\u00f3. Deixats a ells mateixos, creien en creences que van tenir un impacte negatiu en la seva vida adulta. <em>Pubertat positiva per a nois<\/em> \u00e9s una guia perfecta sobre el que succeeix en el cos, els sentiments i l&#8217;autoestima d&#8217;un noi en ple desenvolupament. \u00c9s un llibre extremadament important i necessari per al teu fill o net.\u00bb<\/p>\n<p>\u2014Andrzej Gry\u017cewski. Sex\u00f2leg, psicoterapeuta i autor supervendes<\/p><\/blockquote>\n<p>[\/vc_column_text][\/vc_column_inner][\/vc_row_inner][\/vc_column][\/vc_row][vc_row][vc_column width=&#8221;1\/1&#8243;][vc_column_text uncode_shortcode_id=&#8221;572373&#8243;]<\/p>\n<hr \/>\n<p>Amb el suport de:<\/p>\n<p><a href=\"https:\/\/www.editorialelpirata.com\/wp-content\/uploads\/2024\/11\/Logo-icec.jpg\"><img decoding=\"async\" class=\"alignnone wp-image-100854 size-medium\" src=\"https:\/\/www.editorialelpirata.com\/wp-content\/uploads\/2024\/11\/Logo-icec-300x45.jpg\" alt=\"Logo icec complert\" width=\"300\" height=\"45\" title=\"\"><\/a>[\/vc_column_text][\/vc_column][\/vc_row]<\/p>\n<\/div>","protected":false},"excerpt":{"rendered":"<h2>Cap a l&#8217;adolesc\u00e8ncia<\/h2>\n<p>Guia de positivitat corporal i dels canvis al cos i en les emocions.<\/p>\n<h3><\/h3>\n<p>.<\/p>\n<p>Autora: Barbara Pietruszczak<\/p>\n<p>Il\u00b7lustradora: Anna Rudak<\/p>\n","protected":false},"featured_media":97613,"template":"","meta":[],"product_brand":[],"product_cat":[2123,2942,2170,2943,2328,2944,2354],"product_tag":[2934,2935,2936,2939,2940,2941,2915],"class_list":{"0":"post-97611","1":"product","2":"type-product","3":"status-publish","4":"has-post-thumbnail","6":"product_cat-tots-els-llibres","7":"product_cat-barbara-pietruszczak-escriptors","8":"product_cat-llibres-per-10-anys","9":"product_cat-anna-rudak-illustradors","10":"product_cat-llibres-per-9-anys","11":"product_cat-pubertat-positiva-2","12":"product_cat-novetats","13":"product_tag-educacio-sexual-infantil-ca","14":"product_tag-guia-adolescencia-ca","15":"product_tag-llibres-en-catala-per-adolescents-ca","16":"product_tag-llibres-en-catala-per-nens-ca","17":"product_tag-llibres-per-nens-de-10-anys-ca","18":"product_tag-llibres-per-nens-de-8-anys-ca","19":"product_tag-adolescencia-ca","21":"first","22":"instock","23":"featured","24":"shipping-taxable","25":"purchasable","26":"product-type-variable"},"_links":{"self":[{"href":"https:\/\/www.editorialelpirata.com\/ca\/wp-json\/wp\/v2\/product\/97611","targetHints":{"allow":["GET"]}}],"collection":[{"href":"https:\/\/www.editorialelpirata.com\/ca\/wp-json\/wp\/v2\/product"}],"about":[{"href":"https:\/\/www.editorialelpirata.com\/ca\/wp-json\/wp\/v2\/types\/product"}],"wp:featuredmedia":[{"embeddable":true,"href":"https:\/\/www.editorialelpirata.com\/ca\/wp-json\/wp\/v2\/media\/97613"}],"wp:attachment":[{"href":"https:\/\/www.editorialelpirata.com\/ca\/wp-json\/wp\/v2\/media?parent=97611"}],"wp:term":[{"taxonomy":"product_brand","embeddable":true,"href":"https:\/\/www.editorialelpirata.com\/ca\/wp-json\/wp\/v2\/product_brand?post=97611"},{"taxonomy":"product_cat","embeddable":true,"href":"https:\/\/www.editorialelpirata.com\/ca\/wp-json\/wp\/v2\/product_cat?post=97611"},{"taxonomy":"product_tag","embeddable":true,"href":"https:\/\/www.editorialelpirata.com\/ca\/wp-json\/wp\/v2\/product_tag?post=97611"}],"curies":[{"name":"wp","href":"https:\/\/api.w.org\/{rel}","templated":true}]}}

<div class="wpb-content-wrapper"><p>[vc_row][vc_column][vc_column_text uncode_shortcode_id=&#8221;124278&#8243;]<strong><em>Pubertat positiva per a nois</em></strong> és un llibre ple d&#8217;empatia i coneixement sobre la pubertat i les emocions recomanat per a nois entre 8 i 12 anys. Amb històries reals!</p>
<p>&nbsp;</p>
<p>És positiu per al cos perquè:</p>
<ul>
<li>· Proporciona informació fiable i accessible que ajuda a entendre els canvis relacionats amb la pubertat.</li>
<li>· Emfatitza la connexió entre el cos i les emocions.</li>
<li>· Ajuda a construir un llenguatge positiu cap a un mateix i el seu cos.</li>
</ul>
<p>&nbsp;</p>
<p>Altres llibres similars d’Edicions del Pirata:</p>
<ul>
<li>· <a href="https://www.edicionsdelpirata.cat/producte/pubertat-positiva-noies-llibres-adolescencia/" target="_blank" rel="noopener">Pubertat positiva per a noies</a></li>
</ul>
<p>[/vc_column_text][/vc_column][/vc_row][vc_row][vc_column column_width_percent=&#8221;100&#8243; align_horizontal=&#8221;align_center&#8221; gutter_size=&#8221;3&#8243; overlay_alpha=&#8221;50&#8243; shift_x=&#8221;0&#8243; shift_y=&#8221;0&#8243; shift_y_down=&#8221;0&#8243; z_index=&#8221;0&#8243; medium_width=&#8221;0&#8243; mobile_width=&#8221;0&#8243; width=&#8221;1/1&#8243; uncode_shortcode_id=&#8221;150231&#8243;][vc_raw_html]JTNDaWZyYW1lJTIwd2lkdGglM0QlMjI2MjBweCUyMiUyMGhlaWdodCUzRCUyMjQwMHB4JTIyJTIwc3JjJTNEJTIyaHR0cHMlM0ElMkYlMkZ3d3cueXVtcHUuY29tJTJGeHglMkZlbWJlZCUyRnZpZXclMkY3NXBydVVibWlGUkRhaG84JTIyJTIwZnJhbWVib3JkZXIlM0QlMjIwJTIyJTIwYWxsb3dmdWxsc2NyZWVuJTNEJTIydHJ1ZSUyMiUyMGFsbG93dHJhbnNwYXJlbmN5JTNEJTIydHJ1ZSUyMiUzRSUzQyUyRmlmcmFtZSUzRSUyMCUyMCUyMCUyMCUyMCUyMCUyMCUyMCUyMCUyMCUyMCUyMCUyMCUyMCUyMCUyMCUyMCUyMCUyMCUyMCUyMCUyMCUyMCUyMCUyMCUyMCUyMCUyMCUyMCUyMCUyMCUyMCUyMCUyMCUyMCUyMCUyMCUyMCUyMCUyMCUyMCUyMCUyMCUyMCUyMCUyMCUyMCUyMCUyMA==[/vc_raw_html][/vc_column][/vc_row][vc_row][vc_column width=&#8221;1/1&#8243;][vc_column_text uncode_shortcode_id=&#8221;203082&#8243;]</p>
<h3>Crítiques</h3>
<p>[/vc_column_text][vc_row_inner][vc_column_inner width=&#8221;1/1&#8243;][vc_column_text uncode_shortcode_id=&#8221;179393&#8243;]</p>
<blockquote><p><strong>«<em>Pubertat</em><em> positiva per a nois</em> és una guia perfecta sobre el que succeeix en el cos, els sentiments i l&#8217;autoestima d&#8217;un noi en plena evolució. És un llibre extremadament important i necessari per al teu fill o net.</strong><strong>» </strong></p>
<p>—Andrzej Gryżewski. Sexòleg, psicoterapeuta i autor supervendes</p></blockquote>
<p>[/vc_column_text][/vc_column_inner][/vc_row_inner][vc_row_inner][vc_column_inner width=&#8221;1/1&#8243;][vc_column_text uncode_shortcode_id=&#8221;544427&#8243;]</p>
<blockquote><p>«Aquest és el primer llibre d&#8217;aquest tipus per a nois &#8211; un llibre revolucionari. Escrit de manera intel·ligent, accessible i interessant, basat en el coneixement més recent sobre el procés de maduració dels nois i prestant atenció a tots els seus aspectes. Il·lustrat amb objectivitat i amb classe. Desmitifica molts estereotips, ensenya el respecte pel cos, aprofundeix la comprensió de la pròpia psique. Pot ser un gran suport per als adolescents més joves (de 8 a 15 anys) i els seus pares!»</p>
<p>—Dra. Alicja Długołęcka. Pedagoga i educadora sexual</p></blockquote>
<p>[/vc_column_text][/vc_column_inner][/vc_row_inner][vc_row_inner][vc_column_inner width=&#8221;1/1&#8243;][vc_column_text uncode_shortcode_id=&#8221;105468&#8243;]</p>
<blockquote><p>«Estic segur que la lectura d&#8217;aquest llibre serà una experiència increïble per a tots nosaltres, tant per als nascuts abans com després. No només adquiriran coneixements necessaris i obriran els ulls, sinó que també guanyaran consciència sobre la importància d’acceptar-nos a nosaltres mateixos tal i com som.»</p>
<p>—Przemysław Staroń. Psicòleg, autor <em>d&#8217;Escola d’heroïnes i herois</em>, Professor de l&#8217;Any 2018</p></blockquote>
<p>[/vc_column_text][/vc_column_inner][/vc_row_inner][vc_row_inner][vc_column_inner width=&#8221;1/1&#8243;][vc_column_text uncode_shortcode_id=&#8221;100821&#8243;]</p>
<blockquote><p>«Els nois gairebé no parlen sobre la maduració. I si ho fan, és en comentaris curts o bromes. El pitjor és que d&#8217;aquesta manera no només perpetuen estereotips, sinó que sovint reforcen tonteries completes sobre el cos i els canvis que hi ocorren. Aquesta informació es &#8220;desenreda&#8221; anys després. La positivitat corporal permet un començament a la vida adulta des d&#8217;un nivell més alt. No vaig acceptar el meu cos com a aquell &#8220;noi llarg i prim&#8221; tan ràpid. M&#8217;agradaria que el meu fill s&#8217;acceptés i comprengués les seves emocions molt abans: quan llegeixi aquest llibre.»</p>
<p>—Krystian Hanke. Periodista de Ràdio 357, autor del projecte &#8220;Tatuar&#8221;</p></blockquote>
<p>[/vc_column_text][/vc_column_inner][/vc_row_inner][vc_row_inner][vc_column_inner width=&#8221;1/1&#8243;][vc_column_text uncode_shortcode_id=&#8221;173070&#8243;]</p>
<blockquote><p>«La majoria dels meus pacients tenien por i vergonya dels canvis que sorgien durant la maduració. Deixats a ells mateixos, creien en creences que van tenir un impacte negatiu en la seva vida adulta. <em>Pubertat positiva per a nois</em> és una guia perfecta sobre el que succeeix en el cos, els sentiments i l&#8217;autoestima d&#8217;un noi en ple desenvolupament. És un llibre extremadament important i necessari per al teu fill o net.»</p>
<p>—Andrzej Gryżewski. Sexòleg, psicoterapeuta i autor supervendes</p></blockquote>
<p>[/vc_column_text][/vc_column_inner][/vc_row_inner][/vc_column][/vc_row][vc_row][vc_column width=&#8221;1/1&#8243;][vc_column_text uncode_shortcode_id=&#8221;572373&#8243;]</p>
<hr />
<p>Amb el suport de:</p>
<p><a href="https://www.editorialelpirata.com/wp-content/uploads/2024/11/Logo-icec.jpg"><img decoding="async" class="alignnone wp-image-100854 size-medium" src="https://www.editorialelpirata.com/wp-content/uploads/2024/11/Logo-icec-300x45.jpg" alt="Logo icec complert" width="300" height="45" title=""></a>[/vc_column_text][/vc_column][/vc_row]</p>
</div>

<h2>Cap a l&#8217;adolescència</h2>
<p>Guia de positivitat corporal i dels canvis al cos i en les emocions.</p>
<h3></h3>
<p>.</p>
<p>Autora: Barbara Pietruszczak</p>
<p>Il·lustradora: Anna Rudak</p>
