{"id":97568,"date":"2023-09-14T13:46:00","date_gmt":"2023-09-14T13:46:00","guid":{"rendered":"https:\/\/www.editorialelpirata.com\/?post_type=product&#038;p=97568"},"modified":"2025-01-24T23:17:35","modified_gmt":"2025-01-24T23:17:35","slug":"es-lhora-del-bany","status":"publish","type":"product","link":"https:\/\/www.editorialelpirata.com\/ca\/Producte\/es-lhora-del-bany\/","title":{"rendered":"\u00c9S L\u2019HORA DEL BANY"},"content":{"rendered":"<div class=\"wpb-content-wrapper\"><p>[vc_row][vc_column][vc_column_text uncode_shortcode_id=&#8221;137709&#8243;]<em>\u00c9s l\u2019hora del bany<\/em> \u00e9s un <strong>llibre interactiu per a beb\u00e8s de 0 a 36 mesos<\/strong>, amb tinta m\u00e0gica per a la banyera. Els infants descobriran un munt d\u2019animals marins quan mullin les p\u00e0gines amb aigua. Converteix l\u2019hora del bany en un espectacle de colors!<\/p>\n<p>\u00c9s un conte estimulant perfecte per acompanyar els beb\u00e8s dins la banyera perqu\u00e8:<\/p>\n<ul>\n<li>\u00b7 La <strong>tinta m\u00e0gica<\/strong> estimula la curiositat i la imaginaci\u00f3 dels nadons.<\/li>\n<li>\u00b7 Els <strong>colors en alt contrast<\/strong> fomenten el joc, la participaci\u00f3 i la diversi\u00f3 a l\u2019hora del bany.<\/li>\n<li>\u00b7 L\u2019<strong>objecte sonor<\/strong> de la coberta ajuda a millorar la cognici\u00f3 auditiva de l\u2019infant.<\/li>\n<\/ul>\n<p>El conte est\u00e0 plastificat i fet amb <strong>materials totalment segurs per a beb\u00e8s<\/strong>. Si es deixa assecar, s\u2019hi pot jugar una vegada i una altra! La mida del conte, 13 x 13 cm, \u00e9s perfecta per a les mans m\u00e9s petites.<\/p>\n<p>\u00c9s el regal ideal per a nadons de 0 a 36 mesos.<\/p>\n<p>&nbsp;<\/p>\n<p>Descobreix m\u00e9s llibres per a beb\u00e8s d\u2019Edicions del Pirata:<\/p>\n<ul>\n<li>\u00b7 <a href=\"https:\/\/www.edicionsdelpirata.cat\/producte\/qui-amaga-llibre-tela-solapes\/\" target=\"_blank\" rel=\"noopener\">Qui s&#8217;amaga?<\/a><\/li>\n<li>\u00b7 <a href=\"https:\/\/www.edicionsdelpirata.cat\/producte\/dormir-ovelleta-conte-tela-nadons\/\" target=\"_blank\" rel=\"noopener\">A dormir, Ovelleta<\/a><\/li>\n<li>\u00b7 <a href=\"https:\/\/www.edicionsdelpirata.cat\/producte\/meus-primers-contes-bebe-llibres-interactius\/\" target=\"_blank\" rel=\"noopener\">Els meus primers contes de beb\u00e8: Tres contes interactius per a nadons<\/a><\/li>\n<li><a href=\"https:\/\/www.edicionsdelpirata.cat\/producte\/mini-llibres-primeres-paraules\/\" target=\"_blank\" rel=\"noopener\">\u00b7 Les meves primeres paraules<\/a><\/li>\n<li><a href=\"https:\/\/www.edicionsdelpirata.cat\/producte\/minillibres-jugar-aprendre\/\" target=\"_blank\" rel=\"noopener\">\u00b7 Minillibres per a jugar i aprendre<\/a><\/li>\n<\/ul>\n<p>[\/vc_column_text][vc_column_text uncode_shortcode_id=&#8221;142453&#8243;]<\/p>\n<blockquote><p><strong>Erase_una_vez_librosymas:<\/strong> &#8220;\u00c9s un llibre sensorial amb textures i solapes f\u00e0cil de rentar. Ideal per a sortides, l&#8217;hora de menjar o una estoneta a la manta de jugar.&#8221;<\/p><\/blockquote>\n<p>[\/vc_column_text][\/vc_column][\/vc_row][vc_row][vc_column width=&#8221;1\/1&#8243;][vc_column_text uncode_shortcode_id=&#8221;172140&#8243;]<\/p>\n<hr \/>\n<p>Amb el suport de:<\/p>\n<p><a href=\"https:\/\/www.edicionsdelpirata.cat\/wp-content\/uploads\/2017\/02\/cultura_generalitat.jpg\" target=\"_blank\" rel=\"noopener\"><img decoding=\"async\" class=\"alignnone wp-image-5715\" src=\"https:\/\/www.edicionsdelpirata.cat\/wp-content\/uploads\/2017\/02\/cultura_generalitat.jpg\" alt=\"\" width=\"218\" height=\"58\" title=\"\"><\/a>[\/vc_column_text][\/vc_column][\/vc_row]<\/p>\n<\/div>","protected":false},"excerpt":{"rendered":"<h2>Conte per a la banyera<\/h2>\n<p>Un llibre interactiu per a beb\u00e8s de 0 a 36 mesos, amb tinta m\u00e0gica per a la banyera.<\/p>\n<p>Il\u00b7lustradora: <a href=\"https:\/\/www.edicionsdelpirata.cat\/alicia-teba\/\" target=\"_blank\" rel=\"noopener\">Alicia Teba<\/a><\/p>\n","protected":false},"featured_media":97575,"template":"","meta":[],"product_brand":[],"product_cat":[2955,3150,2354],"product_tag":[2810,2814,2888,2898,2961,2962,2963],"class_list":{"0":"post-97568","1":"product","2":"type-product","3":"status-publish","4":"has-post-thumbnail","6":"product_cat-llibres-de-tela-per-bebes-2","7":"product_cat-llibres-joc-ca","8":"product_cat-novetats","9":"product_tag-contes-per-a-nadons-ca","10":"product_tag-regals-per-a-nens-ca","11":"product_tag-contes-bebes-ca","12":"product_tag-llibres-bebes-ca","13":"product_tag-conte-banyera-ca","14":"product_tag-contes-bebes-catala-ca","15":"product_tag-contes-nadons-banyera-ca","16":"product_shipping_class-envio-estandar-ca","18":"first","19":"instock","20":"featured","21":"shipping-taxable","22":"purchasable","23":"product-type-variable","24":"has-default-attributes","25":"woocommerce-product-gallery--with-variation-gallery product-gallery-placeholder"},"_links":{"self":[{"href":"https:\/\/www.editorialelpirata.com\/ca\/wp-json\/wp\/v2\/product\/97568","targetHints":{"allow":["GET"]}}],"collection":[{"href":"https:\/\/www.editorialelpirata.com\/ca\/wp-json\/wp\/v2\/product"}],"about":[{"href":"https:\/\/www.editorialelpirata.com\/ca\/wp-json\/wp\/v2\/types\/product"}],"wp:featuredmedia":[{"embeddable":true,"href":"https:\/\/www.editorialelpirata.com\/ca\/wp-json\/wp\/v2\/media\/97575"}],"wp:attachment":[{"href":"https:\/\/www.editorialelpirata.com\/ca\/wp-json\/wp\/v2\/media?parent=97568"}],"wp:term":[{"taxonomy":"product_brand","embeddable":true,"href":"https:\/\/www.editorialelpirata.com\/ca\/wp-json\/wp\/v2\/product_brand?post=97568"},{"taxonomy":"product_cat","embeddable":true,"href":"https:\/\/www.editorialelpirata.com\/ca\/wp-json\/wp\/v2\/product_cat?post=97568"},{"taxonomy":"product_tag","embeddable":true,"href":"https:\/\/www.editorialelpirata.com\/ca\/wp-json\/wp\/v2\/product_tag?post=97568"}],"curies":[{"name":"wp","href":"https:\/\/api.w.org\/{rel}","templated":true}]}}

ÉS L’HORA DEL BANY

<div class="wpb-content-wrapper"><p>[vc_row][vc_column][vc_column_text uncode_shortcode_id=&#8221;137709&#8243;]<em>És l’hora del bany</em> és un <strong>llibre interactiu per a bebès de 0 a 36 mesos</strong>, amb tinta màgica per a la banyera. Els infants descobriran un munt d’animals marins quan mullin les pàgines amb aigua. Converteix l’hora del bany en un espectacle de colors!</p>
<p>És un conte estimulant perfecte per acompanyar els bebès dins la banyera perquè:</p>
<ul>
<li>· La <strong>tinta màgica</strong> estimula la curiositat i la imaginació dels nadons.</li>
<li>· Els <strong>colors en alt contrast</strong> fomenten el joc, la participació i la diversió a l’hora del bany.</li>
<li>· L’<strong>objecte sonor</strong> de la coberta ajuda a millorar la cognició auditiva de l’infant.</li>
</ul>
<p>El conte està plastificat i fet amb <strong>materials totalment segurs per a bebès</strong>. Si es deixa assecar, s’hi pot jugar una vegada i una altra! La mida del conte, 13 x 13 cm, és perfecta per a les mans més petites.</p>
<p>És el regal ideal per a nadons de 0 a 36 mesos.</p>
<p>&nbsp;</p>
<p>Descobreix més llibres per a bebès d’Edicions del Pirata:</p>
<ul>
<li>· <a href="https://www.edicionsdelpirata.cat/producte/qui-amaga-llibre-tela-solapes/" target="_blank" rel="noopener">Qui s&#8217;amaga?</a></li>
<li>· <a href="https://www.edicionsdelpirata.cat/producte/dormir-ovelleta-conte-tela-nadons/" target="_blank" rel="noopener">A dormir, Ovelleta</a></li>
<li>· <a href="https://www.edicionsdelpirata.cat/producte/meus-primers-contes-bebe-llibres-interactius/" target="_blank" rel="noopener">Els meus primers contes de bebè: Tres contes interactius per a nadons</a></li>
<li><a href="https://www.edicionsdelpirata.cat/producte/mini-llibres-primeres-paraules/" target="_blank" rel="noopener">· Les meves primeres paraules</a></li>
<li><a href="https://www.edicionsdelpirata.cat/producte/minillibres-jugar-aprendre/" target="_blank" rel="noopener">· Minillibres per a jugar i aprendre</a></li>
</ul>
<p>[/vc_column_text][vc_column_text uncode_shortcode_id=&#8221;142453&#8243;]</p>
<blockquote><p><strong>Erase_una_vez_librosymas:</strong> &#8220;És un llibre sensorial amb textures i solapes fàcil de rentar. Ideal per a sortides, l&#8217;hora de menjar o una estoneta a la manta de jugar.&#8221;</p></blockquote>
<p>[/vc_column_text][/vc_column][/vc_row][vc_row][vc_column width=&#8221;1/1&#8243;][vc_column_text uncode_shortcode_id=&#8221;172140&#8243;]</p>
<hr />
<p>Amb el suport de:</p>
<p><a href="https://www.edicionsdelpirata.cat/wp-content/uploads/2017/02/cultura_generalitat.jpg" target="_blank" rel="noopener"><img decoding="async" class="alignnone wp-image-5715" src="https://www.edicionsdelpirata.cat/wp-content/uploads/2017/02/cultura_generalitat.jpg" alt="" width="218" height="58" title=""></a>[/vc_column_text][/vc_column][/vc_row]</p>
</div>

<h2>Conte per a la banyera</h2>
<p>Un llibre interactiu per a bebès de 0 a 36 mesos, amb tinta màgica per a la banyera.</p>
<p>Il·lustradora: <a href="https://www.edicionsdelpirata.cat/alicia-teba/" target="_blank" rel="noopener">Alicia Teba</a></p>
