{"id":97501,"date":"2024-09-19T16:44:54","date_gmt":"2024-09-19T16:44:54","guid":{"rendered":"https:\/\/www.editorialelpirata.com\/?post_type=product&#038;p=97501"},"modified":"2025-03-05T14:53:50","modified_gmt":"2025-03-05T14:53:50","slug":"llibres-per-a-nens-6-anys","status":"publish","type":"product","link":"https:\/\/www.editorialelpirata.com\/ca\/Producte\/llibres-per-a-nens-6-anys\/","title":{"rendered":"LLIBRES PER A NENS 6 ANYS"},"content":{"rendered":"<div class=\"wpb-content-wrapper\"><p>[vc_row][vc_column][vc_row_inner limit_content=&#8221;&#8221;][vc_column_inner width=&#8221;1\/1&#8243;][vc_custom_heading uncode_shortcode_id=&#8221;154107&#8243;]<\/p>\n<div class=\"vc_custom_heading_wrap \">\n<div class=\"heading-text el-text\">\n<h2 class=\"h1\">Llibres per a nens 6 anys<\/h2>\n<\/div>\n<\/div>\n<p>[\/vc_custom_heading][\/vc_column_inner][\/vc_row_inner][vc_row_inner limit_content=&#8221;&#8221;][vc_column_inner width=&#8221;1\/1&#8243;][vc_column_text uncode_shortcode_id=&#8221;141431&#8243;]Descobreix tres contes molt diferents:<\/p>\n<ul>\n<li><strong>El drac Pasqual descobreix Europa<\/strong>: Un conte en lletra lligada de la col\u00b7lecci\u00f3 \u00abEl drac Pasqual descobreix el m\u00f3n\u00bb, en qu\u00e8 el simp\u00e0tic drac recorre Europa i ajuda als seus amics.<\/li>\n<li><strong>Un conte per la pau. Les botes del general<\/strong>: Un conte en lletra maj\u00fascula que mostra el valor de la pau i que sempre s\u2019ha d\u2019actuar segons all\u00f2 que ens sembla correcte.<\/li>\n<li><strong>L&#8217;Ot el Bruixot llegeix un conte<\/strong>: Un conte biling\u00fce de l\u2019Ot el Bruixot en catal\u00e0 i angl\u00e8s, en qu\u00e8 l\u2019Ot llegeix un llibre acompanyat de la seva m\u00e0gia mentre aprenem angl\u00e8s.<\/li>\n<\/ul>\n<h2>Ideal per a regals a nens de 6 anys!<\/h2>\n<p>Els contes permeten treballar els seg\u00fcents valors:<\/p>\n<ul>\n<li><strong>PACIFISME I ACTUAR SEGONS CORRESPONGUI <\/strong><\/li>\n<li><strong>AMISTAT I COL\u00b7LABORACI\u00d3<\/strong><\/li>\n<li><strong>CONEIXEMENT DEL CANVI CLIM\u00c0TIC<\/strong><\/li>\n<li><strong>FER VOLAR LA IMAGINACI\u00d3<\/strong><\/li>\n<\/ul>\n<p>&nbsp;<\/p>\n<h3 style=\"text-align: center;\"><a href=\"https:\/\/www.editorialelpirata.com\/ca\/pack-llibres-contes-infantils\/\" target=\"_blank\" rel=\"noopener\">Packs de llibres segons edats<\/a><\/h3>\n<p>[\/vc_column_text][\/vc_column_inner][\/vc_row_inner][vc_row_inner limit_content=&#8221;&#8221;][vc_column_inner column_width_percent=&#8221;100&#8243; align_horizontal=&#8221;align_center&#8221; gutter_size=&#8221;3&#8243; overlay_alpha=&#8221;50&#8243; shift_x=&#8221;0&#8243; shift_y=&#8221;0&#8243; shift_y_down=&#8221;0&#8243; z_index=&#8221;0&#8243; medium_width=&#8221;0&#8243; mobile_width=&#8221;0&#8243; width=&#8221;1\/3&#8243; uncode_shortcode_id=&#8221;307366&#8243;][vc_single_image media=&#8221;98307&#8243; media_width_percent=&#8221;100&#8243; uncode_shortcode_id=&#8221;133619&#8243; media_link=&#8221;url:https%3A%2F%2Fwww.editorialelpirata.com%2Fca%2Fproducto%2Fdrac-pasqual-descobreix-europa-llibres-6-anys%2F|title:El%20drac%20Pasqual%20descobreix%20Europa|target:_blank&#8221;][vc_button border_width=&#8221;0&#8243; link=&#8221;url:https%3A%2F%2Fwww.editorialelpirata.com%2Fca%2Fproducto%2Fdrac-pasqual-descobreix-europa-llibres-6-anys%2F|title:El%20drac%20Pasqual%20descobreix%20Europa|target:_blank&#8221; uncode_shortcode_id=&#8221;139718&#8243;]NOM\u00c9S VULL AQUEST[\/vc_button][\/vc_column_inner][vc_column_inner column_width_percent=&#8221;100&#8243; align_horizontal=&#8221;align_center&#8221; gutter_size=&#8221;3&#8243; overlay_alpha=&#8221;50&#8243; shift_x=&#8221;0&#8243; shift_y=&#8221;0&#8243; shift_y_down=&#8221;0&#8243; z_index=&#8221;0&#8243; medium_width=&#8221;0&#8243; mobile_width=&#8221;0&#8243; width=&#8221;1\/3&#8243; uncode_shortcode_id=&#8221;188431&#8243;][vc_single_image media=&#8221;99285&#8243; media_width_percent=&#8221;100&#8243; uncode_shortcode_id=&#8221;204869&#8243; media_link=&#8221;url:%20https%3A%2F%2Fwww.editorialelpirata.com%2Fca%2Fproducto%2Fun-conte-per-la-pau-les-botes-del-general%2F|title:Les%20botes%20del%20general|target:_blank&#8221;][vc_button border_width=&#8221;0&#8243; link=&#8221;url:https%3A%2F%2Fwww.editorialelpirata.com%2Fca%2Fproducto%2Fun-conte-per-la-pau-les-botes-del-general%2F|title:Les%20botes%20del%20general|target:_blank&#8221; uncode_shortcode_id=&#8221;563487&#8243;]NOM\u00c9S VULL AQUEST[\/vc_button][\/vc_column_inner][vc_column_inner column_width_percent=&#8221;100&#8243; align_horizontal=&#8221;align_center&#8221; gutter_size=&#8221;3&#8243; overlay_alpha=&#8221;50&#8243; shift_x=&#8221;0&#8243; shift_y=&#8221;0&#8243; shift_y_down=&#8221;0&#8243; z_index=&#8221;0&#8243; medium_width=&#8221;0&#8243; mobile_width=&#8221;0&#8243; width=&#8221;1\/3&#8243; uncode_shortcode_id=&#8221;187630&#8243;][vc_single_image media=&#8221;99387&#8243; media_width_percent=&#8221;100&#8243; uncode_shortcode_id=&#8221;142539&#8243; media_link=&#8221;url:https%3A%2F%2Fwww.editorialelpirata.com%2Fca%2Fproducto%2Flot-el-bruixot-llegeix-un-conte-ot-the-wizard-reads-a-story%2F|title:L&#8217;Ot%20el%20Bruixot%20llegeix%20un%20conte|target:_blank&#8221;][vc_button border_width=&#8221;0&#8243; link=&#8221;url:https%3A%2F%2Fwww.editorialelpirata.com%2Fca%2Fproducto%2Flot-el-bruixot-llegeix-un-conte-ot-the-wizard-reads-a-story%2F|title:L&#8217;Ot%20el%20Bruixot%20llegeix%20un%20conte|target:_blank&#8221; uncode_shortcode_id=&#8221;100492&#8243;]NOM\u00c9S VULL AQUEST[\/vc_button][\/vc_column_inner][\/vc_row_inner][\/vc_column][\/vc_row]<\/p>\n<\/div>","protected":false},"excerpt":{"rendered":"<div>\n<div>\n<h2>Lot de llibres infantils perfecte per regalar a nens i nenes de 6 anys<\/h2>\n<\/div>\n<\/div>\n<div>\n<h3>Inclou tres contes il\u00b7lustrats amb valors i molta diversi\u00f3<\/h3>\n<\/div>\n","protected":false},"featured_media":97502,"template":"","meta":[],"product_brand":[],"product_cat":[2396,2442],"product_tag":[2444,2447,2448,2881,2981],"class_list":{"0":"post-97501","1":"product","2":"type-product","3":"status-publish","4":"has-post-thumbnail","6":"product_cat-lots","7":"product_cat-packs","8":"product_tag-regal","9":"product_tag-regalar-nens","10":"product_tag-6-anys","11":"product_tag-contes-infantils-ca","12":"product_tag-pack-ca","14":"first","15":"instock","16":"shipping-taxable","17":"purchasable","18":"product-type-simple"},"_links":{"self":[{"href":"https:\/\/www.editorialelpirata.com\/ca\/wp-json\/wp\/v2\/product\/97501","targetHints":{"allow":["GET"]}}],"collection":[{"href":"https:\/\/www.editorialelpirata.com\/ca\/wp-json\/wp\/v2\/product"}],"about":[{"href":"https:\/\/www.editorialelpirata.com\/ca\/wp-json\/wp\/v2\/types\/product"}],"wp:featuredmedia":[{"embeddable":true,"href":"https:\/\/www.editorialelpirata.com\/ca\/wp-json\/wp\/v2\/media\/97502"}],"wp:attachment":[{"href":"https:\/\/www.editorialelpirata.com\/ca\/wp-json\/wp\/v2\/media?parent=97501"}],"wp:term":[{"taxonomy":"product_brand","embeddable":true,"href":"https:\/\/www.editorialelpirata.com\/ca\/wp-json\/wp\/v2\/product_brand?post=97501"},{"taxonomy":"product_cat","embeddable":true,"href":"https:\/\/www.editorialelpirata.com\/ca\/wp-json\/wp\/v2\/product_cat?post=97501"},{"taxonomy":"product_tag","embeddable":true,"href":"https:\/\/www.editorialelpirata.com\/ca\/wp-json\/wp\/v2\/product_tag?post=97501"}],"curies":[{"name":"wp","href":"https:\/\/api.w.org\/{rel}","templated":true}]}}

<div class="wpb-content-wrapper"><p>[vc_row][vc_column][vc_row_inner limit_content=&#8221;&#8221;][vc_column_inner width=&#8221;1/1&#8243;][vc_custom_heading uncode_shortcode_id=&#8221;154107&#8243;]</p>
<div class="vc_custom_heading_wrap ">
<div class="heading-text el-text">
<h2 class="h1">Llibres per a nens 6 anys</h2>
</div>
</div>
<p>[/vc_custom_heading][/vc_column_inner][/vc_row_inner][vc_row_inner limit_content=&#8221;&#8221;][vc_column_inner width=&#8221;1/1&#8243;][vc_column_text uncode_shortcode_id=&#8221;141431&#8243;]Descobreix tres contes molt diferents:</p>
<ul>
<li><strong>El drac Pasqual descobreix Europa</strong>: Un conte en lletra lligada de la col·lecció «El drac Pasqual descobreix el món», en què el simpàtic drac recorre Europa i ajuda als seus amics.</li>
<li><strong>Un conte per la pau. Les botes del general</strong>: Un conte en lletra majúscula que mostra el valor de la pau i que sempre s’ha d’actuar segons allò que ens sembla correcte.</li>
<li><strong>L&#8217;Ot el Bruixot llegeix un conte</strong>: Un conte bilingüe de l’Ot el Bruixot en català i anglès, en què l’Ot llegeix un llibre acompanyat de la seva màgia mentre aprenem anglès.</li>
</ul>
<h2>Ideal per a regals a nens de 6 anys!</h2>
<p>Els contes permeten treballar els següents valors:</p>
<ul>
<li><strong>PACIFISME I ACTUAR SEGONS CORRESPONGUI </strong></li>
<li><strong>AMISTAT I COL·LABORACIÓ</strong></li>
<li><strong>CONEIXEMENT DEL CANVI CLIMÀTIC</strong></li>
<li><strong>FER VOLAR LA IMAGINACIÓ</strong></li>
</ul>
<p>&nbsp;</p>
<h3 style="text-align: center;"><a href="https://www.editorialelpirata.com/ca/pack-llibres-contes-infantils/" target="_blank" rel="noopener">Packs de llibres segons edats</a></h3>
<p>[/vc_column_text][/vc_column_inner][/vc_row_inner][vc_row_inner limit_content=&#8221;&#8221;][vc_column_inner column_width_percent=&#8221;100&#8243; align_horizontal=&#8221;align_center&#8221; gutter_size=&#8221;3&#8243; overlay_alpha=&#8221;50&#8243; shift_x=&#8221;0&#8243; shift_y=&#8221;0&#8243; shift_y_down=&#8221;0&#8243; z_index=&#8221;0&#8243; medium_width=&#8221;0&#8243; mobile_width=&#8221;0&#8243; width=&#8221;1/3&#8243; uncode_shortcode_id=&#8221;307366&#8243;][vc_single_image media=&#8221;98307&#8243; media_width_percent=&#8221;100&#8243; uncode_shortcode_id=&#8221;133619&#8243; media_link=&#8221;url:https%3A%2F%2Fwww.editorialelpirata.com%2Fca%2Fproducto%2Fdrac-pasqual-descobreix-europa-llibres-6-anys%2F|title:El%20drac%20Pasqual%20descobreix%20Europa|target:_blank&#8221;][vc_button border_width=&#8221;0&#8243; link=&#8221;url:https%3A%2F%2Fwww.editorialelpirata.com%2Fca%2Fproducto%2Fdrac-pasqual-descobreix-europa-llibres-6-anys%2F|title:El%20drac%20Pasqual%20descobreix%20Europa|target:_blank&#8221; uncode_shortcode_id=&#8221;139718&#8243;]NOMÉS VULL AQUEST[/vc_button][/vc_column_inner][vc_column_inner column_width_percent=&#8221;100&#8243; align_horizontal=&#8221;align_center&#8221; gutter_size=&#8221;3&#8243; overlay_alpha=&#8221;50&#8243; shift_x=&#8221;0&#8243; shift_y=&#8221;0&#8243; shift_y_down=&#8221;0&#8243; z_index=&#8221;0&#8243; medium_width=&#8221;0&#8243; mobile_width=&#8221;0&#8243; width=&#8221;1/3&#8243; uncode_shortcode_id=&#8221;188431&#8243;][vc_single_image media=&#8221;99285&#8243; media_width_percent=&#8221;100&#8243; uncode_shortcode_id=&#8221;204869&#8243; media_link=&#8221;url:%20https%3A%2F%2Fwww.editorialelpirata.com%2Fca%2Fproducto%2Fun-conte-per-la-pau-les-botes-del-general%2F|title:Les%20botes%20del%20general|target:_blank&#8221;][vc_button border_width=&#8221;0&#8243; link=&#8221;url:https%3A%2F%2Fwww.editorialelpirata.com%2Fca%2Fproducto%2Fun-conte-per-la-pau-les-botes-del-general%2F|title:Les%20botes%20del%20general|target:_blank&#8221; uncode_shortcode_id=&#8221;563487&#8243;]NOMÉS VULL AQUEST[/vc_button][/vc_column_inner][vc_column_inner column_width_percent=&#8221;100&#8243; align_horizontal=&#8221;align_center&#8221; gutter_size=&#8221;3&#8243; overlay_alpha=&#8221;50&#8243; shift_x=&#8221;0&#8243; shift_y=&#8221;0&#8243; shift_y_down=&#8221;0&#8243; z_index=&#8221;0&#8243; medium_width=&#8221;0&#8243; mobile_width=&#8221;0&#8243; width=&#8221;1/3&#8243; uncode_shortcode_id=&#8221;187630&#8243;][vc_single_image media=&#8221;99387&#8243; media_width_percent=&#8221;100&#8243; uncode_shortcode_id=&#8221;142539&#8243; media_link=&#8221;url:https%3A%2F%2Fwww.editorialelpirata.com%2Fca%2Fproducto%2Flot-el-bruixot-llegeix-un-conte-ot-the-wizard-reads-a-story%2F|title:L&#8217;Ot%20el%20Bruixot%20llegeix%20un%20conte|target:_blank&#8221;][vc_button border_width=&#8221;0&#8243; link=&#8221;url:https%3A%2F%2Fwww.editorialelpirata.com%2Fca%2Fproducto%2Flot-el-bruixot-llegeix-un-conte-ot-the-wizard-reads-a-story%2F|title:L&#8217;Ot%20el%20Bruixot%20llegeix%20un%20conte|target:_blank&#8221; uncode_shortcode_id=&#8221;100492&#8243;]NOMÉS VULL AQUEST[/vc_button][/vc_column_inner][/vc_row_inner][/vc_column][/vc_row]</p>
</div>

<div>
<div>
<h2>Lot de llibres infantils perfecte per regalar a nens i nenes de 6 anys</h2>
</div>
</div>
<div>
<h3>Inclou tres contes il·lustrats amb valors i molta diversió</h3>
</div>
