{"id":97396,"date":"2022-06-14T17:00:58","date_gmt":"2022-06-14T17:00:58","guid":{"rendered":"https:\/\/www.editorialelpirata.com\/?post_type=product&#038;p=97396"},"modified":"2025-04-15T09:22:53","modified_gmt":"2025-04-15T09:22:53","slug":"los-del-cul-gros","status":"publish","type":"product","link":"https:\/\/www.editorialelpirata.com\/ca\/Producte\/los-del-cul-gros\/","title":{"rendered":"L&#8217;OS DEL CUL GROS"},"content":{"rendered":"<div class=\"wpb-content-wrapper\"><p>[vc_row][vc_column][vc_column_text uncode_shortcode_id=&#8221;161976&#8243;]<\/p>\n<h1>Conte inclusiu i\u00a0divertit\u00a0amb un os molt amist\u00f3s<\/h1>\n<p>Est\u00e0s a punt per descobrir la divertida hist\u00f2ria de l\u2019Os? Amb <em>L\u2019os del cul gros<\/em>, els nens i les nenes s\u2019ho passaran d\u2019all\u00f2 m\u00e9s b\u00e9 mentre aprendran que <strong>ser diferent no \u00e9s dolent<\/strong>, sin\u00f3 que de vegades et pot treure d\u2019un embolic i tot! Aquest conte est\u00e0 recomanat per a infants a partir de <strong>3 anys<\/strong>.<\/p>\n<p>&nbsp;<\/p>\n<p>Aquesta \u00e9s la hist\u00f2ria de l\u2019Os, un animal molt dol\u00e7 i simp\u00e0tic que era amic de tots els animals del bosc, per\u00f2 que per culpa del seu cul tan i tan gros sempre es posava en grans embolics. No deixava lloc als altres per seure, ho tirava tot al terra quan es girava i, si no anava amb compte quan caminava, podia aixafar qualsevol que passava per all\u00e0. Qu\u00e8 podia fer l\u2019Os perqu\u00e8 els seus amics no s\u2019enfadessin amb ell i el seu cul gros?[\/vc_column_text][\/vc_column][\/vc_row][vc_row][vc_column column_width_percent=&#8221;100&#8243; align_horizontal=&#8221;align_center&#8221; gutter_size=&#8221;3&#8243; overlay_alpha=&#8221;50&#8243; shift_x=&#8221;0&#8243; shift_y=&#8221;0&#8243; shift_y_down=&#8221;0&#8243; z_index=&#8221;0&#8243; medium_width=&#8221;0&#8243; mobile_width=&#8221;0&#8243; width=&#8221;1\/1&#8243; uncode_shortcode_id=&#8221;584482&#8243;][vc_raw_html]JTNDaWZyYW1lJTIwd2lkdGglM0QlMjI2MjBweCUyMiUyMGhlaWdodCUzRCUyMjQwMHB4JTIyJTIwc3JjJTNEJTIyaHR0cHMlM0ElMkYlMkZ3d3cueXVtcHUuY29tJTJGeHglMkZlbWJlZCUyRnZpZXclMkZ3QkdTeEtndEQzdXBmaFdqJTIyJTIwZnJhbWVib3JkZXIlM0QlMjIwJTIyJTIwYWxsb3dmdWxsc2NyZWVuJTNEJTIydHJ1ZSUyMiUyMCUyMGFsbG93dHJhbnNwYXJlbmN5JTNEJTIydHJ1ZSUyMiUzRSUzQyUyRmlmcmFtZSUzRQ==[\/vc_raw_html][\/vc_column][\/vc_row][vc_row][vc_column column_width_percent=&#8221;100&#8243; align_horizontal=&#8221;align_center&#8221; gutter_size=&#8221;3&#8243; overlay_alpha=&#8221;50&#8243; shift_x=&#8221;0&#8243; shift_y=&#8221;0&#8243; shift_y_down=&#8221;0&#8243; z_index=&#8221;0&#8243; medium_width=&#8221;0&#8243; mobile_width=&#8221;0&#8243; width=&#8221;1\/1&#8243; uncode_shortcode_id=&#8221;430530&#8243;][vc_column_text uncode_shortcode_id=&#8221;657556&#8243;]<\/p>\n<hr \/>\n<h2 style=\"text-align: left;\">CR\u00cdTIQUES:<\/h2>\n<blockquote>\n<p style=\"text-align: left;\"><strong>Miriespacioal:<\/strong> &#8220;Un llibre divertid\u00edssim per treballar la diversitat com a riquesa, perqu\u00e8 tots som diferents i tots tenim alguna cosa a aportar.&#8221;<\/p>\n<p style=\"text-align: left;\"><strong>Carmenmateo_psi:<\/strong> &#8220;Una hist\u00f2ria boja i divertida que ens parla de l&#8217;acceptaci\u00f3 de les difer\u00e8ncies, d&#8217;amistat i de perd\u00f3 a trav\u00e9s d&#8217;un tema que sempre agrada als petits: els culs. Amb unes il\u00b7lustracions genials en tons tardorencs i plenes d&#8217;expressivitat, com acostuma a ser habitual en la seva autora, i un text en moviment amb paraules destacades que aporten encara m\u00e9s ritme a la hist\u00f2ria.&#8221;<\/p>\n<p style=\"text-align: left;\"><strong>Ratets_i_contes:<\/strong> &#8220;Una hist\u00f2ria d&#8217;amistat, rimada i emmarcada amb unes il\u00b7lustracions fant\u00e0stiques, per saber veure-hi m\u00e9s enll\u00e0 de l&#8217;aspecte f\u00edsic de cadasc\u00fa i tamb\u00e9 estimar-te tal i com ets.&#8221;<\/p>\n<\/blockquote>\n<p>[\/vc_column_text][\/vc_column][\/vc_row][vc_row][vc_column width=&#8221;1\/1&#8243;][vc_column_text uncode_shortcode_id=&#8221;181112&#8243;]<\/p>\n<hr \/>\n<p>Amb el suport de:<\/p>\n<p><a href=\"https:\/\/www.editorialelpirata.com\/wp-content\/uploads\/2024\/09\/cultura_generalitat.jpg\"><img decoding=\"async\" class=\"alignnone size-full wp-image-97863\" src=\"https:\/\/www.editorialelpirata.com\/wp-content\/uploads\/2024\/09\/cultura_generalitat.jpg\" alt=\"\" width=\"300\" height=\"80\" title=\"\" srcset=\"https:\/\/www.editorialelpirata.com\/wp-content\/uploads\/2024\/09\/cultura_generalitat.jpg 300w, https:\/\/www.editorialelpirata.com\/wp-content\/uploads\/2024\/09\/cultura_generalitat-64x17.jpg 64w\" sizes=\"(max-width: 300px) 100vw, 300px\" \/><\/a>[\/vc_column_text][\/vc_column][\/vc_row]<\/p>\n<\/div>","protected":false},"excerpt":{"rendered":"<h2>Nou conte d&#8217;Steve Smallman inclusiu, rimat i molt divertit sobre un os d&#8217;all\u00f2 m\u00e9s maldestre<\/h2>\n<p class=\"p1\">Recomanat a partir de 3 anys.<\/p>\n<p>&nbsp;<\/p>\n<p>Autor: Steve Smallman<\/p>\n<p>Il\u00b7lustradora: Emma Yarlett<\/p>\n","protected":false},"featured_media":98868,"template":"","meta":[],"product_brand":[],"product_cat":[2865,2866,2117,2123,2330,2334,2344,2354,2356,2432],"product_tag":[2881,2968,2969,3017,3018,3157,3170],"class_list":{"0":"post-97396","1":"product","2":"type-product","3":"status-publish","4":"has-post-thumbnail","6":"product_cat-steve-smallman","7":"product_cat-emma-yarlett","8":"product_cat-llibres-per-6-anys","9":"product_cat-tots-els-llibres","10":"product_cat-albums-illustrats","11":"product_cat-albums-illustrats-6-anys","12":"product_cat-llibres-de-3-a-6-anys","13":"product_cat-novetats","14":"product_cat-contes-2-a-5-anys","15":"product_cat-llibres-nens-animals","16":"product_tag-contes-infantils-ca","17":"product_tag-llibres-3-a-6-anys-ca","18":"product_tag-llibres-infantils-humor-ca","19":"product_tag-contes-divertits-animals-ca","20":"product_tag-contes-rimats-ca","21":"product_tag-llibres-nens-ca-2","22":"product_tag-libro-3-anos","24":"first","25":"instock","26":"featured","27":"shipping-taxable","28":"purchasable","29":"product-type-variable","30":"has-default-attributes"},"_links":{"self":[{"href":"https:\/\/www.editorialelpirata.com\/ca\/wp-json\/wp\/v2\/product\/97396","targetHints":{"allow":["GET"]}}],"collection":[{"href":"https:\/\/www.editorialelpirata.com\/ca\/wp-json\/wp\/v2\/product"}],"about":[{"href":"https:\/\/www.editorialelpirata.com\/ca\/wp-json\/wp\/v2\/types\/product"}],"wp:featuredmedia":[{"embeddable":true,"href":"https:\/\/www.editorialelpirata.com\/ca\/wp-json\/wp\/v2\/media\/98868"}],"wp:attachment":[{"href":"https:\/\/www.editorialelpirata.com\/ca\/wp-json\/wp\/v2\/media?parent=97396"}],"wp:term":[{"taxonomy":"product_brand","embeddable":true,"href":"https:\/\/www.editorialelpirata.com\/ca\/wp-json\/wp\/v2\/product_brand?post=97396"},{"taxonomy":"product_cat","embeddable":true,"href":"https:\/\/www.editorialelpirata.com\/ca\/wp-json\/wp\/v2\/product_cat?post=97396"},{"taxonomy":"product_tag","embeddable":true,"href":"https:\/\/www.editorialelpirata.com\/ca\/wp-json\/wp\/v2\/product_tag?post=97396"}],"curies":[{"name":"wp","href":"https:\/\/api.w.org\/{rel}","templated":true}]}}

<div class="wpb-content-wrapper"><p>[vc_row][vc_column][vc_column_text uncode_shortcode_id=&#8221;161976&#8243;]</p>
<h1>Conte inclusiu i divertit amb un os molt amistós</h1>
<p>Estàs a punt per descobrir la divertida història de l’Os? Amb <em>L’os del cul gros</em>, els nens i les nenes s’ho passaran d’allò més bé mentre aprendran que <strong>ser diferent no és dolent</strong>, sinó que de vegades et pot treure d’un embolic i tot! Aquest conte està recomanat per a infants a partir de <strong>3 anys</strong>.</p>
<p>&nbsp;</p>
<p>Aquesta és la història de l’Os, un animal molt dolç i simpàtic que era amic de tots els animals del bosc, però que per culpa del seu cul tan i tan gros sempre es posava en grans embolics. No deixava lloc als altres per seure, ho tirava tot al terra quan es girava i, si no anava amb compte quan caminava, podia aixafar qualsevol que passava per allà. Què podia fer l’Os perquè els seus amics no s’enfadessin amb ell i el seu cul gros?[/vc_column_text][/vc_column][/vc_row][vc_row][vc_column column_width_percent=&#8221;100&#8243; align_horizontal=&#8221;align_center&#8221; gutter_size=&#8221;3&#8243; overlay_alpha=&#8221;50&#8243; shift_x=&#8221;0&#8243; shift_y=&#8221;0&#8243; shift_y_down=&#8221;0&#8243; z_index=&#8221;0&#8243; medium_width=&#8221;0&#8243; mobile_width=&#8221;0&#8243; width=&#8221;1/1&#8243; uncode_shortcode_id=&#8221;584482&#8243;][vc_raw_html]JTNDaWZyYW1lJTIwd2lkdGglM0QlMjI2MjBweCUyMiUyMGhlaWdodCUzRCUyMjQwMHB4JTIyJTIwc3JjJTNEJTIyaHR0cHMlM0ElMkYlMkZ3d3cueXVtcHUuY29tJTJGeHglMkZlbWJlZCUyRnZpZXclMkZ3QkdTeEtndEQzdXBmaFdqJTIyJTIwZnJhbWVib3JkZXIlM0QlMjIwJTIyJTIwYWxsb3dmdWxsc2NyZWVuJTNEJTIydHJ1ZSUyMiUyMCUyMGFsbG93dHJhbnNwYXJlbmN5JTNEJTIydHJ1ZSUyMiUzRSUzQyUyRmlmcmFtZSUzRQ==[/vc_raw_html][/vc_column][/vc_row][vc_row][vc_column column_width_percent=&#8221;100&#8243; align_horizontal=&#8221;align_center&#8221; gutter_size=&#8221;3&#8243; overlay_alpha=&#8221;50&#8243; shift_x=&#8221;0&#8243; shift_y=&#8221;0&#8243; shift_y_down=&#8221;0&#8243; z_index=&#8221;0&#8243; medium_width=&#8221;0&#8243; mobile_width=&#8221;0&#8243; width=&#8221;1/1&#8243; uncode_shortcode_id=&#8221;430530&#8243;][vc_column_text uncode_shortcode_id=&#8221;657556&#8243;]</p>
<hr />
<h2 style="text-align: left;">CRÍTIQUES:</h2>
<blockquote>
<p style="text-align: left;"><strong>Miriespacioal:</strong> &#8220;Un llibre divertidíssim per treballar la diversitat com a riquesa, perquè tots som diferents i tots tenim alguna cosa a aportar.&#8221;</p>
<p style="text-align: left;"><strong>Carmenmateo_psi:</strong> &#8220;Una història boja i divertida que ens parla de l&#8217;acceptació de les diferències, d&#8217;amistat i de perdó a través d&#8217;un tema que sempre agrada als petits: els culs. Amb unes il·lustracions genials en tons tardorencs i plenes d&#8217;expressivitat, com acostuma a ser habitual en la seva autora, i un text en moviment amb paraules destacades que aporten encara més ritme a la història.&#8221;</p>
<p style="text-align: left;"><strong>Ratets_i_contes:</strong> &#8220;Una història d&#8217;amistat, rimada i emmarcada amb unes il·lustracions fantàstiques, per saber veure-hi més enllà de l&#8217;aspecte físic de cadascú i també estimar-te tal i com ets.&#8221;</p>
</blockquote>
<p>[/vc_column_text][/vc_column][/vc_row][vc_row][vc_column width=&#8221;1/1&#8243;][vc_column_text uncode_shortcode_id=&#8221;181112&#8243;]</p>
<hr />
<p>Amb el suport de:</p>
<p><a href="https://www.editorialelpirata.com/wp-content/uploads/2024/09/cultura_generalitat.jpg"><img decoding="async" class="alignnone size-full wp-image-97863" src="https://www.editorialelpirata.com/wp-content/uploads/2024/09/cultura_generalitat.jpg" alt="" width="300" height="80" title="" srcset="https://www.editorialelpirata.com/wp-content/uploads/2024/09/cultura_generalitat.jpg 300w, https://www.editorialelpirata.com/wp-content/uploads/2024/09/cultura_generalitat-64x17.jpg 64w" sizes="(max-width: 300px) 100vw, 300px" /></a>[/vc_column_text][/vc_column][/vc_row]</p>
</div>

<h2>Nou conte d&#8217;Steve Smallman inclusiu, rimat i molt divertit sobre un os d&#8217;allò més maldestre</h2>
<p class="p1">Recomanat a partir de 3 anys.</p>
<p>&nbsp;</p>
<p>Autor: Steve Smallman</p>
<p>Il·lustradora: Emma Yarlett</p>
