{"id":97253,"date":"2021-04-21T15:34:26","date_gmt":"2021-04-21T15:34:26","guid":{"rendered":"https:\/\/www.editorialelpirata.com\/?post_type=product&#038;p=97253"},"modified":"2025-05-16T07:56:17","modified_gmt":"2025-05-16T07:56:17","slug":"anem-a-dormir","status":"publish","type":"product","link":"https:\/\/www.editorialelpirata.com\/ca\/Producte\/anem-a-dormir\/","title":{"rendered":"ANEM A DORMIR"},"content":{"rendered":"<div class=\"wpb-content-wrapper\"><p>[vc_row][vc_column][vc_column_text uncode_shortcode_id=&#8221;657999&#8243;]<\/p>\n<h1>Ara pots ensenyar als m\u00e9s petits que divertit \u00e9s anar a dormir!<\/h1>\n<p>La Lala \u00e9s un entranyable beb\u00e8 coala que t\u00e9 molta son. I \u00e9s que ahir no volia anar-se\u2019n a dormir! Per sort, amb la teva ajuda, descobrir\u00e0 que agradable resulta arrupir-se i relaxar-se. Aquest fant\u00e0stic conte <strong>interactiu<\/strong> \u00e9s perfecte per jugar amb els m\u00e9s petits i convertir l\u2019hora d\u2019anar al llit en un moment m\u00e0gic i relaxant.<\/p>\n<p>&nbsp;<\/p>\n<p><strong>Anem a dormir <\/strong>\u00e9s el segon t\u00edtol de la col\u00b7lecci\u00f3 de contes infantils <strong><a href=\"https:\/\/www.editorialelpirata.com\/ca\/conte-bebe\/\" target=\"_blank\" rel=\"noopener\">Pas a Pas, aprendr\u00e0s i et divertir\u00e0s<\/a>, <\/strong>que est\u00e0 ideada per ser la col\u00b7lecci\u00f3 de refer\u00e8ncia dels nens de 0 a 3 anys.<\/p>\n<p>Els llibres porten una <strong>nansa<\/strong> per tal que el beb\u00e8 pugui portar-los d&#8217;una banda a l&#8217;altra.<\/p>\n<p>En aquesta nova <strong>col\u00b7lecci\u00f3 de nou t\u00edtols<\/strong>, els m\u00e9s petits aprendran algunes de les coses m\u00e9s importants que han de con\u00e8ixer a la seva edat, com ara la import\u00e0ncia de rentar-se les dents, banyar-se o anar a dormir quan toca. I ho faran acompanyats de tota una colla d\u2019animalons\u00a0 d\u2019all\u00f2 m\u00e9s simp\u00e0tics!<\/p>\n<hr \/>\n<blockquote><p>\u00b7Tots els t\u00edtols han sigut supervisats per <strong>educadors infantils<\/strong>.<\/p>\n<p>\u00b7S\u00f3n <strong>interactius i divertits<\/strong>: els nens han de jugar i ajudar els animalons.<\/p>\n<p>\u00b7S\u00f3n llibres de cartr\u00f3 amb una <strong>nansa<\/strong> per tal que els petits els puguin dur d\u2019una banda a una altra.<\/p>\n<p>\u00b7Amb il\u00b7lustracions divertides i molt cridaneres, que <strong>destaquen<\/strong> sobre el fons per captar l\u2019atenci\u00f3 dels nadons.<\/p>\n<p>\u00b7Amb una <strong>solapa<\/strong> a l\u2019\u00faltima p\u00e0gina que es pot obrir per veure l\u2019abans i el despr\u00e9s d\u2019aprendre a superar el repte en q\u00fcesti\u00f3.<\/p>\n<p>\u00b7\u00c9s una col\u00b7lecci\u00f3 ideal per animar els petits a <strong>superar els primers reptes<\/strong>, com ho fan els animalons que els protagonitzen!<\/p><\/blockquote>\n<hr \/>\n<p><iframe title=\"LLIBRES PER A NADONS - COL\u00b7LECCI\u00d3 PAS A PAS APRENDR\u00c0S I ET DIVERTIR\u00c0S\" width=\"840\" height=\"473\" src=\"https:\/\/www.youtube.com\/embed\/wqB9sd64bHo?feature=oembed&#038;width=840&#038;height=1000&#038;discover=1\" frameborder=\"0\" allow=\"accelerometer; autoplay; clipboard-write; encrypted-media; gyroscope; picture-in-picture; web-share\" referrerpolicy=\"strict-origin-when-cross-origin\" allowfullscreen><\/iframe><\/p>\n<h2><strong>T\u00edtols de la col\u00b7lecci\u00f3:<\/strong><\/h2>\n<ol>\n<li><strong><a class=\"cursor-init\" href=\"https:\/\/www.editorialelpirata.com\/ca\/producte\/vull-banyar-me\/\" target=\"_blank\" rel=\"noopener\">Vull banyar-me<\/a><\/strong><\/li>\n<li><strong>Anem a dormir<\/strong><\/li>\n<li><a title=\"\u00c9s hora de menjar\" href=\"https:\/\/www.editorialelpirata.com\/ca\/producte\/es-hora-de-menjar\/\" target=\"_blank\" rel=\"noopener\"><strong>\u00c9s hora de menjar<\/strong><\/a><\/li>\n<li><strong><a class=\"cursor-init\" href=\"https:\/\/www.editorialelpirata.com\/ca\/producte\/ja-em-rento-les-dents\/\" target=\"_blank\" rel=\"noopener\">Ja em rento les dents<\/a><\/strong><\/li>\n<li><strong><a class=\"cursor-init\" href=\"https:\/\/www.editorialelpirata.com\/ca\/producte\/xumets-fora\/\" target=\"_blank\" rel=\"noopener\">Xumets fora<\/a><\/strong><\/li>\n<li><strong><a class=\"cursor-init\" href=\"https:\/\/www.editorialelpirata.com\/ca\/producte\/sense-bolquer\/\" target=\"_blank\" rel=\"noopener\">Sense bolquer<\/a><\/strong><\/li>\n<li><strong><a class=\"cursor-init\" href=\"https:\/\/www.editorialelpirata.com\/ca\/producte\/em-vesteixo-tot-solet\/\" target=\"_blank\" rel=\"noopener\">Em vesteixo tot solet<\/a><\/strong><\/li>\n<li><strong><a class=\"cursor-init\" href=\"https:\/\/www.editorialelpirata.com\/ca\/producte\/jugo-i-recullo\/\" target=\"_blank\" rel=\"noopener\">Jugo i recullo<\/a><\/strong><\/li>\n<li><strong><a class=\"cursor-init\" href=\"https:\/\/www.editorialelpirata.com\/ca\/producte\/jugar-sense-pantalles\/\" target=\"_blank\" rel=\"noopener\">Jugar sense pantalles<\/a><\/strong><\/li>\n<\/ol>\n<p>[\/vc_column_text][\/vc_column][\/vc_row]<\/p>\n<\/div>","protected":false},"excerpt":{"rendered":"<h3>Llibre amb onomatopeies per potenciar la participaci\u00f3 del beb\u00e8<\/h3>\n<p>Un conte per nens de 2 anys, amb una <strong>nansa<\/strong> per agafar-lo millor, per ajudar els nens i nenes a anar a <strong>dormir<\/strong> i descobrir la import\u00e0ncia de descansar b\u00e9 per estar ple d&#8217;energia.<\/p>\n<div><\/div>\n<div>Autora: Esther Burgue\u00f1o<\/div>\n","protected":false},"featured_media":97254,"template":"","meta":[],"product_brand":[],"product_cat":[2362,3162,2123,2380,2419,2420],"product_tag":[3025,2888,2898,2984,3005],"class_list":{"0":"post-97253","1":"product","2":"type-product","3":"status-publish","4":"has-post-thumbnail","6":"product_cat-contes-cartrone","7":"product_cat-pas-a-pas","8":"product_cat-tots-els-llibres","9":"product_cat-contes-de-cartrone-en-lletra-de-pal","10":"product_cat-contes-per-bebes","11":"product_cat-esther-burgueno-escriptors","12":"product_tag-contes-6-mesos-ca","13":"product_tag-contes-bebes-ca","14":"product_tag-llibres-bebes-ca","15":"product_tag-contes-nens-ca","16":"product_tag-contes-valors-ca","18":"first","19":"instock","20":"shipping-taxable","21":"purchasable","22":"product-type-variable","23":"has-default-attributes"},"_links":{"self":[{"href":"https:\/\/www.editorialelpirata.com\/ca\/wp-json\/wp\/v2\/product\/97253","targetHints":{"allow":["GET"]}}],"collection":[{"href":"https:\/\/www.editorialelpirata.com\/ca\/wp-json\/wp\/v2\/product"}],"about":[{"href":"https:\/\/www.editorialelpirata.com\/ca\/wp-json\/wp\/v2\/types\/product"}],"wp:featuredmedia":[{"embeddable":true,"href":"https:\/\/www.editorialelpirata.com\/ca\/wp-json\/wp\/v2\/media\/97254"}],"wp:attachment":[{"href":"https:\/\/www.editorialelpirata.com\/ca\/wp-json\/wp\/v2\/media?parent=97253"}],"wp:term":[{"taxonomy":"product_brand","embeddable":true,"href":"https:\/\/www.editorialelpirata.com\/ca\/wp-json\/wp\/v2\/product_brand?post=97253"},{"taxonomy":"product_cat","embeddable":true,"href":"https:\/\/www.editorialelpirata.com\/ca\/wp-json\/wp\/v2\/product_cat?post=97253"},{"taxonomy":"product_tag","embeddable":true,"href":"https:\/\/www.editorialelpirata.com\/ca\/wp-json\/wp\/v2\/product_tag?post=97253"}],"curies":[{"name":"wp","href":"https:\/\/api.w.org\/{rel}","templated":true}]}}

<div class="wpb-content-wrapper"><p>[vc_row][vc_column][vc_column_text uncode_shortcode_id=&#8221;657999&#8243;]</p>
<h1>Ara pots ensenyar als més petits que divertit és anar a dormir!</h1>
<p>La Lala és un entranyable bebè coala que té molta son. I és que ahir no volia anar-se’n a dormir! Per sort, amb la teva ajuda, descobrirà que agradable resulta arrupir-se i relaxar-se. Aquest fantàstic conte <strong>interactiu</strong> és perfecte per jugar amb els més petits i convertir l’hora d’anar al llit en un moment màgic i relaxant.</p>
<p>&nbsp;</p>
<p><strong>Anem a dormir </strong>és el segon títol de la col·lecció de contes infantils <strong><a href="https://www.editorialelpirata.com/ca/conte-bebe/" target="_blank" rel="noopener">Pas a Pas, aprendràs i et divertiràs</a>, </strong>que està ideada per ser la col·lecció de referència dels nens de 0 a 3 anys.</p>
<p>Els llibres porten una <strong>nansa</strong> per tal que el bebè pugui portar-los d&#8217;una banda a l&#8217;altra.</p>
<p>En aquesta nova <strong>col·lecció de nou títols</strong>, els més petits aprendran algunes de les coses més importants que han de conèixer a la seva edat, com ara la importància de rentar-se les dents, banyar-se o anar a dormir quan toca. I ho faran acompanyats de tota una colla d’animalons  d’allò més simpàtics!</p>
<hr />
<blockquote><p>·Tots els títols han sigut supervisats per <strong>educadors infantils</strong>.</p>
<p>·Són <strong>interactius i divertits</strong>: els nens han de jugar i ajudar els animalons.</p>
<p>·Són llibres de cartró amb una <strong>nansa</strong> per tal que els petits els puguin dur d’una banda a una altra.</p>
<p>·Amb il·lustracions divertides i molt cridaneres, que <strong>destaquen</strong> sobre el fons per captar l’atenció dels nadons.</p>
<p>·Amb una <strong>solapa</strong> a l’última pàgina que es pot obrir per veure l’abans i el després d’aprendre a superar el repte en qüestió.</p>
<p>·És una col·lecció ideal per animar els petits a <strong>superar els primers reptes</strong>, com ho fan els animalons que els protagonitzen!</p></blockquote>
<hr />
<p><iframe title="LLIBRES PER A NADONS - COL·LECCIÓ PAS A PAS APRENDRÀS I ET DIVERTIRÀS" width="840" height="473" src="https://www.youtube.com/embed/wqB9sd64bHo?feature=oembed&#038;width=840&#038;height=1000&#038;discover=1" frameborder="0" allow="accelerometer; autoplay; clipboard-write; encrypted-media; gyroscope; picture-in-picture; web-share" referrerpolicy="strict-origin-when-cross-origin" allowfullscreen></iframe></p>
<h2><strong>Títols de la col·lecció:</strong></h2>
<ol>
<li><strong><a class="cursor-init" href="https://www.editorialelpirata.com/ca/producte/vull-banyar-me/" target="_blank" rel="noopener">Vull banyar-me</a></strong></li>
<li><strong>Anem a dormir</strong></li>
<li><a title="És hora de menjar" href="https://www.editorialelpirata.com/ca/producte/es-hora-de-menjar/" target="_blank" rel="noopener"><strong>És hora de menjar</strong></a></li>
<li><strong><a class="cursor-init" href="https://www.editorialelpirata.com/ca/producte/ja-em-rento-les-dents/" target="_blank" rel="noopener">Ja em rento les dents</a></strong></li>
<li><strong><a class="cursor-init" href="https://www.editorialelpirata.com/ca/producte/xumets-fora/" target="_blank" rel="noopener">Xumets fora</a></strong></li>
<li><strong><a class="cursor-init" href="https://www.editorialelpirata.com/ca/producte/sense-bolquer/" target="_blank" rel="noopener">Sense bolquer</a></strong></li>
<li><strong><a class="cursor-init" href="https://www.editorialelpirata.com/ca/producte/em-vesteixo-tot-solet/" target="_blank" rel="noopener">Em vesteixo tot solet</a></strong></li>
<li><strong><a class="cursor-init" href="https://www.editorialelpirata.com/ca/producte/jugo-i-recullo/" target="_blank" rel="noopener">Jugo i recullo</a></strong></li>
<li><strong><a class="cursor-init" href="https://www.editorialelpirata.com/ca/producte/jugar-sense-pantalles/" target="_blank" rel="noopener">Jugar sense pantalles</a></strong></li>
</ol>
<p>[/vc_column_text][/vc_column][/vc_row]</p>
</div>

<h3>Llibre amb onomatopeies per potenciar la participació del bebè</h3>
<p>Un conte per nens de 2 anys, amb una <strong>nansa</strong> per agafar-lo millor, per ajudar els nens i nenes a anar a <strong>dormir</strong> i descobrir la importància de descansar bé per estar ple d&#8217;energia.</p>
<div></div>
<div>Autora: Esther Burgueño</div>
