{"id":97245,"date":"2024-09-19T15:34:13","date_gmt":"2024-09-19T15:34:13","guid":{"rendered":"https:\/\/www.editorialelpirata.com\/?post_type=product&#038;p=97245"},"modified":"2025-06-19T11:39:26","modified_gmt":"2025-06-19T11:39:26","slug":"conte-per-la-pau","status":"publish","type":"product","link":"https:\/\/www.editorialelpirata.com\/ca\/Producte\/conte-per-la-pau\/","title":{"rendered":"UN CONTE PER LA PAU. LES BOTES DEL GENERAL"},"content":{"rendered":"<div class=\"wpb-content-wrapper\"><p>[vc_row][vc_column][vc_column_text uncode_shortcode_id=&#8221;595101&#8243;]<\/p>\n<h1>Una hist\u00f2ria preciosa amb un missatge pacifista<\/h1>\n<blockquote><p>&#8220;El general se\u2019n va a la guerra amb les seves botes de pell de rinoceront acabades d\u2019estrenar.<br \/>\nPer\u00f2 no s\u2019imagina que les botes pensen per si mateixes i la guerra no els agrada gens ni mica.<br \/>\nAix\u00ed que opten per comen\u00e7ar a c\u00f3rrer decididament, com ho faria un rinoceront, enduent-se el general lluny de la destrucci\u00f3.&#8221;<\/p><\/blockquote>\n<blockquote>\n<h3><\/h3>\n<h3>&#8220;Un llibre absolutament necessari. Molt recomanable per educar en valors!&#8221; &#8211;\u00a0<strong style=\"font-family: -apple-system, BlinkMacSystemFont, 'Segoe UI', Roboto, Oxygen-Sans, Ubuntu, Cantarell, 'Helvetica Neue', sans-serif;\"><a href=\"https:\/\/www.instagram.com\/p\/CMc2cR0FTzC\/\" target=\"_blank\" rel=\"noopener\">Creaduca<\/a><\/strong><\/h3>\n<\/blockquote>\n<p>Les botes del general \u00e9s un conte escrit amb molta tendresa i il\u00b7lustrat de forma delicada, que porta als nens un missatge molt poder\u00f3s: mai no \u00e9s tard per fer el que un creu correcte, en comptes de deixar-se endur pel corrent.<\/p>\n<p>&nbsp;<\/p>\n<p>Est\u00e0 escrit en lletra <strong>maj\u00fascula<\/strong>, per a nens que tot just comencen a llegir, per\u00f2 tamb\u00e9 \u00e9s apte per a explicar als m\u00e9s petits, a partir de 4 anys.[\/vc_column_text][\/vc_column][\/vc_row][vc_row][vc_column column_width_percent=&#8221;100&#8243; align_horizontal=&#8221;align_center&#8221; gutter_size=&#8221;3&#8243; overlay_alpha=&#8221;50&#8243; shift_x=&#8221;0&#8243; shift_y=&#8221;0&#8243; shift_y_down=&#8221;0&#8243; z_index=&#8221;0&#8243; medium_width=&#8221;0&#8243; mobile_width=&#8221;0&#8243; width=&#8221;1\/1&#8243; uncode_shortcode_id=&#8221;257184&#8243;][vc_raw_html]JTNDaWZyYW1lJTIwd2lkdGglM0QlMjI2MjBweCUyMiUyMGhlaWdodCUzRCUyMjQwMHB4JTIyJTIwc3JjJTNEJTIyaHR0cHMlM0ElMkYlMkZ3d3cueXVtcHUuY29tJTJGeHglMkZlbWJlZCUyRnZpZXclMkZ4TWVvcWNVTlRKS09CNHVmJTIyJTIwZnJhbWVib3JkZXIlM0QlMjIwJTIyJTIwYWxsb3dmdWxsc2NyZWVuJTNEJTIydHJ1ZSUyMiUyMCUyMGFsbG93dHJhbnNwYXJlbmN5JTNEJTIydHJ1ZSUyMiUzRSUzQyUyRmlmcmFtZSUzRQ==[\/vc_raw_html][\/vc_column][\/vc_row][vc_row][vc_column column_width_percent=&#8221;100&#8243; align_horizontal=&#8221;align_center&#8221; gutter_size=&#8221;3&#8243; overlay_alpha=&#8221;50&#8243; shift_x=&#8221;0&#8243; shift_y=&#8221;0&#8243; shift_y_down=&#8221;0&#8243; z_index=&#8221;0&#8243; medium_width=&#8221;0&#8243; mobile_width=&#8221;0&#8243; width=&#8221;1\/1&#8243; uncode_shortcode_id=&#8221;182823&#8243;][vc_column_text uncode_shortcode_id=&#8221;910544&#8243;]<\/p>\n<p><iframe title=\"UN CONTE PER LA PAU: LES BOTES DEL GENERAL\" width=\"840\" height=\"473\" src=\"https:\/\/www.youtube.com\/embed\/gGlGU3X2-tg?feature=oembed&#038;width=840&#038;height=1000&#038;discover=1\" frameborder=\"0\" allow=\"accelerometer; autoplay; clipboard-write; encrypted-media; gyroscope; picture-in-picture; web-share\" referrerpolicy=\"strict-origin-when-cross-origin\" allowfullscreen><\/iframe><\/p>\n<p>[\/vc_column_text][\/vc_column][\/vc_row]<\/p>\n<\/div>","protected":false},"excerpt":{"rendered":"<h2>Un conte per la Pau<\/h2>\n<p>Conte en lletra maj\u00fascula per a 5 anys.<\/p>\n<p><strong>Als soldats i a les botes del general, la guerra no els agrada gens; de fet, el general no els agrada gens, ni l\u2019olor de p\u00f3lvora, ni els xiulets de les bales, ni\u2026 Llavors, qu\u00e8 hi fan all\u00e0?<\/strong><\/p>\n<p>&nbsp;<\/p>\n<p>Autora: Elisa Ramon<\/p>\n<p>Il\u00b7lustrador: Francesc Rovira<\/p>\n","protected":false},"featured_media":97246,"template":"","meta":[],"product_brand":[],"product_cat":[2329,2330,2333,2334,2340,2344,2351,2416,2417,2117,2123],"product_tag":[3019,3072,3074,712,713,984,2984,3005],"class_list":{"0":"post-97245","1":"product","2":"type-product","3":"status-publish","4":"has-post-thumbnail","6":"product_cat-lletra-de-pal","7":"product_cat-albums-illustrats","8":"product_cat-llibres-per-a-explicar","9":"product_cat-albums-illustrats-6-anys","10":"product_cat-llibres-de-4-a-7-anys","11":"product_cat-llibres-de-3-a-6-anys","12":"product_cat-lletra-pal-6-anys","13":"product_cat-elisa-ramon-escriptors","14":"product_cat-francesc-rovira-illustradors","15":"product_cat-llibres-per-6-anys","16":"product_cat-tots-els-llibres","17":"product_tag-4-anys-ca","18":"product_tag-lletra-majuscula-ca","19":"product_tag-lletra-pal-ca","20":"product_tag-contes-majuscula","21":"product_tag-contes-4-anys","22":"product_tag-pacifisme","23":"product_tag-contes-nens-ca","24":"product_tag-contes-valors-ca","26":"first","27":"instock","28":"shipping-taxable","29":"purchasable","30":"product-type-variable"},"_links":{"self":[{"href":"https:\/\/www.editorialelpirata.com\/ca\/wp-json\/wp\/v2\/product\/97245","targetHints":{"allow":["GET"]}}],"collection":[{"href":"https:\/\/www.editorialelpirata.com\/ca\/wp-json\/wp\/v2\/product"}],"about":[{"href":"https:\/\/www.editorialelpirata.com\/ca\/wp-json\/wp\/v2\/types\/product"}],"wp:featuredmedia":[{"embeddable":true,"href":"https:\/\/www.editorialelpirata.com\/ca\/wp-json\/wp\/v2\/media\/97246"}],"wp:attachment":[{"href":"https:\/\/www.editorialelpirata.com\/ca\/wp-json\/wp\/v2\/media?parent=97245"}],"wp:term":[{"taxonomy":"product_brand","embeddable":true,"href":"https:\/\/www.editorialelpirata.com\/ca\/wp-json\/wp\/v2\/product_brand?post=97245"},{"taxonomy":"product_cat","embeddable":true,"href":"https:\/\/www.editorialelpirata.com\/ca\/wp-json\/wp\/v2\/product_cat?post=97245"},{"taxonomy":"product_tag","embeddable":true,"href":"https:\/\/www.editorialelpirata.com\/ca\/wp-json\/wp\/v2\/product_tag?post=97245"}],"curies":[{"name":"wp","href":"https:\/\/api.w.org\/{rel}","templated":true}]}}

<div class="wpb-content-wrapper"><p>[vc_row][vc_column][vc_column_text uncode_shortcode_id=&#8221;595101&#8243;]</p>
<h1>Una història preciosa amb un missatge pacifista</h1>
<blockquote><p>&#8220;El general se’n va a la guerra amb les seves botes de pell de rinoceront acabades d’estrenar.<br />
Però no s’imagina que les botes pensen per si mateixes i la guerra no els agrada gens ni mica.<br />
Així que opten per començar a córrer decididament, com ho faria un rinoceront, enduent-se el general lluny de la destrucció.&#8221;</p></blockquote>
<blockquote>
<h3></h3>
<h3>&#8220;Un llibre absolutament necessari. Molt recomanable per educar en valors!&#8221; &#8211; <strong style="font-family: -apple-system, BlinkMacSystemFont, 'Segoe UI', Roboto, Oxygen-Sans, Ubuntu, Cantarell, 'Helvetica Neue', sans-serif;"><a href="https://www.instagram.com/p/CMc2cR0FTzC/" target="_blank" rel="noopener">Creaduca</a></strong></h3>
</blockquote>
<p>Les botes del general és un conte escrit amb molta tendresa i il·lustrat de forma delicada, que porta als nens un missatge molt poderós: mai no és tard per fer el que un creu correcte, en comptes de deixar-se endur pel corrent.</p>
<p>&nbsp;</p>
<p>Està escrit en lletra <strong>majúscula</strong>, per a nens que tot just comencen a llegir, però també és apte per a explicar als més petits, a partir de 4 anys.[/vc_column_text][/vc_column][/vc_row][vc_row][vc_column column_width_percent=&#8221;100&#8243; align_horizontal=&#8221;align_center&#8221; gutter_size=&#8221;3&#8243; overlay_alpha=&#8221;50&#8243; shift_x=&#8221;0&#8243; shift_y=&#8221;0&#8243; shift_y_down=&#8221;0&#8243; z_index=&#8221;0&#8243; medium_width=&#8221;0&#8243; mobile_width=&#8221;0&#8243; width=&#8221;1/1&#8243; uncode_shortcode_id=&#8221;257184&#8243;][vc_raw_html]JTNDaWZyYW1lJTIwd2lkdGglM0QlMjI2MjBweCUyMiUyMGhlaWdodCUzRCUyMjQwMHB4JTIyJTIwc3JjJTNEJTIyaHR0cHMlM0ElMkYlMkZ3d3cueXVtcHUuY29tJTJGeHglMkZlbWJlZCUyRnZpZXclMkZ4TWVvcWNVTlRKS09CNHVmJTIyJTIwZnJhbWVib3JkZXIlM0QlMjIwJTIyJTIwYWxsb3dmdWxsc2NyZWVuJTNEJTIydHJ1ZSUyMiUyMCUyMGFsbG93dHJhbnNwYXJlbmN5JTNEJTIydHJ1ZSUyMiUzRSUzQyUyRmlmcmFtZSUzRQ==[/vc_raw_html][/vc_column][/vc_row][vc_row][vc_column column_width_percent=&#8221;100&#8243; align_horizontal=&#8221;align_center&#8221; gutter_size=&#8221;3&#8243; overlay_alpha=&#8221;50&#8243; shift_x=&#8221;0&#8243; shift_y=&#8221;0&#8243; shift_y_down=&#8221;0&#8243; z_index=&#8221;0&#8243; medium_width=&#8221;0&#8243; mobile_width=&#8221;0&#8243; width=&#8221;1/1&#8243; uncode_shortcode_id=&#8221;182823&#8243;][vc_column_text uncode_shortcode_id=&#8221;910544&#8243;]</p>
<p><iframe title="UN CONTE PER LA PAU: LES BOTES DEL GENERAL" width="840" height="473" src="https://www.youtube.com/embed/gGlGU3X2-tg?feature=oembed&#038;width=840&#038;height=1000&#038;discover=1" frameborder="0" allow="accelerometer; autoplay; clipboard-write; encrypted-media; gyroscope; picture-in-picture; web-share" referrerpolicy="strict-origin-when-cross-origin" allowfullscreen></iframe></p>
<p>[/vc_column_text][/vc_column][/vc_row]</p>
</div>

<h2>Un conte per la Pau</h2>
<p>Conte en lletra majúscula per a 5 anys.</p>
<p><strong>Als soldats i a les botes del general, la guerra no els agrada gens; de fet, el general no els agrada gens, ni l’olor de pólvora, ni els xiulets de les bales, ni… Llavors, què hi fan allà?</strong></p>
<p>&nbsp;</p>
<p>Autora: Elisa Ramon</p>
<p>Il·lustrador: Francesc Rovira</p>
