{"id":97058,"date":"2024-09-19T15:28:50","date_gmt":"2024-09-19T15:28:50","guid":{"rendered":"https:\/\/www.editorialelpirata.com\/?post_type=product&#038;p=97058"},"modified":"2025-03-05T14:53:23","modified_gmt":"2025-03-05T14:53:23","slug":"lera-dels-dracs","status":"publish","type":"product","link":"https:\/\/www.editorialelpirata.com\/ca\/Producte\/lera-dels-dracs\/","title":{"rendered":"L&#8217;ERA DELS DRACS"},"content":{"rendered":"<h1>Pura m\u00e0gia i fantasia<\/h1>\n<p>Teniu ganes de saber com en Jakob acaba aconseguint que uns dracs ajudin els elfs del regne de Fangolor a guanyar els nans del regne de Nirimo?<\/p>\n<p><strong>Tres dracs molt diferents<\/strong> s\u00f3n els protagonistes de l&#8217;era dels Dracs: un de geni\u00fct i malcarat, un de molt i molt cagat i, per \u00faltim, un de simp\u00e0tic i entranyable.<\/p>\n<p><strong>Atenci\u00f3<\/strong>! Aneu amb compte, aquest llibre no el podreu deixar de llegir!<\/p>\n<hr \/>\n<p>Amb el suport del <strong>Departament de Cultura<\/strong><br \/>\n<img decoding=\"async\" class=\"alignnone wp-image-5715\" src=\"https:\/\/www.edicionsdelpirata.cat\/wp-content\/uploads\/2017\/02\/cultura_generalitat.jpg\" alt=\"\" width=\"150\" height=\"40\" title=\"\"><\/p>\n","protected":false},"excerpt":{"rendered":"<h3>Fantasia m\u00e0gica a partir de 9 anys<\/h3>\n<p>Un llibre que enganxa i que permet endinsar-se en regnes fant\u00e0stics amb una naturalitat espectacular.<\/p>\n<p>&nbsp;<\/p>\n<p>Autora: <a href=\"https:\/\/www.edicionsdelpirata.cat\/julia-breitenoder\/\" target=\"_blank\" rel=\"noopener noreferrer\">Julia Breiten\u00f6der<\/a><\/p>\n<p>Il\u00b7lustradora: <a href=\"https:\/\/www.edicionsdelpirata.cat\/ina-hattenhauer\/\" target=\"_blank\" rel=\"noopener noreferrer\">Ina Hattenhauer<\/a><\/p>\n","protected":false},"featured_media":97059,"template":"","meta":[],"product_brand":[],"product_cat":[2348,2349,2123,2247,2328,2347],"product_tag":[427,429,450,465,470,635,372,373,374],"class_list":{"0":"post-97058","1":"product","2":"type-product","3":"status-publish","4":"has-post-thumbnail","6":"product_cat-julia-breitenoder","7":"product_cat-llibres-aventures-10-anys","8":"product_cat-tots-els-llibres","9":"product_cat-el-pirata-verd","10":"product_cat-llibres-per-9-anys","11":"product_cat-ina-hattenhauer","12":"product_tag-llibres-nens","13":"product_tag-contes-infantils","14":"product_tag-llibres-9-anys","15":"product_tag-llibres-aventures","16":"product_tag-llibres-fantasia","17":"product_tag-fantasia-medieval","18":"product_tag-aventures-fantastiques","19":"product_tag-dracs","20":"product_tag-fantasia","22":"first","23":"instock","24":"featured","25":"shipping-taxable","26":"purchasable","27":"product-type-simple"},"_links":{"self":[{"href":"https:\/\/www.editorialelpirata.com\/ca\/wp-json\/wp\/v2\/product\/97058","targetHints":{"allow":["GET"]}}],"collection":[{"href":"https:\/\/www.editorialelpirata.com\/ca\/wp-json\/wp\/v2\/product"}],"about":[{"href":"https:\/\/www.editorialelpirata.com\/ca\/wp-json\/wp\/v2\/types\/product"}],"wp:featuredmedia":[{"embeddable":true,"href":"https:\/\/www.editorialelpirata.com\/ca\/wp-json\/wp\/v2\/media\/97059"}],"wp:attachment":[{"href":"https:\/\/www.editorialelpirata.com\/ca\/wp-json\/wp\/v2\/media?parent=97058"}],"wp:term":[{"taxonomy":"product_brand","embeddable":true,"href":"https:\/\/www.editorialelpirata.com\/ca\/wp-json\/wp\/v2\/product_brand?post=97058"},{"taxonomy":"product_cat","embeddable":true,"href":"https:\/\/www.editorialelpirata.com\/ca\/wp-json\/wp\/v2\/product_cat?post=97058"},{"taxonomy":"product_tag","embeddable":true,"href":"https:\/\/www.editorialelpirata.com\/ca\/wp-json\/wp\/v2\/product_tag?post=97058"}],"curies":[{"name":"wp","href":"https:\/\/api.w.org\/{rel}","templated":true}]}}

<h1>Pura màgia i fantasia</h1>
<p>Teniu ganes de saber com en Jakob acaba aconseguint que uns dracs ajudin els elfs del regne de Fangolor a guanyar els nans del regne de Nirimo?</p>
<p><strong>Tres dracs molt diferents</strong> són els protagonistes de l&#8217;era dels Dracs: un de geniüt i malcarat, un de molt i molt cagat i, per últim, un de simpàtic i entranyable.</p>
<p><strong>Atenció</strong>! Aneu amb compte, aquest llibre no el podreu deixar de llegir!</p>
<hr />
<p>Amb el suport del <strong>Departament de Cultura</strong><br />
<img decoding="async" class="alignnone wp-image-5715" src="https://www.edicionsdelpirata.cat/wp-content/uploads/2017/02/cultura_generalitat.jpg" alt="" width="150" height="40" title=""></p>

<h3>Fantasia màgica a partir de 9 anys</h3>
<p>Un llibre que enganxa i que permet endinsar-se en regnes fantàstics amb una naturalitat espectacular.</p>
<p>&nbsp;</p>
<p>Autora: <a href="https://www.edicionsdelpirata.cat/julia-breitenoder/" target="_blank" rel="noopener noreferrer">Julia Breitenöder</a></p>
<p>Il·lustradora: <a href="https://www.edicionsdelpirata.cat/ina-hattenhauer/" target="_blank" rel="noopener noreferrer">Ina Hattenhauer</a></p>
