{"id":97045,"date":"2024-09-19T15:28:34","date_gmt":"2024-09-19T15:28:34","guid":{"rendered":"https:\/\/www.editorialelpirata.com\/?post_type=product&#038;p=97045"},"modified":"2025-11-07T13:38:15","modified_gmt":"2025-11-07T13:38:15","slug":"lot-de-4-llibres-de-contes","status":"publish","type":"product","link":"https:\/\/www.editorialelpirata.com\/ca\/Producte\/lot-de-4-llibres-de-contes\/","title":{"rendered":"LOT DE 4 LLIBRES DE CONTES"},"content":{"rendered":"<div class=\"wpb-content-wrapper\"><p>[vc_row][vc_column][vc_column_text uncode_shortcode_id=&#8221;203320&#8243;]<\/p>\n<h1>Lot de 4 llibres recopilatoris de contes en tapa tova<\/h1>\n<p>4 fant\u00e0stics llibres on es recullen contes de tota mena, per a nens de 7 i 8 anys.<\/p>\n<p>&nbsp;<\/p>\n<h2><a href=\"https:\/\/www.edicionsdelpirata.cat\/producte\/papa-dibuixam-un-conte\/\" target=\"_blank\" rel=\"noopener\">Papa, dibuixa&#8217;m un conte<\/a><a href=\"https:\/\/www.edicionsdelpirata.cat\/producte\/papa-dibuixam-un-conte\/\" target=\"_blank\" rel=\"noopener\"><img decoding=\"async\" class=\"alignleft wp-image-90522 size-thumbnail\" src=\"https:\/\/www.edicionsdelpirata.cat\/wp-content\/uploads\/2016\/07\/Papa_dibuixam_conte_llibre_contes_nens_7_anys-1-150x150.jpg\" alt=\"reculls de contes, llibres nens, albums il\u00b7lustrats, contes infantils, contes amb valors, llibres de contes,\" width=\"150\" height=\"150\" title=\"\"><\/a><\/h2>\n<p>Espectaculars il\u00b7lustracions en aquest tendre recull de contes protagonitzats pels fills de l&#8217;autor, que ens ensenya com v\u00e8ncer les pors infantils.<\/p>\n<p>&nbsp;<\/p>\n<p>&nbsp;<\/p>\n<p>&nbsp;<\/p>\n<p>&nbsp;<\/p>\n<hr \/>\n<h2><a href=\"https:\/\/www.edicionsdelpirata.cat\/producte\/setze-contes-divertits-parell-seriosos-contes-nens\/\" target=\"_blank\" rel=\"noopener\">Setze contes divertits i un parell de seriosos<\/a><a href=\"https:\/\/www.edicionsdelpirata.cat\/producte\/setze-contes-divertits-parell-seriosos-contes-nens\/\" target=\"_blank\" rel=\"noopener\"><img decoding=\"async\" class=\"alignleft wp-image-90648 size-thumbnail\" src=\"https:\/\/www.edicionsdelpirata.cat\/wp-content\/uploads\/2015\/11\/Setze_contes_divertits_llibre_nens-1-150x150.jpg\" alt=\"reculls de contes, contes infantils, llibres nens, llibres 7 anys,\" width=\"150\" height=\"150\" title=\"\"><\/a><\/h2>\n<p>Uns astronautes que exploren un planeta de molsa. Un vampir vegetari\u00e0. Una oficina que \u00e9s un circ. Una detectiva de deu anys. Una rentadora que \u00e9s una m\u00e0quina del temps. Un gos atleta. Una pensi\u00f3 per a ocells\u2026<\/p>\n<p>&nbsp;<\/p>\n<p>&nbsp;<\/p>\n<p>&nbsp;<\/p>\n<hr \/>\n<h2><a href=\"https:\/\/www.edicionsdelpirata.cat\/producte\/obre-telo-sabates-accio-contes-8-anys\/\" target=\"_blank\" rel=\"noopener\">S&#8217;obre el tel\u00f3: Sabates en acci\u00f3!<\/a><a href=\"https:\/\/www.edicionsdelpirata.cat\/producte\/obre-telo-sabates-accio-contes-8-anys\/\" target=\"_blank\" rel=\"noopener\"><img decoding=\"async\" class=\"alignleft wp-image-90623 size-thumbnail\" src=\"https:\/\/www.edicionsdelpirata.cat\/wp-content\/uploads\/2015\/11\/Obre_telo_sabates_accio_poesia_7_anys-1-150x150.jpg\" alt=\"llibres nens, reculls de contes, poesia, llibres rimats, contes infantils rimats,\" width=\"150\" height=\"150\" title=\"\"><\/a><\/h2>\n<p>Tot un m\u00f3n de divertits poemes que tenen com a protagonistes els m\u00e9s diversos tipus de cal\u00e7at. Hist\u00f2ries pensades amb els peus que fan un rep\u00e0s a les aventures i desventures d\u2019una colla de sabates amb un toc d\u2019ironia i humor.<\/p>\n<p>&nbsp;<\/p>\n<p>&nbsp;<\/p>\n<p>&nbsp;<\/p>\n<hr \/>\n<h2><a href=\"https:\/\/www.edicionsdelpirata.cat\/producte\/contes-llop-8-anys\/\" target=\"_blank\" rel=\"noopener\">Els contes del llop<\/a><a href=\"https:\/\/www.edicionsdelpirata.cat\/producte\/contes-llop-8-anys\/\" target=\"_blank\" rel=\"noopener\"><img decoding=\"async\" class=\"alignleft wp-image-90630 size-thumbnail\" src=\"https:\/\/www.edicionsdelpirata.cat\/wp-content\/uploads\/2015\/11\/Contes_llop_7_anys-1-150x150.jpg\" alt=\"Contes del llop, 8 anys, llibre 9 anys, ramon monton, lectura 8 anys\" width=\"150\" height=\"150\" title=\"\"><\/a><\/h2>\n<p>Un llop amable, quan no \u00e9s a la Lluna, ens explica contes d\u2019una princesa que no sabia tocar la guitarra, d\u2019una gent que se saludava fent pam i pipa i d\u2019una altra que es feia botifarra, d\u2019un poble on feien servir els embuts com a paraigua\u2026[\/vc_column_text][\/vc_column][\/vc_row]<\/p>\n<\/div>","protected":false},"excerpt":{"rendered":"<h3>Reculls de contes curts<\/h3>\n<p>Ideals per a nens a partir de 8 anys.<\/p>\n","protected":false},"featured_media":97164,"template":"","meta":[],"product_brand":[],"product_cat":[2396],"product_tag":[2798,2881,3051,3157,423,448,708],"class_list":{"0":"post-97045","1":"product","2":"type-product","3":"status-publish","4":"has-post-thumbnail","6":"product_cat-lots","7":"product_tag-llibres-7-anys-ca","8":"product_tag-contes-infantils-ca","9":"product_tag-llibres-8-anys-ca","10":"product_tag-llibres-nens-ca-2","11":"product_tag-contes","12":"product_tag-reculls-de-contes","13":"product_tag-llibres-contes","15":"first","16":"outofstock","17":"shipping-taxable","18":"purchasable","19":"product-type-simple"},"_links":{"self":[{"href":"https:\/\/www.editorialelpirata.com\/ca\/wp-json\/wp\/v2\/product\/97045","targetHints":{"allow":["GET"]}}],"collection":[{"href":"https:\/\/www.editorialelpirata.com\/ca\/wp-json\/wp\/v2\/product"}],"about":[{"href":"https:\/\/www.editorialelpirata.com\/ca\/wp-json\/wp\/v2\/types\/product"}],"wp:featuredmedia":[{"embeddable":true,"href":"https:\/\/www.editorialelpirata.com\/ca\/wp-json\/wp\/v2\/media\/97164"}],"wp:attachment":[{"href":"https:\/\/www.editorialelpirata.com\/ca\/wp-json\/wp\/v2\/media?parent=97045"}],"wp:term":[{"taxonomy":"product_brand","embeddable":true,"href":"https:\/\/www.editorialelpirata.com\/ca\/wp-json\/wp\/v2\/product_brand?post=97045"},{"taxonomy":"product_cat","embeddable":true,"href":"https:\/\/www.editorialelpirata.com\/ca\/wp-json\/wp\/v2\/product_cat?post=97045"},{"taxonomy":"product_tag","embeddable":true,"href":"https:\/\/www.editorialelpirata.com\/ca\/wp-json\/wp\/v2\/product_tag?post=97045"}],"curies":[{"name":"wp","href":"https:\/\/api.w.org\/{rel}","templated":true}]}}

<div class="wpb-content-wrapper"><p>[vc_row][vc_column][vc_column_text uncode_shortcode_id=&#8221;203320&#8243;]</p>
<h1>Lot de 4 llibres recopilatoris de contes en tapa tova</h1>
<p>4 fantàstics llibres on es recullen contes de tota mena, per a nens de 7 i 8 anys.</p>
<p>&nbsp;</p>
<h2><a href="https://www.edicionsdelpirata.cat/producte/papa-dibuixam-un-conte/" target="_blank" rel="noopener">Papa, dibuixa&#8217;m un conte</a><a href="https://www.edicionsdelpirata.cat/producte/papa-dibuixam-un-conte/" target="_blank" rel="noopener"><img decoding="async" class="alignleft wp-image-90522 size-thumbnail" src="https://www.edicionsdelpirata.cat/wp-content/uploads/2016/07/Papa_dibuixam_conte_llibre_contes_nens_7_anys-1-150x150.jpg" alt="reculls de contes, llibres nens, albums il·lustrats, contes infantils, contes amb valors, llibres de contes," width="150" height="150" title=""></a></h2>
<p>Espectaculars il·lustracions en aquest tendre recull de contes protagonitzats pels fills de l&#8217;autor, que ens ensenya com vèncer les pors infantils.</p>
<p>&nbsp;</p>
<p>&nbsp;</p>
<p>&nbsp;</p>
<p>&nbsp;</p>
<hr />
<h2><a href="https://www.edicionsdelpirata.cat/producte/setze-contes-divertits-parell-seriosos-contes-nens/" target="_blank" rel="noopener">Setze contes divertits i un parell de seriosos</a><a href="https://www.edicionsdelpirata.cat/producte/setze-contes-divertits-parell-seriosos-contes-nens/" target="_blank" rel="noopener"><img decoding="async" class="alignleft wp-image-90648 size-thumbnail" src="https://www.edicionsdelpirata.cat/wp-content/uploads/2015/11/Setze_contes_divertits_llibre_nens-1-150x150.jpg" alt="reculls de contes, contes infantils, llibres nens, llibres 7 anys," width="150" height="150" title=""></a></h2>
<p>Uns astronautes que exploren un planeta de molsa. Un vampir vegetarià. Una oficina que és un circ. Una detectiva de deu anys. Una rentadora que és una màquina del temps. Un gos atleta. Una pensió per a ocells…</p>
<p>&nbsp;</p>
<p>&nbsp;</p>
<p>&nbsp;</p>
<hr />
<h2><a href="https://www.edicionsdelpirata.cat/producte/obre-telo-sabates-accio-contes-8-anys/" target="_blank" rel="noopener">S&#8217;obre el teló: Sabates en acció!</a><a href="https://www.edicionsdelpirata.cat/producte/obre-telo-sabates-accio-contes-8-anys/" target="_blank" rel="noopener"><img decoding="async" class="alignleft wp-image-90623 size-thumbnail" src="https://www.edicionsdelpirata.cat/wp-content/uploads/2015/11/Obre_telo_sabates_accio_poesia_7_anys-1-150x150.jpg" alt="llibres nens, reculls de contes, poesia, llibres rimats, contes infantils rimats," width="150" height="150" title=""></a></h2>
<p>Tot un món de divertits poemes que tenen com a protagonistes els més diversos tipus de calçat. Històries pensades amb els peus que fan un repàs a les aventures i desventures d’una colla de sabates amb un toc d’ironia i humor.</p>
<p>&nbsp;</p>
<p>&nbsp;</p>
<p>&nbsp;</p>
<hr />
<h2><a href="https://www.edicionsdelpirata.cat/producte/contes-llop-8-anys/" target="_blank" rel="noopener">Els contes del llop</a><a href="https://www.edicionsdelpirata.cat/producte/contes-llop-8-anys/" target="_blank" rel="noopener"><img decoding="async" class="alignleft wp-image-90630 size-thumbnail" src="https://www.edicionsdelpirata.cat/wp-content/uploads/2015/11/Contes_llop_7_anys-1-150x150.jpg" alt="Contes del llop, 8 anys, llibre 9 anys, ramon monton, lectura 8 anys" width="150" height="150" title=""></a></h2>
<p>Un llop amable, quan no és a la Lluna, ens explica contes d’una princesa que no sabia tocar la guitarra, d’una gent que se saludava fent pam i pipa i d’una altra que es feia botifarra, d’un poble on feien servir els embuts com a paraigua…[/vc_column_text][/vc_column][/vc_row]</p>
</div>
