{"id":97007,"date":"2024-09-19T15:27:59","date_gmt":"2024-09-19T15:27:59","guid":{"rendered":"https:\/\/www.editorialelpirata.com\/?post_type=product&#038;p=97007"},"modified":"2025-03-05T14:53:01","modified_gmt":"2025-03-05T14:53:01","slug":"el-lladre-de-paraules","status":"publish","type":"product","link":"https:\/\/www.editorialelpirata.com\/ca\/Producte\/el-lladre-de-paraules\/","title":{"rendered":"EL LLADRE DE PARAULES"},"content":{"rendered":"<h1>Arriba la segona part de &#8220;L&#8217;aniversari robat&#8221;!<\/h1>\n<p>Han passat tres anys des de <strong><a href=\"http:\/\/www.edicionsdelpirata.cat\/producte\/llibre-12-anys-aniversari-robat\/\" target=\"_blank\" rel=\"noopener noreferrer\"><em>L&#8217;aniversari robat<\/em><\/a><\/strong> i en Regor ha anat a viure a <strong>Girona<\/strong> amb la seva fam\u00edlia. L&#8217;adaptaci\u00f3 a una nova ciutat i a un nou pa\u00eds \u00e9s dif\u00edcil per a tots, especialment per a ell. Per\u00f2 tot aix\u00f2 queda en un segon terme quan rep la visita del seu avantpassat, en Br\u00e2n, i quan, poc despr\u00e9s, un \u00e9sser misteri\u00f3s destrueix la seva habitaci\u00f3 i fa desapar\u00e8ixer totes les paraules de casa seva. El que en un principi sembla un fet a\u00efllat, r\u00e0pidament s&#8217;est\u00e9n per Girona i la ve\u00efna vila de Salt i porta el caos als seus habitants. Conven\u00e7ut que l&#8217;atac est\u00e0 relacionat amb ell, en Regor, amb l&#8217;ajuda de la seva millor amiga, la Bruna, i de l&#8217;Abdoulaye, viur\u00e0 una perillosa aventura que el portar\u00e0 a una dimensi\u00f3 desconeguda mentre la seva germana petita, l&#8217;Aneeb, intenta per tots els mitjans trobar la porta entre els dos universos.<\/p>\n<p>&#8220;El lladre de paraules&#8221; \u00e9s la segona part de <em><strong><a href=\"http:\/\/www.edicionsdelpirata.cat\/producte\/llibre-12-anys-aniversari-robat\/\" target=\"_blank\" rel=\"noopener\">L&#8217;aniversari robat<\/a><\/strong><\/em><\/p>\n<p>&nbsp;<\/p>\n","protected":false},"excerpt":{"rendered":"<h3>Llibre recomanat per a 12 anys<\/h3>\n<p>&#8220;El lladre de paraules&#8221; \u00e9s la segona part de <em><strong><a href=\"http:\/\/www.edicionsdelpirata.cat\/producte\/llibre-12-anys-aniversari-robat\/\">L&#8217;aniversari robat<\/a><\/strong><\/em>. Forma part de la col\u00b7lecci\u00f3\u00a0<b>&#8220;El Pirata Blau&#8221;<\/b>.<\/p>\n<p>&nbsp;<\/p>\n<p>Autor: <a href=\"https:\/\/www.edicionsdelpirata.cat\/frederic-mayol\/\" target=\"_blank\" rel=\"noopener noreferrer\">Frederic Mayol<\/a><\/p>\n<p>Il\u00b7lustrador: <a href=\"https:\/\/www.edicionsdelpirata.cat\/josep-lluis-martinez\/\" target=\"_blank\" rel=\"noopener noreferrer\">Josep Llu\u00eds Mart\u00ednez<\/a><\/p>\n","protected":false},"featured_media":97027,"template":"","meta":[],"product_brand":[],"product_cat":[2123,2296,2298,2302,2303,2311],"product_tag":[972,374,443,475,617,618,620,621,927],"class_list":{"0":"post-97007","1":"product","2":"type-product","3":"status-publish","4":"has-post-thumbnail","6":"product_cat-tots-els-llibres","7":"product_cat-el-pirata-blau","8":"product_cat-llibres-per-12-anys","9":"product_cat-frederic-mayol-i-ibanez","10":"product_cat-josep-lluis-martinez","11":"product_cat-11-12-nadal","12":"product_tag-literatura-institut","13":"product_tag-fantasia","14":"product_tag-llibres-infantils","15":"product_tag-llibres-adolescents","16":"product_tag-llibres-12-anys","17":"product_tag-literatura-juvenil","18":"product_tag-llibres-juvenils","19":"product_tag-ficcio-juvenil","20":"product_tag-misteri","22":"first","23":"instock","24":"shipping-taxable","25":"purchasable","26":"product-type-simple"},"_links":{"self":[{"href":"https:\/\/www.editorialelpirata.com\/ca\/wp-json\/wp\/v2\/product\/97007","targetHints":{"allow":["GET"]}}],"collection":[{"href":"https:\/\/www.editorialelpirata.com\/ca\/wp-json\/wp\/v2\/product"}],"about":[{"href":"https:\/\/www.editorialelpirata.com\/ca\/wp-json\/wp\/v2\/types\/product"}],"wp:featuredmedia":[{"embeddable":true,"href":"https:\/\/www.editorialelpirata.com\/ca\/wp-json\/wp\/v2\/media\/97027"}],"wp:attachment":[{"href":"https:\/\/www.editorialelpirata.com\/ca\/wp-json\/wp\/v2\/media?parent=97007"}],"wp:term":[{"taxonomy":"product_brand","embeddable":true,"href":"https:\/\/www.editorialelpirata.com\/ca\/wp-json\/wp\/v2\/product_brand?post=97007"},{"taxonomy":"product_cat","embeddable":true,"href":"https:\/\/www.editorialelpirata.com\/ca\/wp-json\/wp\/v2\/product_cat?post=97007"},{"taxonomy":"product_tag","embeddable":true,"href":"https:\/\/www.editorialelpirata.com\/ca\/wp-json\/wp\/v2\/product_tag?post=97007"}],"curies":[{"name":"wp","href":"https:\/\/api.w.org\/{rel}","templated":true}]}}

<h1>Arriba la segona part de &#8220;L&#8217;aniversari robat&#8221;!</h1>
<p>Han passat tres anys des de <strong><a href="http://www.edicionsdelpirata.cat/producte/llibre-12-anys-aniversari-robat/" target="_blank" rel="noopener noreferrer"><em>L&#8217;aniversari robat</em></a></strong> i en Regor ha anat a viure a <strong>Girona</strong> amb la seva família. L&#8217;adaptació a una nova ciutat i a un nou país és difícil per a tots, especialment per a ell. Però tot això queda en un segon terme quan rep la visita del seu avantpassat, en Brân, i quan, poc després, un ésser misteriós destrueix la seva habitació i fa desaparèixer totes les paraules de casa seva. El que en un principi sembla un fet aïllat, ràpidament s&#8217;estén per Girona i la veïna vila de Salt i porta el caos als seus habitants. Convençut que l&#8217;atac està relacionat amb ell, en Regor, amb l&#8217;ajuda de la seva millor amiga, la Bruna, i de l&#8217;Abdoulaye, viurà una perillosa aventura que el portarà a una dimensió desconeguda mentre la seva germana petita, l&#8217;Aneeb, intenta per tots els mitjans trobar la porta entre els dos universos.</p>
<p>&#8220;El lladre de paraules&#8221; és la segona part de <em><strong><a href="http://www.edicionsdelpirata.cat/producte/llibre-12-anys-aniversari-robat/" target="_blank" rel="noopener">L&#8217;aniversari robat</a></strong></em></p>
<p>&nbsp;</p>

<h3>Llibre recomanat per a 12 anys</h3>
<p>&#8220;El lladre de paraules&#8221; és la segona part de <em><strong><a href="http://www.edicionsdelpirata.cat/producte/llibre-12-anys-aniversari-robat/">L&#8217;aniversari robat</a></strong></em>. Forma part de la col·lecció <b>&#8220;El Pirata Blau&#8221;</b>.</p>
<p>&nbsp;</p>
<p>Autor: <a href="https://www.edicionsdelpirata.cat/frederic-mayol/" target="_blank" rel="noopener noreferrer">Frederic Mayol</a></p>
<p>Il·lustrador: <a href="https://www.edicionsdelpirata.cat/josep-lluis-martinez/" target="_blank" rel="noopener noreferrer">Josep Lluís Martínez</a></p>
