{"id":96997,"date":"2024-09-19T15:27:51","date_gmt":"2024-09-19T15:27:51","guid":{"rendered":"https:\/\/www.editorialelpirata.com\/?post_type=product&#038;p=96997"},"modified":"2025-03-05T14:53:01","modified_gmt":"2025-03-05T14:53:01","slug":"han-segrestat-les-bessones","status":"publish","type":"product","link":"https:\/\/www.editorialelpirata.com\/ca\/Producte\/han-segrestat-les-bessones\/","title":{"rendered":"HAN SEGRESTAT LES BESSONES"},"content":{"rendered":"<h1>Una interessant hist\u00f2ria d&#8217;investigaci\u00f3<\/h1>\n<p>Les bessones Anna i Ibi, filles d\u2019un especialista mundial en jocs de paraules, han estat segrestades, de forma misteriosa, per uns malfactors. Aquest dif\u00edcil cas, que mantindr\u00e0 angoixada la fam\u00edlia de les noies fins al darrer moment, estar\u00e0 a c\u00e0rrec de l\u2019efica\u00e7 inspector Moncada, que trobar\u00e0 un aliat inesperat en un jove pastor de muntanya afeccionat a les noves tecnologies.<\/p>\n","protected":false},"excerpt":{"rendered":"<h3>A partir de 12 anys<\/h3>\n<p><strong>&#8220;Han segrestat les bessones&#8221; <\/strong>forma part de la col\u00b7lecci\u00f3 <b>&#8220;El Pirata Blau&#8221;<\/b>.<\/p>\n<p>&nbsp;<\/p>\n<p>Autora: <a href=\"https:\/\/www.edicionsdelpirata.cat\/merce-masnou\/\" target=\"_blank\" rel=\"noopener noreferrer\">Merc\u00e8 Masnou<\/a><\/p>\n<p>Il\u00b7lustradora: <a href=\"https:\/\/www.edicionsdelpirata.cat\/gemma-sales-amill\/\" target=\"_blank\" rel=\"noopener noreferrer\">Gemma Sales<\/a><\/p>\n","protected":false},"featured_media":97004,"template":"","meta":[],"product_brand":[],"product_cat":[2123,2192,2222,2296,2298],"product_tag":[443,472,475,617,620,927,965],"class_list":{"0":"post-96997","1":"product","2":"type-product","3":"status-publish","4":"has-post-thumbnail","6":"product_cat-tots-els-llibres","7":"product_cat-gemma-sales-amill-illustradors","8":"product_cat-merce-masnou","9":"product_cat-el-pirata-blau","10":"product_cat-llibres-per-12-anys","11":"product_tag-llibres-infantils","12":"product_tag-llibres-institut","13":"product_tag-llibres-adolescents","14":"product_tag-llibres-12-anys","15":"product_tag-llibres-juvenils","16":"product_tag-misteri","17":"product_tag-adolescents","19":"first","20":"instock","21":"sale","22":"shipping-taxable","23":"purchasable","24":"product-type-simple"},"_links":{"self":[{"href":"https:\/\/www.editorialelpirata.com\/ca\/wp-json\/wp\/v2\/product\/96997","targetHints":{"allow":["GET"]}}],"collection":[{"href":"https:\/\/www.editorialelpirata.com\/ca\/wp-json\/wp\/v2\/product"}],"about":[{"href":"https:\/\/www.editorialelpirata.com\/ca\/wp-json\/wp\/v2\/types\/product"}],"wp:featuredmedia":[{"embeddable":true,"href":"https:\/\/www.editorialelpirata.com\/ca\/wp-json\/wp\/v2\/media\/97004"}],"wp:attachment":[{"href":"https:\/\/www.editorialelpirata.com\/ca\/wp-json\/wp\/v2\/media?parent=96997"}],"wp:term":[{"taxonomy":"product_brand","embeddable":true,"href":"https:\/\/www.editorialelpirata.com\/ca\/wp-json\/wp\/v2\/product_brand?post=96997"},{"taxonomy":"product_cat","embeddable":true,"href":"https:\/\/www.editorialelpirata.com\/ca\/wp-json\/wp\/v2\/product_cat?post=96997"},{"taxonomy":"product_tag","embeddable":true,"href":"https:\/\/www.editorialelpirata.com\/ca\/wp-json\/wp\/v2\/product_tag?post=96997"}],"curies":[{"name":"wp","href":"https:\/\/api.w.org\/{rel}","templated":true}]}}

<h1>Una interessant història d&#8217;investigació</h1>
<p>Les bessones Anna i Ibi, filles d’un especialista mundial en jocs de paraules, han estat segrestades, de forma misteriosa, per uns malfactors. Aquest difícil cas, que mantindrà angoixada la família de les noies fins al darrer moment, estarà a càrrec de l’eficaç inspector Moncada, que trobarà un aliat inesperat en un jove pastor de muntanya afeccionat a les noves tecnologies.</p>

<h3>A partir de 12 anys</h3>
<p><strong>&#8220;Han segrestat les bessones&#8221; </strong>forma part de la col·lecció <b>&#8220;El Pirata Blau&#8221;</b>.</p>
<p>&nbsp;</p>
<p>Autora: <a href="https://www.edicionsdelpirata.cat/merce-masnou/" target="_blank" rel="noopener noreferrer">Mercè Masnou</a></p>
<p>Il·lustradora: <a href="https://www.edicionsdelpirata.cat/gemma-sales-amill/" target="_blank" rel="noopener noreferrer">Gemma Sales</a></p>
