{"id":96939,"date":"2024-09-19T15:27:05","date_gmt":"2024-09-19T15:27:05","guid":{"rendered":"https:\/\/www.editorialelpirata.com\/?post_type=product&#038;p=96939"},"modified":"2025-03-05T14:52:43","modified_gmt":"2025-03-05T14:52:43","slug":"nyatiti-la-filla-del-clan","status":"publish","type":"product","link":"https:\/\/www.editorialelpirata.com\/ca\/Producte\/nyatiti-la-filla-del-clan\/","title":{"rendered":"NYATITI, LA FILLA DEL CLAN"},"content":{"rendered":"<h1>Un llibre ple d&#8217;aventura i imaginaci\u00f3<\/h1>\n<p>Nyatiti, la filla del clan, viu en un indret tan meravell\u00f3s que per ella les aut\u00e8ntiques meravelles s\u00f3n els senders de llarg recorregut, conduir un 4&#215;4, fer pirag\u00fcisme riu avall, volar amb un avi\u00f3 ultralleuger, saltar amb ala delta, practicar el parapent, anar de cacera, o baixar pistes de neu fent esl\u00e0lom. I tot aix\u00f2, a la riba d&#8217;un riu on les cries de cocodril es congreguen amb els personatges m\u00e9s populars del m\u00f3n, tant si neva com si plou, mentre la Nyatiti toca la seva lira.<\/p>\n<p>&nbsp;<\/p>\n<hr \/>\n<h3><a href=\"https:\/\/drive.google.com\/file\/d\/1R_1vEERWDXONHdSDbxHtdMjI_OPHlBn4\/view?usp=sharing\" target=\"_blank\" rel=\"noopener noreferrer\">Descarrega\u2019t la proposta did\u00e1ctica gratu\u00efta sobre aquest llibre!<\/a><\/h3>\n","protected":false},"excerpt":{"rendered":"<h3>Llibre guanyador del <strong>Premi Lola Anglada<\/strong><\/h3>\n<p><strong>&#8220;Nyatiti, la filla del clan&#8221; <\/strong>forma part de la col\u00b7lecci\u00f3 <b>&#8220;El Pirata Verd&#8221;<\/b>, per a nens de 10 anys.<\/p>\n<p>&nbsp;<\/p>\n<p>Autor: <a href=\"https:\/\/www.edicionsdelpirata.cat\/andreu-sotorra\/\" target=\"_blank\" rel=\"noopener noreferrer\">Andreu Sotorra<\/a><\/p>\n<p>Il\u00b7lustradora: <a href=\"https:\/\/www.edicionsdelpirata.cat\/mabel-pierola\/\" target=\"_blank\" rel=\"noopener noreferrer\">Mabel Pi\u00e9rola<\/a><\/p>\n","protected":false},"featured_media":96963,"template":"","meta":[],"product_brand":[],"product_cat":[2123,2170,2193,2247,2278],"product_tag":[427,429,439,460,465,656],"class_list":{"0":"post-96939","1":"product","2":"type-product","3":"status-publish","4":"has-post-thumbnail","6":"product_cat-tots-els-llibres","7":"product_cat-llibres-per-10-anys","8":"product_cat-mabel-pierola","9":"product_cat-el-pirata-verd","10":"product_cat-andreu-sotorra","11":"product_tag-llibres-nens","12":"product_tag-contes-infantils","13":"product_tag-aventures","14":"product_tag-llibres-10-anys","15":"product_tag-llibres-aventures","16":"product_tag-llibres-divertits","18":"first","19":"instock","20":"sale","21":"shipping-taxable","22":"purchasable","23":"product-type-simple"},"_links":{"self":[{"href":"https:\/\/www.editorialelpirata.com\/ca\/wp-json\/wp\/v2\/product\/96939","targetHints":{"allow":["GET"]}}],"collection":[{"href":"https:\/\/www.editorialelpirata.com\/ca\/wp-json\/wp\/v2\/product"}],"about":[{"href":"https:\/\/www.editorialelpirata.com\/ca\/wp-json\/wp\/v2\/types\/product"}],"wp:featuredmedia":[{"embeddable":true,"href":"https:\/\/www.editorialelpirata.com\/ca\/wp-json\/wp\/v2\/media\/96963"}],"wp:attachment":[{"href":"https:\/\/www.editorialelpirata.com\/ca\/wp-json\/wp\/v2\/media?parent=96939"}],"wp:term":[{"taxonomy":"product_brand","embeddable":true,"href":"https:\/\/www.editorialelpirata.com\/ca\/wp-json\/wp\/v2\/product_brand?post=96939"},{"taxonomy":"product_cat","embeddable":true,"href":"https:\/\/www.editorialelpirata.com\/ca\/wp-json\/wp\/v2\/product_cat?post=96939"},{"taxonomy":"product_tag","embeddable":true,"href":"https:\/\/www.editorialelpirata.com\/ca\/wp-json\/wp\/v2\/product_tag?post=96939"}],"curies":[{"name":"wp","href":"https:\/\/api.w.org\/{rel}","templated":true}]}}

<h1>Un llibre ple d&#8217;aventura i imaginació</h1>
<p>Nyatiti, la filla del clan, viu en un indret tan meravellós que per ella les autèntiques meravelles són els senders de llarg recorregut, conduir un 4&#215;4, fer piragüisme riu avall, volar amb un avió ultralleuger, saltar amb ala delta, practicar el parapent, anar de cacera, o baixar pistes de neu fent eslàlom. I tot això, a la riba d&#8217;un riu on les cries de cocodril es congreguen amb els personatges més populars del món, tant si neva com si plou, mentre la Nyatiti toca la seva lira.</p>
<p>&nbsp;</p>
<hr />
<h3><a href="https://drive.google.com/file/d/1R_1vEERWDXONHdSDbxHtdMjI_OPHlBn4/view?usp=sharing" target="_blank" rel="noopener noreferrer">Descarrega’t la proposta didáctica gratuïta sobre aquest llibre!</a></h3>

<h3>Llibre guanyador del <strong>Premi Lola Anglada</strong></h3>
<p><strong>&#8220;Nyatiti, la filla del clan&#8221; </strong>forma part de la col·lecció <b>&#8220;El Pirata Verd&#8221;</b>, per a nens de 10 anys.</p>
<p>&nbsp;</p>
<p>Autor: <a href="https://www.edicionsdelpirata.cat/andreu-sotorra/" target="_blank" rel="noopener noreferrer">Andreu Sotorra</a></p>
<p>Il·lustradora: <a href="https://www.edicionsdelpirata.cat/mabel-pierola/" target="_blank" rel="noopener noreferrer">Mabel Piérola</a></p>
