{"id":96876,"date":"2024-09-19T15:26:20","date_gmt":"2024-09-19T15:26:20","guid":{"rendered":"https:\/\/www.editorialelpirata.com\/?post_type=product&#038;p=96876"},"modified":"2025-03-05T14:52:24","modified_gmt":"2025-03-05T14:52:24","slug":"el-diable-vermell","status":"publish","type":"product","link":"https:\/\/www.editorialelpirata.com\/ca\/Producte\/el-diable-vermell\/","title":{"rendered":"EL DIABLE VERMELL"},"content":{"rendered":"<h1>Una aventura plena de fantasia<\/h1>\n<blockquote><p>\u2013\u201cNo hi ha ni una trista font en aquest bosc? \u2013va remugar la bruixa Bruta.<\/p>\n<p>La lletjor de la dona augmentava per moments: els cabells se li van posar de punta com una granera vella, el nas ganxut va mudar de color i es va tornar morat\u00a0 com una alberg\u00ednia, la r\u00e0bia li enrogia els ulls i esbufegava com la seva mula vella quan el cam\u00ed fa pujada.<\/p>\n<p>-Aquesta me la pagareu tots plegats! Quedeu amb el diable!\u201d<\/p><\/blockquote>\n<p>D\u2019un cop de fuet, la bruixa va deixar anar el diable vermell, que es va convertir en un bon maldecap per a la gent de la vall i del bosc, fins que l\u2019Esquitx, el nan m\u00e9s menut i eixerit, el Sr. Picot del capell vermell i la Sra. Llebre Blanca van unir esfor\u00e7os a la recerca de la fada G\u00e8lida\u00a0 que vivia al cim nevat de les muntanyes.<\/p>\n","protected":false},"excerpt":{"rendered":"<h3>A partir de 8 anys<\/h3>\n<p><strong>&#8220;El diable vermell&#8221;<\/strong> forma part de la col\u00b7lecci\u00f3 <b>&#8220;El Pirata Groc&#8221;<\/b>.<\/p>\n<p>&nbsp;<\/p>\n<p>Autora: <a href=\"https:\/\/www.edicionsdelpirata.cat\/remei-franch-i-catala\/\" target=\"_blank\" rel=\"noopener noreferrer\">Remei Franch<\/a><\/p>\n<p>Il\u00b7lustradora: <a href=\"https:\/\/www.edicionsdelpirata.cat\/eva-janariz\/\" target=\"_blank\" rel=\"noopener noreferrer\">Eva Jan\u00e0riz<\/a><\/p>\n","protected":false},"featured_media":96877,"template":"","meta":[],"product_brand":[],"product_cat":[2123,2129,2164,2198,2220],"product_tag":[427,429,441,606],"class_list":{"0":"post-96876","1":"product","2":"type-product","3":"status-publish","4":"has-post-thumbnail","6":"product_cat-tots-els-llibres","7":"product_cat-eva-janariz-illustradors","8":"product_cat-llibres-per-8-anys","9":"product_cat-el-pirata-groc","10":"product_cat-remei-franch-i-catala","11":"product_tag-llibres-nens","12":"product_tag-contes-infantils","13":"product_tag-llibres-8-anys","14":"product_tag-contes-fantasia","16":"first","17":"instock","18":"sale","19":"shipping-taxable","20":"purchasable","21":"product-type-simple"},"_links":{"self":[{"href":"https:\/\/www.editorialelpirata.com\/ca\/wp-json\/wp\/v2\/product\/96876","targetHints":{"allow":["GET"]}}],"collection":[{"href":"https:\/\/www.editorialelpirata.com\/ca\/wp-json\/wp\/v2\/product"}],"about":[{"href":"https:\/\/www.editorialelpirata.com\/ca\/wp-json\/wp\/v2\/types\/product"}],"wp:featuredmedia":[{"embeddable":true,"href":"https:\/\/www.editorialelpirata.com\/ca\/wp-json\/wp\/v2\/media\/96877"}],"wp:attachment":[{"href":"https:\/\/www.editorialelpirata.com\/ca\/wp-json\/wp\/v2\/media?parent=96876"}],"wp:term":[{"taxonomy":"product_brand","embeddable":true,"href":"https:\/\/www.editorialelpirata.com\/ca\/wp-json\/wp\/v2\/product_brand?post=96876"},{"taxonomy":"product_cat","embeddable":true,"href":"https:\/\/www.editorialelpirata.com\/ca\/wp-json\/wp\/v2\/product_cat?post=96876"},{"taxonomy":"product_tag","embeddable":true,"href":"https:\/\/www.editorialelpirata.com\/ca\/wp-json\/wp\/v2\/product_tag?post=96876"}],"curies":[{"name":"wp","href":"https:\/\/api.w.org\/{rel}","templated":true}]}}

<h1>Una aventura plena de fantasia</h1>
<blockquote><p>–“No hi ha ni una trista font en aquest bosc? –va remugar la bruixa Bruta.</p>
<p>La lletjor de la dona augmentava per moments: els cabells se li van posar de punta com una granera vella, el nas ganxut va mudar de color i es va tornar morat  com una albergínia, la ràbia li enrogia els ulls i esbufegava com la seva mula vella quan el camí fa pujada.</p>
<p>-Aquesta me la pagareu tots plegats! Quedeu amb el diable!”</p></blockquote>
<p>D’un cop de fuet, la bruixa va deixar anar el diable vermell, que es va convertir en un bon maldecap per a la gent de la vall i del bosc, fins que l’Esquitx, el nan més menut i eixerit, el Sr. Picot del capell vermell i la Sra. Llebre Blanca van unir esforços a la recerca de la fada Gèlida  que vivia al cim nevat de les muntanyes.</p>

<h3>A partir de 8 anys</h3>
<p><strong>&#8220;El diable vermell&#8221;</strong> forma part de la col·lecció <b>&#8220;El Pirata Groc&#8221;</b>.</p>
<p>&nbsp;</p>
<p>Autora: <a href="https://www.edicionsdelpirata.cat/remei-franch-i-catala/" target="_blank" rel="noopener noreferrer">Remei Franch</a></p>
<p>Il·lustradora: <a href="https://www.edicionsdelpirata.cat/eva-janariz/" target="_blank" rel="noopener noreferrer">Eva Janàriz</a></p>
