{"id":96800,"date":"2024-09-19T15:25:23","date_gmt":"2024-09-19T15:25:23","guid":{"rendered":"https:\/\/www.editorialelpirata.com\/?post_type=product&#038;p=96800"},"modified":"2025-03-05T14:51:57","modified_gmt":"2025-03-05T14:51:57","slug":"lavi-descocia","status":"publish","type":"product","link":"https:\/\/www.editorialelpirata.com\/ca\/Producte\/lavi-descocia\/","title":{"rendered":"L&#8217;AVI D&#8217;ESC\u00d2CIA"},"content":{"rendered":"<h1>Amb el suport del Departament de Cultura<\/h1>\n<p>Descobreix Esc\u00f2cia amb les divertides aventures de l\u2019Anna i en Jordi quan van a passar uns dies amb dos tossuts nobles escocesos: l\u2019avi Edward, el de la pipa amb cap de lle\u00f3, i el seu amic Sir John, el de la pipa amb cap de tigre.<\/p>\n<p>La trobada amb el monstre del llac Ness i un segrest s\u00f3n nom\u00e9s algunes de les situacions en qu\u00e8 els dos germans es troben involucrats.<\/p>\n<p>&nbsp;<\/p>\n<hr \/>\n<h3><a href=\"https:\/\/drive.google.com\/file\/d\/1tvPk87O3qIfqsMoV29tNZIqN1fU80_aF\/view?usp=sharing\" target=\"_blank\" rel=\"noopener noreferrer\">Descarrega\u2019t la proposta did\u00e1ctica gratu\u00efta sobre aquest llibre!<\/a><\/h3>\n","protected":false},"excerpt":{"rendered":"<h3>Un llibre il\u00b7lustrat per Pilar\u00edn Bay\u00e9s<\/h3>\n<p><strong>&#8220;L&#8217;avi d&#8217;Esc\u00f2cia&#8221;<\/strong> forma part de la col\u00b7lecci\u00f3 <b>&#8220;El Pirata Groc&#8221;<\/b>. Oriol Verg\u00e9s i Pilar\u00edn Bay\u00e9s han aconseguit crear un fant\u00e0stic llibre ple d&#8217;aventures ambientades a Esc\u00f2cia.<\/p>\n<p>&nbsp;<\/p>\n<p>Autor: <a href=\"https:\/\/www.edicionsdelpirata.cat\/oriol-verges\/\" target=\"_blank\" rel=\"noopener noreferrer\">Oriol Verg\u00e9s<\/a><\/p>\n<p>Il\u00b7lustradora: <a href=\"https:\/\/www.edicionsdelpirata.cat\/pilarin-bayes\/\" target=\"_blank\" rel=\"noopener noreferrer\">Pilar\u00edn Bay\u00e9s<\/a><\/p>\n","protected":false},"featured_media":96815,"template":"","meta":[],"product_brand":[],"product_cat":[2203,2123,2164,2198,2202],"product_tag":[199,427,429,441,598],"class_list":{"0":"post-96800","1":"product","2":"type-product","3":"status-publish","4":"has-post-thumbnail","6":"product_cat-pilarin-bayes","7":"product_cat-tots-els-llibres","8":"product_cat-llibres-per-8-anys","9":"product_cat-el-pirata-groc","10":"product_cat-oriol-verges","11":"product_tag-pilarin-bayes","12":"product_tag-llibres-nens","13":"product_tag-contes-infantils","14":"product_tag-llibres-8-anys","15":"product_tag-contes-8-anys","17":"first","18":"instock","19":"shipping-taxable","20":"purchasable","21":"product-type-simple"},"_links":{"self":[{"href":"https:\/\/www.editorialelpirata.com\/ca\/wp-json\/wp\/v2\/product\/96800","targetHints":{"allow":["GET"]}}],"collection":[{"href":"https:\/\/www.editorialelpirata.com\/ca\/wp-json\/wp\/v2\/product"}],"about":[{"href":"https:\/\/www.editorialelpirata.com\/ca\/wp-json\/wp\/v2\/types\/product"}],"wp:featuredmedia":[{"embeddable":true,"href":"https:\/\/www.editorialelpirata.com\/ca\/wp-json\/wp\/v2\/media\/96815"}],"wp:attachment":[{"href":"https:\/\/www.editorialelpirata.com\/ca\/wp-json\/wp\/v2\/media?parent=96800"}],"wp:term":[{"taxonomy":"product_brand","embeddable":true,"href":"https:\/\/www.editorialelpirata.com\/ca\/wp-json\/wp\/v2\/product_brand?post=96800"},{"taxonomy":"product_cat","embeddable":true,"href":"https:\/\/www.editorialelpirata.com\/ca\/wp-json\/wp\/v2\/product_cat?post=96800"},{"taxonomy":"product_tag","embeddable":true,"href":"https:\/\/www.editorialelpirata.com\/ca\/wp-json\/wp\/v2\/product_tag?post=96800"}],"curies":[{"name":"wp","href":"https:\/\/api.w.org\/{rel}","templated":true}]}}

L&#8217;AVI D&#8217;ESCÒCIA

<h1>Amb el suport del Departament de Cultura</h1>
<p>Descobreix Escòcia amb les divertides aventures de l’Anna i en Jordi quan van a passar uns dies amb dos tossuts nobles escocesos: l’avi Edward, el de la pipa amb cap de lleó, i el seu amic Sir John, el de la pipa amb cap de tigre.</p>
<p>La trobada amb el monstre del llac Ness i un segrest són només algunes de les situacions en què els dos germans es troben involucrats.</p>
<p>&nbsp;</p>
<hr />
<h3><a href="https://drive.google.com/file/d/1tvPk87O3qIfqsMoV29tNZIqN1fU80_aF/view?usp=sharing" target="_blank" rel="noopener noreferrer">Descarrega’t la proposta didáctica gratuïta sobre aquest llibre!</a></h3>

<h3>Un llibre il·lustrat per Pilarín Bayés</h3>
<p><strong>&#8220;L&#8217;avi d&#8217;Escòcia&#8221;</strong> forma part de la col·lecció <b>&#8220;El Pirata Groc&#8221;</b>. Oriol Vergés i Pilarín Bayés han aconseguit crear un fantàstic llibre ple d&#8217;aventures ambientades a Escòcia.</p>
<p>&nbsp;</p>
<p>Autor: <a href="https://www.edicionsdelpirata.cat/oriol-verges/" target="_blank" rel="noopener noreferrer">Oriol Vergés</a></p>
<p>Il·lustradora: <a href="https://www.edicionsdelpirata.cat/pilarin-bayes/" target="_blank" rel="noopener noreferrer">Pilarín Bayés</a></p>
