{"id":96794,"date":"2024-09-19T15:25:20","date_gmt":"2024-09-19T15:25:20","guid":{"rendered":"https:\/\/www.editorialelpirata.com\/?post_type=product&#038;p=96794"},"modified":"2025-10-31T09:22:26","modified_gmt":"2025-10-31T09:22:26","slug":"bamva-el-rei-del-tron-corcat-i-altres-contes","status":"publish","type":"product","link":"https:\/\/www.editorialelpirata.com\/ca\/Producte\/bamva-el-rei-del-tron-corcat-i-altres-contes\/","title":{"rendered":"BAMVA, EL REI DEL TRON CORCAT I ALTRES CONTES"},"content":{"rendered":"<h1>Un recull de contes d&#8217;all\u00f2 m\u00e9s fant\u00e0stics<\/h1>\n<p>&nbsp;<\/p>\n<p>En Bamva \u00e9s un rei, per\u00f2 tamb\u00e9 \u00e9s un fart d&#8217;olla que menja com una truja; no hi ha res que l&#8217;aturi fins que arriba al seu regne un cuc de la fusta, \u00e9s a dir, un corc, que se li cruspeix el tron. I qu\u00e8 passa aleshores? Doncs&#8230; cal llegir-ho. En Remigi \u00e9s un campaner que toca les campanes com si toqu\u00e9s el viol\u00ed. Un dia ha de canviar de feina i li ofereixen de fer d&#8217;espantaocells, per\u00f2 en Remigi nom\u00e9s sap tocar les campanes. Qu\u00e8 far\u00e0 ara? Ah&#8230;! I en Gil \u00e9s un trobador a qui fan un regal especial: un paraigua. Camina que caminar\u00e0s se les ha de veure amb un ogre; nom\u00e9s t\u00e9 el paraigua per atacar o per defensar-se. Qu\u00e8 triar\u00e0 de fer?<\/p>\n<p>&nbsp;<\/p>\n<p>&nbsp;<\/p>\n<hr \/>\n<h3><a href=\"https:\/\/drive.google.com\/file\/d\/1UB6zyoW3PW0rzg8IPxBK7i7-mcMkFzFr\/view?usp=sharing\" target=\"_blank\" rel=\"noopener noreferrer\">Descarrega\u2019t la proposta did\u00e1ctica gratu\u00efta sobre aquest llibre!<\/a><\/h3>\n","protected":false},"excerpt":{"rendered":"<h3>A partir de 7 anys<\/h3>\n<p><strong>&#8220;Bamva, el rei del tron corcat&#8221;<\/strong> \u00e9s un dels llibres de la col\u00b7lecci\u00f3 <b>&#8220;El Pirata Carbassa&#8221;<\/b>. La col\u00b7lecci\u00f3 est\u00e0 pensada per a nanos d&#8217;una edat aproximada d&#8217;uns 7 anys.<\/p>\n<p>&nbsp;<\/p>\n<p>Autora: <a href=\"https:\/\/www.edicionsdelpirata.cat\/merce-company\/\" target=\"_blank\" rel=\"noopener noreferrer\">Merc\u00e8 Company<\/a><\/p>\n<p>Il\u00b7lustrador: <a href=\"https:\/\/www.edicionsdelpirata.cat\/agusti-asensio\/\" target=\"_blank\" rel=\"noopener noreferrer\">Agust\u00ed Asensio<\/a><\/p>\n","protected":false},"featured_media":96804,"template":"","meta":[],"product_brand":[],"product_cat":[2123,2184,2186,2195,2196],"product_tag":[3157,708,3724,2798,2881,2984],"class_list":{"0":"post-96794","1":"product","2":"type-product","3":"status-publish","4":"has-post-thumbnail","6":"product_cat-tots-els-llibres","7":"product_cat-el-pirata-carbassa","8":"product_cat-llibres-per-7-anys","9":"product_cat-agusti-asensio","10":"product_cat-merce-company","11":"product_tag-llibres-nens-ca-2","12":"product_tag-llibres-contes","13":"product_tag-childrens-books-ca","14":"product_tag-llibres-7-anys-ca","15":"product_tag-contes-infantils-ca","16":"product_tag-contes-nens-ca","18":"first","19":"instock","20":"shipping-taxable","21":"purchasable","22":"product-type-simple"},"_links":{"self":[{"href":"https:\/\/www.editorialelpirata.com\/ca\/wp-json\/wp\/v2\/product\/96794","targetHints":{"allow":["GET"]}}],"collection":[{"href":"https:\/\/www.editorialelpirata.com\/ca\/wp-json\/wp\/v2\/product"}],"about":[{"href":"https:\/\/www.editorialelpirata.com\/ca\/wp-json\/wp\/v2\/types\/product"}],"wp:featuredmedia":[{"embeddable":true,"href":"https:\/\/www.editorialelpirata.com\/ca\/wp-json\/wp\/v2\/media\/96804"}],"wp:attachment":[{"href":"https:\/\/www.editorialelpirata.com\/ca\/wp-json\/wp\/v2\/media?parent=96794"}],"wp:term":[{"taxonomy":"product_brand","embeddable":true,"href":"https:\/\/www.editorialelpirata.com\/ca\/wp-json\/wp\/v2\/product_brand?post=96794"},{"taxonomy":"product_cat","embeddable":true,"href":"https:\/\/www.editorialelpirata.com\/ca\/wp-json\/wp\/v2\/product_cat?post=96794"},{"taxonomy":"product_tag","embeddable":true,"href":"https:\/\/www.editorialelpirata.com\/ca\/wp-json\/wp\/v2\/product_tag?post=96794"}],"curies":[{"name":"wp","href":"https:\/\/api.w.org\/{rel}","templated":true}]}}

<h1>Un recull de contes d&#8217;allò més fantàstics</h1>
<p>&nbsp;</p>
<p>En Bamva és un rei, però també és un fart d&#8217;olla que menja com una truja; no hi ha res que l&#8217;aturi fins que arriba al seu regne un cuc de la fusta, és a dir, un corc, que se li cruspeix el tron. I què passa aleshores? Doncs&#8230; cal llegir-ho. En Remigi és un campaner que toca les campanes com si toqués el violí. Un dia ha de canviar de feina i li ofereixen de fer d&#8217;espantaocells, però en Remigi només sap tocar les campanes. Què farà ara? Ah&#8230;! I en Gil és un trobador a qui fan un regal especial: un paraigua. Camina que caminaràs se les ha de veure amb un ogre; només té el paraigua per atacar o per defensar-se. Què triarà de fer?</p>
<p>&nbsp;</p>
<p>&nbsp;</p>
<hr />
<h3><a href="https://drive.google.com/file/d/1UB6zyoW3PW0rzg8IPxBK7i7-mcMkFzFr/view?usp=sharing" target="_blank" rel="noopener noreferrer">Descarrega’t la proposta didáctica gratuïta sobre aquest llibre!</a></h3>

<h3>A partir de 7 anys</h3>
<p><strong>&#8220;Bamva, el rei del tron corcat&#8221;</strong> és un dels llibres de la col·lecció <b>&#8220;El Pirata Carbassa&#8221;</b>. La col·lecció està pensada per a nanos d&#8217;una edat aproximada d&#8217;uns 7 anys.</p>
<p>&nbsp;</p>
<p>Autora: <a href="https://www.edicionsdelpirata.cat/merce-company/" target="_blank" rel="noopener noreferrer">Mercè Company</a></p>
<p>Il·lustrador: <a href="https://www.edicionsdelpirata.cat/agusti-asensio/" target="_blank" rel="noopener noreferrer">Agustí Asensio</a></p>
