{"id":96682,"date":"2024-09-19T15:24:00","date_gmt":"2024-09-19T15:24:00","guid":{"rendered":"https:\/\/www.editorialelpirata.com\/?post_type=product&#038;p=96682"},"modified":"2025-04-01T08:55:59","modified_gmt":"2025-04-01T08:55:59","slug":"sant-jordi-i-el-drac-devorallibres","status":"publish","type":"product","link":"https:\/\/www.editorialelpirata.com\/ca\/Producte\/sant-jordi-i-el-drac-devorallibres\/","title":{"rendered":"SANT JORDI I EL DRAC DEVORALLIBRES"},"content":{"rendered":"<div class=\"wpb-content-wrapper\"><p>[vc_row][vc_column width=&#8221;1\/1&#8243;][vc_column_text uncode_shortcode_id=&#8221;157182&#8243;]<\/p>\n<h1 style=\"text-align: center;\">Una hist\u00f2ria de Sant Jordi diferent i plena de contes cl\u00e0ssics<\/h1>\n<p>Sant Jordi, per salvar la pell, es converteix en un aut\u00e8ntic <strong>contacontes<\/strong> i el m\u00e9s sorprenent \u00e9s que ho fa tan b\u00e9 que el drac, en lloc de menjar-se\u2019l, acaba sent un devora llibres! Per\u00f2 potser no amb el sentit que et penses&#8230; quina una que n\u2019organitzar\u00e0!<\/p>\n<p>A m\u00e9s, durant el llibre podr\u00e0s testejar els teus coneixements sobre d\u2019altres contes infantils com en <strong>Patufet<\/strong> i la <strong>Caputxeta Vermella<\/strong>!<\/p>\n<p>Al final del llibre podr\u00e0s con\u00e8ixer la veritable hist\u00f2ria de Sant Jordi i a la resta&#8230; <strong>prepara\u2019t<\/strong>!<\/p>\n<p>El text \u00e9s molt din\u00e0mic, combinant el text amb <strong>bafarades de c\u00f2mic<\/strong> que fan la lectura molt amena.[\/vc_column_text][vc_raw_html]JTNDaWZyYW1lJTIwd2lkdGglM0QlMjI1MTJweCUyMiUyMGhlaWdodCUzRCUyMjM4NHB4JTIyJTIwc3JjJTNEJTIyaHR0cHMlM0ElMkYlMkZ3d3cueXVtcHUuY29tJTJGeHglMkZlbWJlZCUyRnZpZXclMkZ0VFlMdTAyNVBKam1iM0tJJTIyJTIwZnJhbWVib3JkZXIlM0QlMjIwJTIyJTIwYWxsb3dmdWxsc2NyZWVuJTNEJTIydHJ1ZSUyMiUyMGFsbG93dHJhbnNwYXJlbmN5JTNEJTIydHJ1ZSUyMiUzRSUzQyUyRmlmcmFtZSUzRSUyMCUyMCUyMCUyMCUyMCUyMCUyMCUyMCUyMCUyMCUyMCUyMCUyMCUyMCUyMCUyMCUyMCUyMCUyMCUyMCUyMCUyMCUyMCUyMCUyMCUyMCUyMCUyMCUyMCUyMCUyMCUyMCUyMCUyMCUyMCUyMCUyMCUyMCUyMCUyMCUyMCUyMCUyMCUyMCUyMCUyMCUyMCUyMCUyMCUyMCUyMCUyMA==[\/vc_raw_html][vc_column_text uncode_shortcode_id=&#8221;193492&#8243;]<\/p>\n<h2 style=\"text-align: center;\">Activitat de titelles per a escoles i biblioteques amb l\u2019autor<\/h2>\n<p>En Xavier Margenat n\u2019\u00e9s l\u2019escriptor i tamb\u00e9 \u00e9s ventr\u00edloc. Les seves titelles han anat arreu fent les del\u00edcies i provocant els riures dels m\u00e9s petits. Si voleu que a la vostra<strong>\u00a0escola<\/strong>\u00a0s\u2019hi faci un\u00a0<strong>espectacle literari infantil<\/strong> com n\u2019hi ha pocs, <a href=\"mailto:editorial@edicionsdelpirata.cat\">contacteu amb nosaltres<\/a><a href=\"mailto:editorial@edicionsdelpirata.cat\">\u00a0a l\u2019editorial<\/a>!<\/p>\n<p>[\/vc_column_text][\/vc_column][\/vc_row][vc_row][vc_column width=&#8221;1\/1&#8243;][vc_column_text uncode_shortcode_id=&#8221;174577&#8243;]Amb el suport de:<\/p>\n<p><a href=\"https:\/\/www.editorialelpirata.com\/wp-content\/uploads\/2024\/11\/Logo-icec.jpg\"><img decoding=\"async\" class=\"alignnone size-medium wp-image-100854\" src=\"https:\/\/www.editorialelpirata.com\/wp-content\/uploads\/2024\/11\/Logo-icec-300x45.jpg\" alt=\"Logo icec complert\" width=\"300\" height=\"45\" title=\"\"><\/a>[\/vc_column_text][\/vc_column][\/vc_row]<\/p>\n<\/div>","protected":false},"excerpt":{"rendered":"<h3>Una aventura sobre un Sant Jordi un xic diferent<\/h3>\n<p>La llegenda de Sant Jordi es troba amb <em>Les mil i una nits<\/em> i amb un grapat de contes cl\u00e0ssics en aquest esbojarrat llibre!<\/p>\n<p>&nbsp;<\/p>\n<p>Autor: <a href=\"https:\/\/www.edicionsdelpirata.cat\/xavier-margenat\/\" target=\"_blank\" rel=\"noopener noreferrer\">Xavier Margenat<\/a><\/p>\n<p>Il\u00b7lustrador: <a href=\"https:\/\/www.edicionsdelpirata.cat\/miguel-angel-saura\/\" target=\"_blank\" rel=\"noopener noreferrer\">Miguel \u00c1ngel Saura<\/a><\/p>\n","protected":false},"featured_media":97106,"template":"","meta":[],"product_brand":[],"product_cat":[2123,2142,2186,2392,2393],"product_tag":[2798,693,2831,694,3029,695,3085,3157],"class_list":{"0":"post-96682","1":"product","2":"type-product","3":"status-publish","4":"has-post-thumbnail","6":"product_cat-tots-els-llibres","7":"product_cat-tresor-del-pirata","8":"product_cat-llibres-per-7-anys","9":"product_cat-miguel-angel-saura-illustradors","10":"product_cat-xavier-margenat","11":"product_tag-llibres-7-anys-ca","12":"product_tag-sant-jordi","13":"product_tag-contes-divertits-ca","14":"product_tag-contes-7-anys","15":"product_tag-dracs-ca","16":"product_tag-comic","17":"product_tag-contes-classics-ca","18":"product_tag-llibres-nens-ca-2","20":"first","21":"instock","22":"shipping-taxable","23":"purchasable","24":"product-type-simple"},"_links":{"self":[{"href":"https:\/\/www.editorialelpirata.com\/ca\/wp-json\/wp\/v2\/product\/96682","targetHints":{"allow":["GET"]}}],"collection":[{"href":"https:\/\/www.editorialelpirata.com\/ca\/wp-json\/wp\/v2\/product"}],"about":[{"href":"https:\/\/www.editorialelpirata.com\/ca\/wp-json\/wp\/v2\/types\/product"}],"wp:featuredmedia":[{"embeddable":true,"href":"https:\/\/www.editorialelpirata.com\/ca\/wp-json\/wp\/v2\/media\/97106"}],"wp:attachment":[{"href":"https:\/\/www.editorialelpirata.com\/ca\/wp-json\/wp\/v2\/media?parent=96682"}],"wp:term":[{"taxonomy":"product_brand","embeddable":true,"href":"https:\/\/www.editorialelpirata.com\/ca\/wp-json\/wp\/v2\/product_brand?post=96682"},{"taxonomy":"product_cat","embeddable":true,"href":"https:\/\/www.editorialelpirata.com\/ca\/wp-json\/wp\/v2\/product_cat?post=96682"},{"taxonomy":"product_tag","embeddable":true,"href":"https:\/\/www.editorialelpirata.com\/ca\/wp-json\/wp\/v2\/product_tag?post=96682"}],"curies":[{"name":"wp","href":"https:\/\/api.w.org\/{rel}","templated":true}]}}

<div class="wpb-content-wrapper"><p>[vc_row][vc_column width=&#8221;1/1&#8243;][vc_column_text uncode_shortcode_id=&#8221;157182&#8243;]</p>
<h1 style="text-align: center;">Una història de Sant Jordi diferent i plena de contes clàssics</h1>
<p>Sant Jordi, per salvar la pell, es converteix en un autèntic <strong>contacontes</strong> i el més sorprenent és que ho fa tan bé que el drac, en lloc de menjar-se’l, acaba sent un devora llibres! Però potser no amb el sentit que et penses&#8230; quina una que n’organitzarà!</p>
<p>A més, durant el llibre podràs testejar els teus coneixements sobre d’altres contes infantils com en <strong>Patufet</strong> i la <strong>Caputxeta Vermella</strong>!</p>
<p>Al final del llibre podràs conèixer la veritable història de Sant Jordi i a la resta&#8230; <strong>prepara’t</strong>!</p>
<p>El text és molt dinàmic, combinant el text amb <strong>bafarades de còmic</strong> que fan la lectura molt amena.[/vc_column_text][vc_raw_html]JTNDaWZyYW1lJTIwd2lkdGglM0QlMjI1MTJweCUyMiUyMGhlaWdodCUzRCUyMjM4NHB4JTIyJTIwc3JjJTNEJTIyaHR0cHMlM0ElMkYlMkZ3d3cueXVtcHUuY29tJTJGeHglMkZlbWJlZCUyRnZpZXclMkZ0VFlMdTAyNVBKam1iM0tJJTIyJTIwZnJhbWVib3JkZXIlM0QlMjIwJTIyJTIwYWxsb3dmdWxsc2NyZWVuJTNEJTIydHJ1ZSUyMiUyMGFsbG93dHJhbnNwYXJlbmN5JTNEJTIydHJ1ZSUyMiUzRSUzQyUyRmlmcmFtZSUzRSUyMCUyMCUyMCUyMCUyMCUyMCUyMCUyMCUyMCUyMCUyMCUyMCUyMCUyMCUyMCUyMCUyMCUyMCUyMCUyMCUyMCUyMCUyMCUyMCUyMCUyMCUyMCUyMCUyMCUyMCUyMCUyMCUyMCUyMCUyMCUyMCUyMCUyMCUyMCUyMCUyMCUyMCUyMCUyMCUyMCUyMCUyMCUyMCUyMCUyMCUyMCUyMA==[/vc_raw_html][vc_column_text uncode_shortcode_id=&#8221;193492&#8243;]</p>
<h2 style="text-align: center;">Activitat de titelles per a escoles i biblioteques amb l’autor</h2>
<p>En Xavier Margenat n’és l’escriptor i també és ventríloc. Les seves titelles han anat arreu fent les delícies i provocant els riures dels més petits. Si voleu que a la vostra<strong> escola</strong> s’hi faci un <strong>espectacle literari infantil</strong> com n’hi ha pocs, <a href="mailto:editorial@edicionsdelpirata.cat">contacteu amb nosaltres</a><a href="mailto:editorial@edicionsdelpirata.cat"> a l’editorial</a>!</p>
<p>[/vc_column_text][/vc_column][/vc_row][vc_row][vc_column width=&#8221;1/1&#8243;][vc_column_text uncode_shortcode_id=&#8221;174577&#8243;]Amb el suport de:</p>
<p><a href="https://www.editorialelpirata.com/wp-content/uploads/2024/11/Logo-icec.jpg"><img decoding="async" class="alignnone size-medium wp-image-100854" src="https://www.editorialelpirata.com/wp-content/uploads/2024/11/Logo-icec-300x45.jpg" alt="Logo icec complert" width="300" height="45" title=""></a>[/vc_column_text][/vc_column][/vc_row]</p>
</div>

<h3>Una aventura sobre un Sant Jordi un xic diferent</h3>
<p>La llegenda de Sant Jordi es troba amb <em>Les mil i una nits</em> i amb un grapat de contes clàssics en aquest esbojarrat llibre!</p>
<p>&nbsp;</p>
<p>Autor: <a href="https://www.edicionsdelpirata.cat/xavier-margenat/" target="_blank" rel="noopener noreferrer">Xavier Margenat</a></p>
<p>Il·lustrador: <a href="https://www.edicionsdelpirata.cat/miguel-angel-saura/" target="_blank" rel="noopener noreferrer">Miguel Ángel Saura</a></p>
