{"id":96681,"date":"2024-09-19T15:24:00","date_gmt":"2024-09-19T15:24:00","guid":{"rendered":"https:\/\/www.editorialelpirata.com\/?post_type=product&#038;p=96681"},"modified":"2025-03-05T14:51:29","modified_gmt":"2025-03-05T14:51:29","slug":"la-bugada-del-cel","status":"publish","type":"product","link":"https:\/\/www.editorialelpirata.com\/ca\/Producte\/la-bugada-del-cel\/","title":{"rendered":"LA BUGADA DEL CEL"},"content":{"rendered":"<h1>Un llibre divertit i ple de tendresa, que permet parlar de la mort d&#8217;un \u00e9sser estimat<\/h1>\n<p>Quan un mes de desembre la Serafina va morir, va entendre de seguida per qu\u00e8 havia anat al cel: tot era brut, fet una porqueria! Els n\u00favols blancs suraven llefiscosos. Les estrelles semblaven cagadetes de mosca&#8230;<\/p>\n<p>Un f\u00e0stic. Una vergonya.<\/p>\n<p>La Serafina s\u2019arromang\u00e0 i es pos\u00e0 a fer feina. Resulta, per\u00f2, que al cel les coses no rutllen igual que a la Terra i que la cat\u00e0strofe que va provocar va ser de les que fan hist\u00f2ria&#8230;<\/p>\n<p>&nbsp;<\/p>\n<hr \/>\n<h3><a href=\"https:\/\/drive.google.com\/file\/d\/1XeRf4yQl4kUble4pzFsiVDLS3dxEBrTi\/view?usp=sharing\" target=\"_blank\" rel=\"noopener noreferrer\">Descarrega\u2019t la proposta did\u00e1ctica gratu\u00efta sobre aquest llibre!<\/a><\/h3>\n","protected":false},"excerpt":{"rendered":"<h3>Primers lectors<\/h3>\n<p>La hist\u00f2ria de la Serafina, una senyora que arriba al cel&#8230; i decideix netejar-ho tot!<\/p>\n<p>&nbsp;<\/p>\n<p>Autora: <a href=\"https:\/\/www.edicionsdelpirata.cat\/estrella-ramon\/\" target=\"_blank\" rel=\"noopener noreferrer\">Estrella Ramon<\/a><\/p>\n<p>Il\u00b7lustradora: <a href=\"https:\/\/www.edicionsdelpirata.cat\/pepa-aoiz\/\" target=\"_blank\" rel=\"noopener noreferrer\">Mar\u00eda Jos\u00e9 Aoiz<\/a><\/p>\n","protected":false},"featured_media":96689,"template":"","meta":[],"product_brand":[],"product_cat":[2149,2117,2123,2142,2148],"product_tag":[443,654,906,907,908,2124,440],"class_list":{"0":"post-96681","1":"product","2":"type-product","3":"status-publish","4":"has-post-thumbnail","6":"product_cat-pepa-aoiz","7":"product_cat-llibres-per-6-anys","8":"product_cat-tots-els-llibres","9":"product_cat-tresor-del-pirata","10":"product_cat-estrella-ramon","11":"product_tag-llibres-infantils","12":"product_tag-llibres-valors","13":"product_tag-llibres-tendres","14":"product_tag-avia","15":"product_tag-avies","16":"product_tag-primers-lectors","17":"product_tag-contes-nens","19":"first","20":"instock","21":"sale","22":"shipping-taxable","23":"purchasable","24":"product-type-simple"},"_links":{"self":[{"href":"https:\/\/www.editorialelpirata.com\/ca\/wp-json\/wp\/v2\/product\/96681","targetHints":{"allow":["GET"]}}],"collection":[{"href":"https:\/\/www.editorialelpirata.com\/ca\/wp-json\/wp\/v2\/product"}],"about":[{"href":"https:\/\/www.editorialelpirata.com\/ca\/wp-json\/wp\/v2\/types\/product"}],"wp:featuredmedia":[{"embeddable":true,"href":"https:\/\/www.editorialelpirata.com\/ca\/wp-json\/wp\/v2\/media\/96689"}],"wp:attachment":[{"href":"https:\/\/www.editorialelpirata.com\/ca\/wp-json\/wp\/v2\/media?parent=96681"}],"wp:term":[{"taxonomy":"product_brand","embeddable":true,"href":"https:\/\/www.editorialelpirata.com\/ca\/wp-json\/wp\/v2\/product_brand?post=96681"},{"taxonomy":"product_cat","embeddable":true,"href":"https:\/\/www.editorialelpirata.com\/ca\/wp-json\/wp\/v2\/product_cat?post=96681"},{"taxonomy":"product_tag","embeddable":true,"href":"https:\/\/www.editorialelpirata.com\/ca\/wp-json\/wp\/v2\/product_tag?post=96681"}],"curies":[{"name":"wp","href":"https:\/\/api.w.org\/{rel}","templated":true}]}}

<h1>Un llibre divertit i ple de tendresa, que permet parlar de la mort d&#8217;un ésser estimat</h1>
<p>Quan un mes de desembre la Serafina va morir, va entendre de seguida per què havia anat al cel: tot era brut, fet una porqueria! Els núvols blancs suraven llefiscosos. Les estrelles semblaven cagadetes de mosca&#8230;</p>
<p>Un fàstic. Una vergonya.</p>
<p>La Serafina s’arromangà i es posà a fer feina. Resulta, però, que al cel les coses no rutllen igual que a la Terra i que la catàstrofe que va provocar va ser de les que fan història&#8230;</p>
<p>&nbsp;</p>
<hr />
<h3><a href="https://drive.google.com/file/d/1XeRf4yQl4kUble4pzFsiVDLS3dxEBrTi/view?usp=sharing" target="_blank" rel="noopener noreferrer">Descarrega’t la proposta didáctica gratuïta sobre aquest llibre!</a></h3>

<h3>Primers lectors</h3>
<p>La història de la Serafina, una senyora que arriba al cel&#8230; i decideix netejar-ho tot!</p>
<p>&nbsp;</p>
<p>Autora: <a href="https://www.edicionsdelpirata.cat/estrella-ramon/" target="_blank" rel="noopener noreferrer">Estrella Ramon</a></p>
<p>Il·lustradora: <a href="https://www.edicionsdelpirata.cat/pepa-aoiz/" target="_blank" rel="noopener noreferrer">María José Aoiz</a></p>
