{"id":106139,"date":"2026-03-17T09:00:45","date_gmt":"2026-03-17T09:00:45","guid":{"rendered":"https:\/\/www.editorialelpirata.com\/?post_type=product&#038;p=106139"},"modified":"2026-03-17T11:38:00","modified_gmt":"2026-03-17T11:38:00","slug":"ombra-violeta-diversitat-genere","status":"publish","type":"product","link":"https:\/\/www.editorialelpirata.com\/ca\/Producte\/ombra-violeta-diversitat-genere\/","title":{"rendered":"La meva ombra \u00e9s violeta"},"content":{"rendered":"<div class=\"wpb-content-wrapper\"><p>[vc_row][vc_column][vc_column_text uncode_shortcode_id=&#8221;205336&#8243;]<\/p>\n<p data-start=\"1010\" data-end=\"1138\"><strong data-start=\"1010\" data-end=\"1034\">La meva ombra \u00e9s violeta<\/strong> \u00e9s un \u00e0lbum il\u00b7lustrat commovedor que convida els infants a descobrir la import\u00e0ncia de ser un mateix.<\/p>\n<p data-start=\"1140\" data-end=\"1459\">En aquesta hist\u00f2ria, un infant descobreix que la seva ombra no \u00e9s ni blava ni rosa, sin\u00f3 violeta. En un m\u00f3n que sovint sembla dividir-se en nom\u00e9s dues opcions, apr\u00e8n que no ha de triar ni renunciar a all\u00f2 que li agrada per encaixar. La seva ombra \u00e9s com ell: diversa, lliure i plena de possibilitats.<\/p>\n<p data-start=\"1461\" data-end=\"1673\">Aquest llibre aborda amb sensibilitat temes com la i<strong data-start=\"1511\" data-end=\"1534\">dentitat de g\u00e8nere, l\u2019autoacceptaci\u00f3 i el respecte<\/strong> per la diversitat, convertint-se en un recurs ideal per compartir en fam\u00edlia o a l\u2019aula.<\/p>\n<p data-start=\"1675\" data-end=\"1863\">Les il\u00b7lustracions acolorides i expressives reforcen un missatge inclusiu que ajuda a generar converses importants des de la inf\u00e0ncia.<\/p>\n<h2 data-section-id=\"1i9zr8m\" data-start=\"1870\" data-end=\"1896\">Per qu\u00e8 llegir aquest llibre<\/h2>\n<ul data-start=\"1898\" data-end=\"2190\">\n<li data-section-id=\"8qr6mk\" data-start=\"1898\" data-end=\"1964\">\n<p data-start=\"1900\" data-end=\"1964\">Conte per parlar de <strong data-start=\"1922\" data-end=\"1946\">diversitat de g\u00e8nere amb naturalitat<\/strong><\/p>\n<\/li>\n<li data-section-id=\"nslz3c\" data-start=\"1965\" data-end=\"2004\">\n<p data-start=\"1967\" data-end=\"2004\">Missatge<strong data-start=\"1975\" data-end=\"2002\"> inclusiu i empoderador<\/strong><\/p>\n<\/li>\n<li data-section-id=\"1t19kct\" data-start=\"2005\" data-end=\"2060\">\n<p data-start=\"2007\" data-end=\"2060\">Ideal per treballar <strong data-start=\"2034\" data-end=\"2058\">educaci\u00f3 en valors<\/strong><\/p>\n<\/li>\n<li data-section-id=\"j2tenk\" data-start=\"2061\" data-end=\"2111\">\n<p data-start=\"2063\" data-end=\"2111\">Perfecte per llegir en fam\u00edlia o a l\u2019aula<\/p>\n<\/li>\n<li data-section-id=\"16gwn83\" data-start=\"2112\" data-end=\"2190\">\n<p data-start=\"2114\" data-end=\"2190\">Il\u00b7lustracions acolorides i expressives<\/p>\n<\/li>\n<\/ul>\n<p>[\/vc_column_text][\/vc_column][\/vc_row][vc_row][vc_column column_width_percent=&#8221;100&#8243; align_horizontal=&#8221;align_center&#8221; gutter_size=&#8221;3&#8243; overlay_alpha=&#8221;50&#8243; shift_x=&#8221;0&#8243; shift_y=&#8221;0&#8243; shift_y_down=&#8221;0&#8243; z_index=&#8221;0&#8243; medium_width=&#8221;0&#8243; mobile_width=&#8221;0&#8243; width=&#8221;1\/1&#8243; uncode_shortcode_id=&#8221;188503&#8243;][vc_column_text uncode_shortcode_id=&#8221;828640&#8243;]<\/p>\n<h2 style=\"text-align: left;\">Fes una ullada a l\u2019interior:<\/h2>\n<p>[\/vc_column_text][vc_raw_html]JTNDaWZyYW1lJTIwd2lkdGglM0QlMjI2MjBweCUyMiUyMGhlaWdodCUzRCUyMjQwMHB4JTIyJTIwc3JjJTNEJTIyaHR0cHMlM0ElMkYlMkZ3d3cueXVtcHUuY29tJTJGeHglMkZlbWJlZCUyRnZpZXclMkZqN3pCMFVUaEsxTTNRZXRGJTIyJTIwZnJhbWVib3JkZXIlM0QlMjIwJTIyJTIwYWxsb3dmdWxsc2NyZWVuJTNEJTIydHJ1ZSUyMiUyMCUyMGFsbG93dHJhbnNwYXJlbmN5JTNEJTIydHJ1ZSUyMiUzRSUzQyUyRmlmcmFtZSUzRQ==[\/vc_raw_html][\/vc_column][\/vc_row][vc_row][vc_column width=&#8221;1\/1&#8243;][vc_column_text uncode_shortcode_id=&#8221;147421&#8243;]<\/p>\n<div>Amb el suport de:<\/div>\n<p><a href=\"https:\/\/www.editorialelpirata.com\/wp-content\/uploads\/2024\/11\/Logo-icec.jpg\"><img decoding=\"async\" class=\"alignnone size-medium wp-image-100853\" src=\"https:\/\/www.editorialelpirata.com\/wp-content\/uploads\/2024\/11\/Logo-icec-300x45.jpg\" alt=\"Logo icec complert\" width=\"300\" height=\"45\" title=\"\" srcset=\"https:\/\/www.editorialelpirata.com\/wp-content\/uploads\/2024\/11\/Logo-icec-300x45.jpg 300w, https:\/\/www.editorialelpirata.com\/wp-content\/uploads\/2024\/11\/Logo-icec-1024x155.jpg 1024w, https:\/\/www.editorialelpirata.com\/wp-content\/uploads\/2024\/11\/Logo-icec-768x116.jpg 768w, https:\/\/www.editorialelpirata.com\/wp-content\/uploads\/2024\/11\/Logo-icec-350x53.jpg 350w, https:\/\/www.editorialelpirata.com\/wp-content\/uploads\/2024\/11\/Logo-icec-64x10.jpg 64w, https:\/\/www.editorialelpirata.com\/wp-content\/uploads\/2024\/11\/Logo-icec.jpg 1252w\" sizes=\"(max-width: 300px) 100vw, 300px\" \/><\/a>[\/vc_column_text][\/vc_column][\/vc_row]<\/p>\n<\/div>","protected":false},"excerpt":{"rendered":"<h4><strong data-start=\"733\" data-end=\"757\">La meva ombra \u00e9s violeta<\/strong> \u00e9s un \u00e0lbum il\u00b7lustrat inspirador que celebra la diversitat i la llibertat de ser un mateix.<\/h4>\n<p>Un conte ideal per parlar d\u2019identitat, respecte i autoacceptaci\u00f3 amb infants a partir de 3 anys.<\/p>\n<p>&nbsp;<\/p>\n<p><strong data-start=\"2252\" data-end=\"2262\">Autor:<\/strong> Scott Stuart<\/p>\n","protected":false},"featured_media":106123,"template":"","meta":[],"product_brand":[],"product_cat":[3239,3240,2123,3304,2329,3430,2334,3442,2354,3572,2356,3581,3628,3767,3237],"product_tag":[3829,3830,3831,3832,3833,3828],"class_list":{"0":"post-106139","1":"product","2":"type-product","3":"status-publish","4":"has-post-thumbnail","6":"product_cat-llibres-de-4-a-7-anys-ca-2","7":"product_cat-llibres-de-3-a-6-anys-ca-2","8":"product_cat-tots-els-llibres","9":"product_cat-albums-illustrats-7-anys","10":"product_cat-lletra-de-pal","11":"product_cat-llibres-per-explicar","12":"product_cat-albums-illustrats-6-anys","13":"product_cat-contes-per-explicar","14":"product_cat-novetats","15":"product_cat-contes-amb-valors-ca","16":"product_cat-contes-2-a-5-anys","17":"product_cat-lletra-majuscula","18":"product_cat-albums-illustrats-ca","19":"product_cat-album-illustrat","20":"product_cat-libros-de-2-a-5-anos","21":"product_tag-conte-diversitat-infantil","22":"product_tag-identitat-de-genere-infants","23":"product_tag-contes-inclusius","24":"product_tag-album-illustrat-de-valors","25":"product_tag-llibre-diversitat-infantil","26":"product_tag-educacio-emocional-infantil","27":"product_shipping_class-envio-estandar-ca-2","29":"first","30":"instock","31":"shipping-taxable","32":"purchasable","33":"product-type-variable","34":"has-default-attributes"},"_links":{"self":[{"href":"https:\/\/www.editorialelpirata.com\/ca\/wp-json\/wp\/v2\/product\/106139","targetHints":{"allow":["GET"]}}],"collection":[{"href":"https:\/\/www.editorialelpirata.com\/ca\/wp-json\/wp\/v2\/product"}],"about":[{"href":"https:\/\/www.editorialelpirata.com\/ca\/wp-json\/wp\/v2\/types\/product"}],"wp:featuredmedia":[{"embeddable":true,"href":"https:\/\/www.editorialelpirata.com\/ca\/wp-json\/wp\/v2\/media\/106123"}],"wp:attachment":[{"href":"https:\/\/www.editorialelpirata.com\/ca\/wp-json\/wp\/v2\/media?parent=106139"}],"wp:term":[{"taxonomy":"product_brand","embeddable":true,"href":"https:\/\/www.editorialelpirata.com\/ca\/wp-json\/wp\/v2\/product_brand?post=106139"},{"taxonomy":"product_cat","embeddable":true,"href":"https:\/\/www.editorialelpirata.com\/ca\/wp-json\/wp\/v2\/product_cat?post=106139"},{"taxonomy":"product_tag","embeddable":true,"href":"https:\/\/www.editorialelpirata.com\/ca\/wp-json\/wp\/v2\/product_tag?post=106139"}],"curies":[{"name":"wp","href":"https:\/\/api.w.org\/{rel}","templated":true}]}}

La meva ombra és violeta

<div class="wpb-content-wrapper"><p>[vc_row][vc_column][vc_column_text uncode_shortcode_id=&#8221;205336&#8243;]</p>
<p data-start="1010" data-end="1138"><strong data-start="1010" data-end="1034">La meva ombra és violeta</strong> és un àlbum il·lustrat commovedor que convida els infants a descobrir la importància de ser un mateix.</p>
<p data-start="1140" data-end="1459">En aquesta història, un infant descobreix que la seva ombra no és ni blava ni rosa, sinó violeta. En un món que sovint sembla dividir-se en només dues opcions, aprèn que no ha de triar ni renunciar a allò que li agrada per encaixar. La seva ombra és com ell: diversa, lliure i plena de possibilitats.</p>
<p data-start="1461" data-end="1673">Aquest llibre aborda amb sensibilitat temes com la i<strong data-start="1511" data-end="1534">dentitat de gènere, l’autoacceptació i el respecte</strong> per la diversitat, convertint-se en un recurs ideal per compartir en família o a l’aula.</p>
<p data-start="1675" data-end="1863">Les il·lustracions acolorides i expressives reforcen un missatge inclusiu que ajuda a generar converses importants des de la infància.</p>
<h2 data-section-id="1i9zr8m" data-start="1870" data-end="1896">Per què llegir aquest llibre</h2>
<ul data-start="1898" data-end="2190">
<li data-section-id="8qr6mk" data-start="1898" data-end="1964">
<p data-start="1900" data-end="1964">Conte per parlar de <strong data-start="1922" data-end="1946">diversitat de gènere amb naturalitat</strong></p>
</li>
<li data-section-id="nslz3c" data-start="1965" data-end="2004">
<p data-start="1967" data-end="2004">Missatge<strong data-start="1975" data-end="2002"> inclusiu i empoderador</strong></p>
</li>
<li data-section-id="1t19kct" data-start="2005" data-end="2060">
<p data-start="2007" data-end="2060">Ideal per treballar <strong data-start="2034" data-end="2058">educació en valors</strong></p>
</li>
<li data-section-id="j2tenk" data-start="2061" data-end="2111">
<p data-start="2063" data-end="2111">Perfecte per llegir en família o a l’aula</p>
</li>
<li data-section-id="16gwn83" data-start="2112" data-end="2190">
<p data-start="2114" data-end="2190">Il·lustracions acolorides i expressives</p>
</li>
</ul>
<p>[/vc_column_text][/vc_column][/vc_row][vc_row][vc_column column_width_percent=&#8221;100&#8243; align_horizontal=&#8221;align_center&#8221; gutter_size=&#8221;3&#8243; overlay_alpha=&#8221;50&#8243; shift_x=&#8221;0&#8243; shift_y=&#8221;0&#8243; shift_y_down=&#8221;0&#8243; z_index=&#8221;0&#8243; medium_width=&#8221;0&#8243; mobile_width=&#8221;0&#8243; width=&#8221;1/1&#8243; uncode_shortcode_id=&#8221;188503&#8243;][vc_column_text uncode_shortcode_id=&#8221;828640&#8243;]</p>
<h2 style="text-align: left;">Fes una ullada a l’interior:</h2>
<p>[/vc_column_text][vc_raw_html]JTNDaWZyYW1lJTIwd2lkdGglM0QlMjI2MjBweCUyMiUyMGhlaWdodCUzRCUyMjQwMHB4JTIyJTIwc3JjJTNEJTIyaHR0cHMlM0ElMkYlMkZ3d3cueXVtcHUuY29tJTJGeHglMkZlbWJlZCUyRnZpZXclMkZqN3pCMFVUaEsxTTNRZXRGJTIyJTIwZnJhbWVib3JkZXIlM0QlMjIwJTIyJTIwYWxsb3dmdWxsc2NyZWVuJTNEJTIydHJ1ZSUyMiUyMCUyMGFsbG93dHJhbnNwYXJlbmN5JTNEJTIydHJ1ZSUyMiUzRSUzQyUyRmlmcmFtZSUzRQ==[/vc_raw_html][/vc_column][/vc_row][vc_row][vc_column width=&#8221;1/1&#8243;][vc_column_text uncode_shortcode_id=&#8221;147421&#8243;]</p>
<div>Amb el suport de:</div>
<p><a href="https://www.editorialelpirata.com/wp-content/uploads/2024/11/Logo-icec.jpg"><img decoding="async" class="alignnone size-medium wp-image-100853" src="https://www.editorialelpirata.com/wp-content/uploads/2024/11/Logo-icec-300x45.jpg" alt="Logo icec complert" width="300" height="45" title="" srcset="https://www.editorialelpirata.com/wp-content/uploads/2024/11/Logo-icec-300x45.jpg 300w, https://www.editorialelpirata.com/wp-content/uploads/2024/11/Logo-icec-1024x155.jpg 1024w, https://www.editorialelpirata.com/wp-content/uploads/2024/11/Logo-icec-768x116.jpg 768w, https://www.editorialelpirata.com/wp-content/uploads/2024/11/Logo-icec-350x53.jpg 350w, https://www.editorialelpirata.com/wp-content/uploads/2024/11/Logo-icec-64x10.jpg 64w, https://www.editorialelpirata.com/wp-content/uploads/2024/11/Logo-icec.jpg 1252w" sizes="(max-width: 300px) 100vw, 300px" /></a>[/vc_column_text][/vc_column][/vc_row]</p>
</div>

<h4><strong data-start="733" data-end="757">La meva ombra és violeta</strong> és un àlbum il·lustrat inspirador que celebra la diversitat i la llibertat de ser un mateix.</h4>
<p>Un conte ideal per parlar d’identitat, respecte i autoacceptació amb infants a partir de 3 anys.</p>
<p>&nbsp;</p>
<p><strong data-start="2252" data-end="2262">Autor:</strong> Scott Stuart</p>
