{"id":104600,"date":"2026-03-11T09:00:44","date_gmt":"2026-03-11T09:00:44","guid":{"rendered":"https:\/\/www.editorialelpirata.com\/?post_type=product&#038;p=104600"},"modified":"2026-03-27T14:49:57","modified_gmt":"2026-03-27T14:49:57","slug":"conte-bebes-banyera","status":"publish","type":"product","link":"https:\/\/www.editorialelpirata.com\/ca\/Producte\/conte-bebes-banyera\/","title":{"rendered":"BANYAR-SE \u00c9S DIVERTIT!"},"content":{"rendered":"<div class=\"wpb-content-wrapper\"><p>[vc_row][vc_column][vc_column_text uncode_shortcode_id=&#8221;125212&#8243;]<\/p>\n<p><strong>Banyar-se \u00e9s divertit<\/strong> \u00e9s un llibre interactiu per a nadons de <strong>0 a 36 mesos<\/strong>, amb <strong>tinta m\u00e0gica per a la banyera<\/strong>. Els infants descobriran un munt d\u2019animals marins quan mullin les p\u00e0gines amb aigua. <strong>Converteix l\u2019hora del bany en un espectacle de colors!<\/strong><\/p>\n<p>Un conte estimulant, perfecte per acompanyar els nadons a la banyera per diversos motius:<\/p>\n<ul>\n<li>La tinta m\u00e0gica estimula la curiositat i la imaginaci\u00f3 dels nadons.<\/li>\n<li>Els colors d\u2019alt contrast fomenten el joc, la participaci\u00f3 i la diversi\u00f3 a l\u2019hora del bany.<\/li>\n<li>L\u2019element sonor de la coberta ajuda a millorar la cognici\u00f3 auditiva del nad\u00f3.<\/li>\n<\/ul>\n<p>El conte est\u00e0 plastificat i elaborat amb <strong>materials totalment segurs per als nadons<\/strong>. Si es deixa assecar, <strong>es pot tornar a jugar amb ell una vegada i una altra!<\/strong> La mida del conte, <strong>13 \u00d7 13 cm<\/strong>, \u00e9s perfecta per a les mans m\u00e9s petites.<\/p>\n<p><strong>El regal ideal per a nadons de 0 a 36 mesos.<\/strong><\/p>\n<p>Descobreix m\u00e9s llibres per a nadons d\u2019Editorial el Pirata:<\/p>\n<ul>\n<li><strong>Juguem a buscar<\/strong><\/li>\n<li><strong>L\u2019Osset se\u2019n va a dormir<\/strong><\/li>\n<li><strong>Contes per a nadons: tres contes interactius per als m\u00e9s petits<\/strong><\/li>\n<li><strong>Les meves primeres paraules<\/strong><\/li>\n<li><strong>Minillibres per jugar i aprendre<\/strong><\/li>\n<\/ul>\n<p>[\/vc_column_text][vc_column_text uncode_shortcode_id=&#8221;532214&#8243;]<\/p>\n<blockquote><p><strong>Make_baby_up:<\/strong><br \/>\n<em>&#8220;Aquest llibre per a la banyera d\u2019Editorial el Pirata \u00e9s el m\u00e9s complet que he vist perqu\u00e8 els petits poden pintar amb el dit mullat \u2014i no vegeu com s\u2019ho passen! A m\u00e9s, t\u00e9 sons i \u00e9s s\u00faper segur perqu\u00e8 no hi entra gens d\u2019aigua.&#8221;<\/em><\/p>\n<p><strong>Claudetarbesuu:<\/strong><br \/>\n<em>&#8220;Que bonic, un llibre perqu\u00e8 els nens es puguin banyar amb ell i entretenir-se una estona.&#8221;<\/em><\/p><\/blockquote>\n<p>[\/vc_column_text][\/vc_column][\/vc_row][vc_row][vc_column width=&#8221;1\/2&#8243;][vc_single_image media=&#8221;106086&#8243; media_width_percent=&#8221;100&#8243; uncode_shortcode_id=&#8221;998415&#8243;][\/vc_column][vc_column width=&#8221;1\/2&#8243;][vc_single_image media=&#8221;106085&#8243; media_width_percent=&#8221;100&#8243; uncode_shortcode_id=&#8221;166972&#8243;][\/vc_column][\/vc_row][vc_row][vc_column width=&#8221;1\/1&#8243;][vc_column_text uncode_shortcode_id=&#8221;226013&#8243;]<\/p>\n<hr \/>\n<div>\n<div>Amb el suport de:<\/div>\n<\/div>\n<div><a href=\"https:\/\/www.editorialelpirata.com\/wp-content\/uploads\/2024\/11\/Logo-icec.jpg\"><img decoding=\"async\" class=\"alignnone wp-image-100853 size-medium\" src=\"https:\/\/www.editorialelpirata.com\/wp-content\/uploads\/2024\/11\/Logo-icec-300x45.jpg\" alt=\"Logo icec complert\" width=\"300\" height=\"45\" title=\"\" srcset=\"https:\/\/www.editorialelpirata.com\/wp-content\/uploads\/2024\/11\/Logo-icec-300x45.jpg 300w, https:\/\/www.editorialelpirata.com\/wp-content\/uploads\/2024\/11\/Logo-icec-1024x155.jpg 1024w, https:\/\/www.editorialelpirata.com\/wp-content\/uploads\/2024\/11\/Logo-icec-768x116.jpg 768w, https:\/\/www.editorialelpirata.com\/wp-content\/uploads\/2024\/11\/Logo-icec-350x53.jpg 350w, https:\/\/www.editorialelpirata.com\/wp-content\/uploads\/2024\/11\/Logo-icec-64x10.jpg 64w, https:\/\/www.editorialelpirata.com\/wp-content\/uploads\/2024\/11\/Logo-icec.jpg 1252w\" sizes=\"(max-width: 300px) 100vw, 300px\" \/><\/a><\/div>\n<p>[\/vc_column_text][\/vc_column][\/vc_row]<\/p>\n<\/div>","protected":false},"excerpt":{"rendered":"<h2>Conte interactiu per a la banyera<\/h2>\n<p>Un llibre interactiu per a nadons de 0 a 36 mesos, amb tinta m\u00e0gica per a la banyera.<\/p>\n<p>Il\u00b7lustradora: <a href=\"https:\/\/www.edicionsdelpirata.cat\/alicia-teba\/\" target=\"_blank\" rel=\"noopener\">Alicia Teba<\/a><\/p>\n","protected":false},"featured_media":106284,"template":"","meta":[],"product_brand":[],"product_cat":[3441,2354,3699,2955,3150,3195,3685],"product_tag":[3702,2961,3703,3008,3780,3818],"class_list":{"0":"post-104600","1":"product","2":"type-product","3":"status-publish","4":"has-post-thumbnail","6":"product_cat-llibres-nens-animals-ca","7":"product_cat-novetats","8":"product_cat-alicia-teba-ca","9":"product_cat-llibres-de-tela-per-bebes-2","10":"product_cat-llibres-joc-ca","11":"product_cat-tots-els-llibres-ca","12":"product_cat-llibres-per-jugar-ca","13":"product_tag-conte-per-a-bebes","14":"product_tag-conte-banyera-ca","15":"product_tag-conte-interactiu-bebe","16":"product_tag-conte-per-a-nadons-en-catala","17":"product_tag-contes-de-0-a-2-anys","18":"product_tag-conte-per-bebe","19":"product_shipping_class-envio-estandar-ca-2","21":"first","22":"instock","23":"shipping-taxable","24":"purchasable","25":"product-type-variable","26":"has-default-attributes"},"_links":{"self":[{"href":"https:\/\/www.editorialelpirata.com\/ca\/wp-json\/wp\/v2\/product\/104600","targetHints":{"allow":["GET"]}}],"collection":[{"href":"https:\/\/www.editorialelpirata.com\/ca\/wp-json\/wp\/v2\/product"}],"about":[{"href":"https:\/\/www.editorialelpirata.com\/ca\/wp-json\/wp\/v2\/types\/product"}],"wp:featuredmedia":[{"embeddable":true,"href":"https:\/\/www.editorialelpirata.com\/ca\/wp-json\/wp\/v2\/media\/106284"}],"wp:attachment":[{"href":"https:\/\/www.editorialelpirata.com\/ca\/wp-json\/wp\/v2\/media?parent=104600"}],"wp:term":[{"taxonomy":"product_brand","embeddable":true,"href":"https:\/\/www.editorialelpirata.com\/ca\/wp-json\/wp\/v2\/product_brand?post=104600"},{"taxonomy":"product_cat","embeddable":true,"href":"https:\/\/www.editorialelpirata.com\/ca\/wp-json\/wp\/v2\/product_cat?post=104600"},{"taxonomy":"product_tag","embeddable":true,"href":"https:\/\/www.editorialelpirata.com\/ca\/wp-json\/wp\/v2\/product_tag?post=104600"}],"curies":[{"name":"wp","href":"https:\/\/api.w.org\/{rel}","templated":true}]}}

BANYAR-SE ÉS DIVERTIT!

<div class="wpb-content-wrapper"><p>[vc_row][vc_column][vc_column_text uncode_shortcode_id=&#8221;125212&#8243;]</p>
<p><strong>Banyar-se és divertit</strong> és un llibre interactiu per a nadons de <strong>0 a 36 mesos</strong>, amb <strong>tinta màgica per a la banyera</strong>. Els infants descobriran un munt d’animals marins quan mullin les pàgines amb aigua. <strong>Converteix l’hora del bany en un espectacle de colors!</strong></p>
<p>Un conte estimulant, perfecte per acompanyar els nadons a la banyera per diversos motius:</p>
<ul>
<li>La tinta màgica estimula la curiositat i la imaginació dels nadons.</li>
<li>Els colors d’alt contrast fomenten el joc, la participació i la diversió a l’hora del bany.</li>
<li>L’element sonor de la coberta ajuda a millorar la cognició auditiva del nadó.</li>
</ul>
<p>El conte està plastificat i elaborat amb <strong>materials totalment segurs per als nadons</strong>. Si es deixa assecar, <strong>es pot tornar a jugar amb ell una vegada i una altra!</strong> La mida del conte, <strong>13 × 13 cm</strong>, és perfecta per a les mans més petites.</p>
<p><strong>El regal ideal per a nadons de 0 a 36 mesos.</strong></p>
<p>Descobreix més llibres per a nadons d’Editorial el Pirata:</p>
<ul>
<li><strong>Juguem a buscar</strong></li>
<li><strong>L’Osset se’n va a dormir</strong></li>
<li><strong>Contes per a nadons: tres contes interactius per als més petits</strong></li>
<li><strong>Les meves primeres paraules</strong></li>
<li><strong>Minillibres per jugar i aprendre</strong></li>
</ul>
<p>[/vc_column_text][vc_column_text uncode_shortcode_id=&#8221;532214&#8243;]</p>
<blockquote><p><strong>Make_baby_up:</strong><br />
<em>&#8220;Aquest llibre per a la banyera d’Editorial el Pirata és el més complet que he vist perquè els petits poden pintar amb el dit mullat —i no vegeu com s’ho passen! A més, té sons i és súper segur perquè no hi entra gens d’aigua.&#8221;</em></p>
<p><strong>Claudetarbesuu:</strong><br />
<em>&#8220;Que bonic, un llibre perquè els nens es puguin banyar amb ell i entretenir-se una estona.&#8221;</em></p></blockquote>
<p>[/vc_column_text][/vc_column][/vc_row][vc_row][vc_column width=&#8221;1/2&#8243;][vc_single_image media=&#8221;106086&#8243; media_width_percent=&#8221;100&#8243; uncode_shortcode_id=&#8221;998415&#8243;][/vc_column][vc_column width=&#8221;1/2&#8243;][vc_single_image media=&#8221;106085&#8243; media_width_percent=&#8221;100&#8243; uncode_shortcode_id=&#8221;166972&#8243;][/vc_column][/vc_row][vc_row][vc_column width=&#8221;1/1&#8243;][vc_column_text uncode_shortcode_id=&#8221;226013&#8243;]</p>
<hr />
<div>
<div>Amb el suport de:</div>
</div>
<div><a href="https://www.editorialelpirata.com/wp-content/uploads/2024/11/Logo-icec.jpg"><img decoding="async" class="alignnone wp-image-100853 size-medium" src="https://www.editorialelpirata.com/wp-content/uploads/2024/11/Logo-icec-300x45.jpg" alt="Logo icec complert" width="300" height="45" title="" srcset="https://www.editorialelpirata.com/wp-content/uploads/2024/11/Logo-icec-300x45.jpg 300w, https://www.editorialelpirata.com/wp-content/uploads/2024/11/Logo-icec-1024x155.jpg 1024w, https://www.editorialelpirata.com/wp-content/uploads/2024/11/Logo-icec-768x116.jpg 768w, https://www.editorialelpirata.com/wp-content/uploads/2024/11/Logo-icec-350x53.jpg 350w, https://www.editorialelpirata.com/wp-content/uploads/2024/11/Logo-icec-64x10.jpg 64w, https://www.editorialelpirata.com/wp-content/uploads/2024/11/Logo-icec.jpg 1252w" sizes="(max-width: 300px) 100vw, 300px" /></a></div>
<p>[/vc_column_text][/vc_column][/vc_row]</p>
</div>

<h2>Conte interactiu per a la banyera</h2>
<p>Un llibre interactiu per a nadons de 0 a 36 mesos, amb tinta màgica per a la banyera.</p>
<p>Il·lustradora: <a href="https://www.edicionsdelpirata.cat/alicia-teba/" target="_blank" rel="noopener">Alicia Teba</a></p>
