{"id":103977,"date":"2025-09-17T09:00:27","date_gmt":"2025-09-17T09:00:27","guid":{"rendered":"https:\/\/www.editorialelpirata.com\/?post_type=product&#038;p=103977"},"modified":"2026-04-04T16:21:18","modified_gmt":"2026-04-04T16:21:18","slug":"estimar-valors-llibre-infantil","status":"publish","type":"product","link":"https:\/\/www.editorialelpirata.com\/ca\/Producte\/estimar-valors-llibre-infantil\/","title":{"rendered":"T&#8217;ESTIMO AMB TOT EL MEU COR"},"content":{"rendered":"<div class=\"wpb-content-wrapper\"><p>[vc_row][vc_column][vc_column_text uncode_shortcode_id=&#8221;562819&#8243;]<em>T&#8217;estimo amb tot el meu<\/em> cor \u00e9s un \u00e0lbum il\u00b7lustrat infantil de Jane Chapman sobre <strong>l\u2019amor incondicional dels pares i les mares<\/strong>. Aquest encantador relat et portar\u00e0 a fer un viatge molt tendre, on el veritable amor es percep amb cada batec del cor. El conte est\u00e0 recomanat per a infants a partir de 2 anys.<\/p>\n<p>La Petita Osseta ha fet malb\u00e9 la planta preferida de la Mama. I si ara la Mama s\u2019enfada i la deixa d\u2019estimar? Per sort, la Mama sap exactament qu\u00e8 ha de fer! \u00abPosa la teva poteta sobre el meu cor\u00bb, diu, \u00abi notar\u00e0s com el meu amor batega una vegada i una altra sense parar.\u00bb<\/p>\n<p>A trav\u00e9s d\u2019una narraci\u00f3 senzilla i tendra i unes il\u00b7lustracions vibrants, Jane Chapman ens ensenya que l\u2019amor maternal i paternal no dep\u00e8n dels errors i ressalta <strong>la import\u00e0ncia de l\u2019afecte i la comprensi\u00f3 en les relacions familiars<\/strong>.<\/p>\n<p>El seu estil c\u00e0lid i directe el converteix en un recurs valu\u00f3s per a <strong>pares i educadors<\/strong> que vulguin inculcar <strong>valors d\u2019amor i confian\u00e7a<\/strong> als m\u00e9s petits. Tamb\u00e9 \u00e9s altament recomanable com a eina per ajudar en la <strong>distanciaci\u00f3<\/strong> entre mares i fills, ja sigui per viatges, per la separaci\u00f3 dels progenitors, etc.<\/p>\n<p>Altres \u00e0lbums il\u00b7lustrats similars d\u2019Editorial el Pirata:<\/p>\n<ul>\n<li>El petit arbre de Nadal<\/li>\n<\/ul>\n<ul>\n<li>Estimat Bau<\/li>\n<\/ul>\n<ul>\n<li>Nom\u00e9s faltava aix\u00f2!<\/li>\n<\/ul>\n<p>[\/vc_column_text][vc_column_text uncode_shortcode_id=&#8221;124291&#8243;]<\/p>\n<hr \/>\n<h3>Dona un cop d&#8217;ull a l&#8217;interior:<\/h3>\n<p>[\/vc_column_text][\/vc_column][\/vc_row][vc_row][vc_column width=&#8221;1\/4&#8243;][\/vc_column][vc_column width=&#8221;1\/2&#8243;][vc_raw_html]JTNDaWZyYW1lJTIwd2lkdGglM0QlMjI2MjBweCUyMiUyMGhlaWdodCUzRCUyMjQwMHB4JTIyJTIwc3JjJTNEJTIyaHR0cHMlM0ElMkYlMkZ3d3cueXVtcHUuY29tJTJGeHglMkZlbWJlZCUyRnZpZXclMkZKczVta1FoMU00THVPS3R4JTIyJTIwZnJhbWVib3JkZXIlM0QlMjIwJTIyJTIwYWxsb3dmdWxsc2NyZWVuJTNEJTIydHJ1ZSUyMiUyMGFsbG93dHJhbnNwYXJlbmN5JTNEJTIydHJ1ZSUyMiUzRSUzQyUyRmlmcmFtZSUzRSUyMCUyMCUyMCUyMCUyMCUyMCUyMCUyMCUyMCUyMCUyMCUyMCUyMCUyMCUyMCUyMCUyMCUyMCUyMCUyMCUyMCUyMCUyMCUyMCUyMCUyMCUyMCUyMCUyMCUyMCUyMCUyMCUyMCUyMCUyMCUyMCUyMCUyMCUyMCUyMCUyMCUyMCUyMCUyMCUyMCUyMCUyMCUyMCUyMCUyMCUyMCUyMA==[\/vc_raw_html][\/vc_column][vc_column width=&#8221;1\/4&#8243;][\/vc_column][\/vc_row]<\/p>\n<\/div>","protected":false},"excerpt":{"rendered":"<p><strong><em>T&#8217;estimo amb tot el meu<\/em> cor<\/strong> \u00e9s un \u00e0lbum il\u00b7lustrat infantil de Jane Chapman sobre <strong>l\u2019amor incondicional dels pares i les mares<\/strong>.<\/p>\n<p>El conte est\u00e0 recomanat per a infants a partir de 2 anys.<\/p>\n<p>&nbsp;<\/p>\n<p>Autora: Jane Chapman<\/p>\n","protected":false},"featured_media":103987,"template":"","meta":[],"product_brand":[],"product_cat":[3628,3572,3237,3573,3240,2123,2330,3303,2331,3304,2354,2432,3360,3430,3441,3442],"product_tag":[3577,3241,3580,3771,3307,3003,3005],"class_list":{"0":"post-103977","1":"product","2":"type-product","3":"status-publish","4":"has-post-thumbnail","6":"product_cat-albums-illustrats-ca","7":"product_cat-contes-amb-valors-ca","8":"product_cat-libros-de-2-a-5-anos","9":"product_cat-contes-divertits-ca","10":"product_cat-llibres-de-3-a-6-anys-ca-2","11":"product_cat-tots-els-llibres","12":"product_cat-albums-illustrats","13":"product_cat-llibre-per-7-anys","14":"product_cat-albums-ilustrats-7-anys","15":"product_cat-albums-illustrats-7-anys","16":"product_cat-novetats","17":"product_cat-llibres-nens-animals","18":"product_cat-lletra-dimpremta","19":"product_cat-llibres-per-explicar","20":"product_cat-llibres-nens-animals-ca","21":"product_cat-contes-per-explicar","22":"product_tag-contes-per-nens","23":"product_tag-conte-infantil","24":"product_tag-contes-insectes","25":"product_tag-contes-per-explicar-2","26":"product_tag-llibre-nens","27":"product_tag-contes-animals-ca","28":"product_tag-contes-valors-ca","30":"first","31":"instock","32":"shipping-taxable","33":"purchasable","34":"product-type-variable","35":"has-default-attributes"},"_links":{"self":[{"href":"https:\/\/www.editorialelpirata.com\/ca\/wp-json\/wp\/v2\/product\/103977","targetHints":{"allow":["GET"]}}],"collection":[{"href":"https:\/\/www.editorialelpirata.com\/ca\/wp-json\/wp\/v2\/product"}],"about":[{"href":"https:\/\/www.editorialelpirata.com\/ca\/wp-json\/wp\/v2\/types\/product"}],"wp:featuredmedia":[{"embeddable":true,"href":"https:\/\/www.editorialelpirata.com\/ca\/wp-json\/wp\/v2\/media\/103987"}],"wp:attachment":[{"href":"https:\/\/www.editorialelpirata.com\/ca\/wp-json\/wp\/v2\/media?parent=103977"}],"wp:term":[{"taxonomy":"product_brand","embeddable":true,"href":"https:\/\/www.editorialelpirata.com\/ca\/wp-json\/wp\/v2\/product_brand?post=103977"},{"taxonomy":"product_cat","embeddable":true,"href":"https:\/\/www.editorialelpirata.com\/ca\/wp-json\/wp\/v2\/product_cat?post=103977"},{"taxonomy":"product_tag","embeddable":true,"href":"https:\/\/www.editorialelpirata.com\/ca\/wp-json\/wp\/v2\/product_tag?post=103977"}],"curies":[{"name":"wp","href":"https:\/\/api.w.org\/{rel}","templated":true}]}}

<div class="wpb-content-wrapper"><p>[vc_row][vc_column][vc_column_text uncode_shortcode_id=&#8221;562819&#8243;]<em>T&#8217;estimo amb tot el meu</em> cor és un àlbum il·lustrat infantil de Jane Chapman sobre <strong>l’amor incondicional dels pares i les mares</strong>. Aquest encantador relat et portarà a fer un viatge molt tendre, on el veritable amor es percep amb cada batec del cor. El conte està recomanat per a infants a partir de 2 anys.</p>
<p>La Petita Osseta ha fet malbé la planta preferida de la Mama. I si ara la Mama s’enfada i la deixa d’estimar? Per sort, la Mama sap exactament què ha de fer! «Posa la teva poteta sobre el meu cor», diu, «i notaràs com el meu amor batega una vegada i una altra sense parar.»</p>
<p>A través d’una narració senzilla i tendra i unes il·lustracions vibrants, Jane Chapman ens ensenya que l’amor maternal i paternal no depèn dels errors i ressalta <strong>la importància de l’afecte i la comprensió en les relacions familiars</strong>.</p>
<p>El seu estil càlid i directe el converteix en un recurs valuós per a <strong>pares i educadors</strong> que vulguin inculcar <strong>valors d’amor i confiança</strong> als més petits. També és altament recomanable com a eina per ajudar en la <strong>distanciació</strong> entre mares i fills, ja sigui per viatges, per la separació dels progenitors, etc.</p>
<p>Altres àlbums il·lustrats similars d’Editorial el Pirata:</p>
<ul>
<li>El petit arbre de Nadal</li>
</ul>
<ul>
<li>Estimat Bau</li>
</ul>
<ul>
<li>Només faltava això!</li>
</ul>
<p>[/vc_column_text][vc_column_text uncode_shortcode_id=&#8221;124291&#8243;]</p>
<hr />
<h3>Dona un cop d&#8217;ull a l&#8217;interior:</h3>
<p>[/vc_column_text][/vc_column][/vc_row][vc_row][vc_column width=&#8221;1/4&#8243;][/vc_column][vc_column width=&#8221;1/2&#8243;][vc_raw_html]JTNDaWZyYW1lJTIwd2lkdGglM0QlMjI2MjBweCUyMiUyMGhlaWdodCUzRCUyMjQwMHB4JTIyJTIwc3JjJTNEJTIyaHR0cHMlM0ElMkYlMkZ3d3cueXVtcHUuY29tJTJGeHglMkZlbWJlZCUyRnZpZXclMkZKczVta1FoMU00THVPS3R4JTIyJTIwZnJhbWVib3JkZXIlM0QlMjIwJTIyJTIwYWxsb3dmdWxsc2NyZWVuJTNEJTIydHJ1ZSUyMiUyMGFsbG93dHJhbnNwYXJlbmN5JTNEJTIydHJ1ZSUyMiUzRSUzQyUyRmlmcmFtZSUzRSUyMCUyMCUyMCUyMCUyMCUyMCUyMCUyMCUyMCUyMCUyMCUyMCUyMCUyMCUyMCUyMCUyMCUyMCUyMCUyMCUyMCUyMCUyMCUyMCUyMCUyMCUyMCUyMCUyMCUyMCUyMCUyMCUyMCUyMCUyMCUyMCUyMCUyMCUyMCUyMCUyMCUyMCUyMCUyMCUyMCUyMCUyMCUyMCUyMCUyMCUyMCUyMA==[/vc_raw_html][/vc_column][vc_column width=&#8221;1/4&#8243;][/vc_column][/vc_row]</p>
</div>

<p><strong><em>T&#8217;estimo amb tot el meu</em> cor</strong> és un àlbum il·lustrat infantil de Jane Chapman sobre <strong>l’amor incondicional dels pares i les mares</strong>.</p>
<p>El conte està recomanat per a infants a partir de 2 anys.</p>
<p>&nbsp;</p>
<p>Autora: Jane Chapman</p>
