{"id":101566,"date":"2021-05-31T14:25:17","date_gmt":"2021-05-31T14:25:17","guid":{"rendered":"https:\/\/www.editorialelpirata.com\/?post_type=product&#038;p=101566"},"modified":"2026-02-11T12:21:36","modified_gmt":"2026-02-11T12:21:36","slug":"la-meva-familia-es-especial","status":"publish","type":"product","link":"https:\/\/www.editorialelpirata.com\/ca\/Producte\/la-meva-familia-es-especial\/","title":{"rendered":"LA MEVA FAM\u00cdLIA \u00c9S ESPECIAL"},"content":{"rendered":"<div class=\"wpb-content-wrapper\"><p>[vc_row][vc_column][vc_column_text uncode_shortcode_id=&#8221;988711&#8243;]<\/p>\n<h1 style=\"text-align: left;\">La diversitat familiar mostrada amb fant\u00e0stiques il\u00b7lustracions<\/h1>\n<p>Unes il\u00b7lustracions espectaculars ens endinsen en una hist\u00f2ria protagonitzada per molts animals, on una \u00e0via centen\u00e0ria convida la seva fam\u00edlia per a la festa del seu aniversari.<\/p>\n<p>A part de la hist\u00f2ria, es pot jugar a trobar elements repetits dins de cada fam\u00edlia. <strong>Els podr\u00e0s trobar?<\/strong><\/p>\n<h4>El text est\u00e0 escrit en lletra maj\u00fascula<\/h4>\n<blockquote>\n<h3><em>&#8220;Lo tenemos en casa y es divino. Las ilustraciones chul\u00edsimas y el texto ideal. Adem\u00e1s es un cuento con el que hacen muchas preguntas&#8221;.<\/em><\/h3>\n<\/blockquote>\n<p>[\/vc_column_text][\/vc_column][\/vc_row][vc_row][vc_column column_width_percent=&#8221;100&#8243; align_horizontal=&#8221;align_center&#8221; gutter_size=&#8221;3&#8243; overlay_alpha=&#8221;50&#8243; shift_x=&#8221;0&#8243; shift_y=&#8221;0&#8243; shift_y_down=&#8221;0&#8243; z_index=&#8221;0&#8243; medium_width=&#8221;0&#8243; mobile_width=&#8221;0&#8243; width=&#8221;1\/1&#8243; uncode_shortcode_id=&#8221;199892&#8243;][vc_raw_html]JTNDaWZyYW1lJTIwd2lkdGglM0QlMjI2MjBweCUyMiUyMGhlaWdodCUzRCUyMjQwMHB4JTIyJTIwc3JjJTNEJTIyaHR0cHMlM0ElMkYlMkZ3d3cueXVtcHUuY29tJTJGeHglMkZlbWJlZCUyRnZpZXclMkZkMmJabVF0NFlzZnJWaUNSJTIyJTIwZnJhbWVib3JkZXIlM0QlMjIwJTIyJTIwYWxsb3dmdWxsc2NyZWVuJTNEJTIydHJ1ZSUyMiUyMCUyMGFsbG93dHJhbnNwYXJlbmN5JTNEJTIydHJ1ZSUyMiUzRSUzQyUyRmlmcmFtZSUzRQ==[\/vc_raw_html][\/vc_column][\/vc_row][vc_row][vc_column width=&#8221;1\/1&#8243;][vc_column_text uncode_shortcode_id=&#8221;183588&#8243;]<\/p>\n<h2>Tamb\u00e9 se&#8217;n diu&#8230;<\/h2>\n<blockquote><p><strong><a href=\"https:\/\/www.instagram.com\/p\/CEsFOo1Fnwy\/\" target=\"_blank\" rel=\"noopener noreferrer\">Ratets i contes<\/a><\/strong>: &#8220;Un text senzill, ideal per a mostrar als petits la diversitat familiar i el factor com\u00fa de totes elles&#8230; l&#8217;amor. Les il\u00b7lustracions, plenes de detalls, s\u00f3n fant\u00e0stiques!! Que els personatges siguin diferents tipus d&#8217;animals, el fa molt entenedor per als menuts&#8221;.<\/p>\n<p><strong><a href=\"https:\/\/www.instagram.com\/p\/BxKsG6GlXkr\/\" target=\"_blank\" rel=\"noopener noreferrer\">Ninaynuela:<\/a><\/strong>\u00a0\u201cHoy le he le\u00eddo este cuento a Luc\u00eda que creo que deber\u00edamos tener todos en casa,\u00a0con frases cortas e ilustraciones preciosas, les explica los diferentes<strong>\u00a0tipos de familia<\/strong> que existen, un papa y una mam\u00e1, dos pap\u00e1s, dos mam\u00e1s, familia de pap\u00e1s separados, etc.<\/p>\n<p><strong>Rain: \u201c<\/strong>Un libro actual, con\u00a0<strong>texto sencillo<\/strong>\u00a0e ilustraciones realmente bellas de las vidas cotidianas de varias familias animales. Con gran simbolismo y\u00a0<strong>fondo social<\/strong> que har\u00e1n comprensibles para todos los peques algo tan valioso y diverso como es la familia.\u201d<\/p>\n<p><a href=\"https:\/\/laslecturasdelgatito.blogspot.com\/2019\/05\/tu-familia-es-especial-como-todas-las.html?fbclid=IwAR1uwaDvcwiNkxH0TXpJBGKCX9wYnytZqXamYBpYAFsCbRuzY7uyPjEnbSA\" target=\"_blank\" rel=\"noopener noreferrer\"><strong>El gato de Cheshire:<\/strong><\/a>\u00a0\u201cLos\u00a0protagonistas\u00a0de las ilustraciones son\u00a0<b>animales vestidos con ropa y haciendo cosas cotidianas<\/b> de nuestro d\u00eda a d\u00eda, algo que sin duda atraer\u00e1 a los m\u00e1s peque\u00f1os y que encantar\u00e1 a los adultos, porque creedme si os digo que son una pasada.\u201d<\/p>\n<p><a href=\"https:\/\/www.facebook.com\/miscuentosinfantilees\/photos\/a.1394516250597719\/2200820603300609\/?type=3&amp;theater\" target=\"_blank\" rel=\"noopener noreferrer\"><strong>Mis cuentos infantiles: <\/strong><\/a>\u201c\u00a1<strong>IMPRESCINDIBLE<\/strong>! Empezar esta rese\u00f1a de otra forma implicar\u00eda quedarme corta. Estamos ante un libro maravilloso para hablar de respeto, de aceptaci\u00f3n, de igualdad, de amor\u2026 Nos muestra de una forma sencilla c\u00f3mo cada familia es diferente, donde lo \u00fanico que importa es el amor, independientemente de los miembros que la formen.\u201d<\/p>\n<p><a href=\"https:\/\/www.instagram.com\/p\/BxwU0DkiZHf\/\" target=\"_blank\" rel=\"noopener noreferrer\"><strong>Aprender con ellos:<\/strong><\/a> \u201cEl final del cuento est\u00e1 hecho para que volvamos sobre lo le\u00eddo y nos fijemos en alguna cosa que probablemente ignoremos que existe. Nos proponen un\u00a0<strong>juego de busca y encuentra<\/strong> precioso.\u201d<\/p><\/blockquote>\n<p>[\/vc_column_text][\/vc_column][\/vc_row][vc_row][vc_column width=&#8221;1\/1&#8243;][vc_column_text uncode_shortcode_id=&#8221;123777&#8243;]Amb el suport de:<\/p>\n<p><a href=\"https:\/\/www.editorialelpirata.com\/wp-content\/uploads\/2024\/11\/Logo-icec.jpg\"><img decoding=\"async\" class=\"alignnone size-medium wp-image-100854\" src=\"https:\/\/www.editorialelpirata.com\/wp-content\/uploads\/2024\/11\/Logo-icec-300x45.jpg\" alt=\"Logo icec complert\" width=\"300\" height=\"45\" title=\"\"><\/a>[\/vc_column_text][\/vc_column][\/vc_row]<\/p>\n<\/div>","protected":false},"excerpt":{"rendered":"<h1>El llibre que<i>\u00a0<\/i>ens descobreix la diversitat familiar<\/h1>\n<p>Un \u00e0lbum il\u00b7lustrat de forma meravellosa on aprendrem els diferents models de fam\u00edlia que existeixen.<\/p>\n<p>&nbsp;<\/p>\n<p>Autora: <a href=\"https:\/\/www.edicionsdelpirata.cat\/anna-rayo\/\" target=\"_blank\" rel=\"noopener noreferrer\">Anna Rayo<\/a><\/p>\n<p>Il\u00b7lustradora: <a href=\"https:\/\/www.edicionsdelpirata.cat\/monica-armino\/\" target=\"_blank\" rel=\"noopener noreferrer\">M\u00f3nica Armi\u00f1o<\/a><\/p>\n","protected":false},"featured_media":97103,"template":"","meta":[],"product_brand":[],"product_cat":[3149,3150,3152],"product_tag":[3154,3155],"class_list":{"0":"post-101566","1":"product","2":"type-product","3":"status-publish","4":"has-post-thumbnail","6":"product_cat-llibres-de-3-a-6-anys-ca","7":"product_cat-llibres-joc-ca","8":"product_cat-llibres-de-passatemps-ca","9":"product_tag-aprendre-jugant-ca-2","10":"product_tag-libres-infantils","11":"product_shipping_class-envio-estandar-ca","13":"first","14":"instock","15":"shipping-taxable","16":"purchasable","17":"product-type-variable"},"_links":{"self":[{"href":"https:\/\/www.editorialelpirata.com\/ca\/wp-json\/wp\/v2\/product\/101566","targetHints":{"allow":["GET"]}}],"collection":[{"href":"https:\/\/www.editorialelpirata.com\/ca\/wp-json\/wp\/v2\/product"}],"about":[{"href":"https:\/\/www.editorialelpirata.com\/ca\/wp-json\/wp\/v2\/types\/product"}],"wp:featuredmedia":[{"embeddable":true,"href":"https:\/\/www.editorialelpirata.com\/ca\/wp-json\/wp\/v2\/media\/97103"}],"wp:attachment":[{"href":"https:\/\/www.editorialelpirata.com\/ca\/wp-json\/wp\/v2\/media?parent=101566"}],"wp:term":[{"taxonomy":"product_brand","embeddable":true,"href":"https:\/\/www.editorialelpirata.com\/ca\/wp-json\/wp\/v2\/product_brand?post=101566"},{"taxonomy":"product_cat","embeddable":true,"href":"https:\/\/www.editorialelpirata.com\/ca\/wp-json\/wp\/v2\/product_cat?post=101566"},{"taxonomy":"product_tag","embeddable":true,"href":"https:\/\/www.editorialelpirata.com\/ca\/wp-json\/wp\/v2\/product_tag?post=101566"}],"curies":[{"name":"wp","href":"https:\/\/api.w.org\/{rel}","templated":true}]}}

LA MEVA FAMÍLIA ÉS ESPECIAL

<div class="wpb-content-wrapper"><p>[vc_row][vc_column][vc_column_text uncode_shortcode_id=&#8221;988711&#8243;]</p>
<h1 style="text-align: left;">La diversitat familiar mostrada amb fantàstiques il·lustracions</h1>
<p>Unes il·lustracions espectaculars ens endinsen en una història protagonitzada per molts animals, on una àvia centenària convida la seva família per a la festa del seu aniversari.</p>
<p>A part de la història, es pot jugar a trobar elements repetits dins de cada família. <strong>Els podràs trobar?</strong></p>
<h4>El text està escrit en lletra majúscula</h4>
<blockquote>
<h3><em>&#8220;Lo tenemos en casa y es divino. Las ilustraciones chulísimas y el texto ideal. Además es un cuento con el que hacen muchas preguntas&#8221;.</em></h3>
</blockquote>
<p>[/vc_column_text][/vc_column][/vc_row][vc_row][vc_column column_width_percent=&#8221;100&#8243; align_horizontal=&#8221;align_center&#8221; gutter_size=&#8221;3&#8243; overlay_alpha=&#8221;50&#8243; shift_x=&#8221;0&#8243; shift_y=&#8221;0&#8243; shift_y_down=&#8221;0&#8243; z_index=&#8221;0&#8243; medium_width=&#8221;0&#8243; mobile_width=&#8221;0&#8243; width=&#8221;1/1&#8243; uncode_shortcode_id=&#8221;199892&#8243;][vc_raw_html]JTNDaWZyYW1lJTIwd2lkdGglM0QlMjI2MjBweCUyMiUyMGhlaWdodCUzRCUyMjQwMHB4JTIyJTIwc3JjJTNEJTIyaHR0cHMlM0ElMkYlMkZ3d3cueXVtcHUuY29tJTJGeHglMkZlbWJlZCUyRnZpZXclMkZkMmJabVF0NFlzZnJWaUNSJTIyJTIwZnJhbWVib3JkZXIlM0QlMjIwJTIyJTIwYWxsb3dmdWxsc2NyZWVuJTNEJTIydHJ1ZSUyMiUyMCUyMGFsbG93dHJhbnNwYXJlbmN5JTNEJTIydHJ1ZSUyMiUzRSUzQyUyRmlmcmFtZSUzRQ==[/vc_raw_html][/vc_column][/vc_row][vc_row][vc_column width=&#8221;1/1&#8243;][vc_column_text uncode_shortcode_id=&#8221;183588&#8243;]</p>
<h2>També se&#8217;n diu&#8230;</h2>
<blockquote><p><strong><a href="https://www.instagram.com/p/CEsFOo1Fnwy/" target="_blank" rel="noopener noreferrer">Ratets i contes</a></strong>: &#8220;Un text senzill, ideal per a mostrar als petits la diversitat familiar i el factor comú de totes elles&#8230; l&#8217;amor. Les il·lustracions, plenes de detalls, són fantàstiques!! Que els personatges siguin diferents tipus d&#8217;animals, el fa molt entenedor per als menuts&#8221;.</p>
<p><strong><a href="https://www.instagram.com/p/BxKsG6GlXkr/" target="_blank" rel="noopener noreferrer">Ninaynuela:</a></strong> “Hoy le he leído este cuento a Lucía que creo que deberíamos tener todos en casa, con frases cortas e ilustraciones preciosas, les explica los diferentes<strong> tipos de familia</strong> que existen, un papa y una mamá, dos papás, dos mamás, familia de papás separados, etc.</p>
<p><strong>Rain: “</strong>Un libro actual, con <strong>texto sencillo</strong> e ilustraciones realmente bellas de las vidas cotidianas de varias familias animales. Con gran simbolismo y <strong>fondo social</strong> que harán comprensibles para todos los peques algo tan valioso y diverso como es la familia.”</p>
<p><a href="https://laslecturasdelgatito.blogspot.com/2019/05/tu-familia-es-especial-como-todas-las.html?fbclid=IwAR1uwaDvcwiNkxH0TXpJBGKCX9wYnytZqXamYBpYAFsCbRuzY7uyPjEnbSA" target="_blank" rel="noopener noreferrer"><strong>El gato de Cheshire:</strong></a> “Los protagonistas de las ilustraciones son <b>animales vestidos con ropa y haciendo cosas cotidianas</b> de nuestro día a día, algo que sin duda atraerá a los más pequeños y que encantará a los adultos, porque creedme si os digo que son una pasada.”</p>
<p><a href="https://www.facebook.com/miscuentosinfantilees/photos/a.1394516250597719/2200820603300609/?type=3&amp;theater" target="_blank" rel="noopener noreferrer"><strong>Mis cuentos infantiles: </strong></a>“¡<strong>IMPRESCINDIBLE</strong>! Empezar esta reseña de otra forma implicaría quedarme corta. Estamos ante un libro maravilloso para hablar de respeto, de aceptación, de igualdad, de amor… Nos muestra de una forma sencilla cómo cada familia es diferente, donde lo único que importa es el amor, independientemente de los miembros que la formen.”</p>
<p><a href="https://www.instagram.com/p/BxwU0DkiZHf/" target="_blank" rel="noopener noreferrer"><strong>Aprender con ellos:</strong></a> “El final del cuento está hecho para que volvamos sobre lo leído y nos fijemos en alguna cosa que probablemente ignoremos que existe. Nos proponen un <strong>juego de busca y encuentra</strong> precioso.”</p></blockquote>
<p>[/vc_column_text][/vc_column][/vc_row][vc_row][vc_column width=&#8221;1/1&#8243;][vc_column_text uncode_shortcode_id=&#8221;123777&#8243;]Amb el suport de:</p>
<p><a href="https://www.editorialelpirata.com/wp-content/uploads/2024/11/Logo-icec.jpg"><img decoding="async" class="alignnone size-medium wp-image-100854" src="https://www.editorialelpirata.com/wp-content/uploads/2024/11/Logo-icec-300x45.jpg" alt="Logo icec complert" width="300" height="45" title=""></a>[/vc_column_text][/vc_column][/vc_row]</p>
</div>

<h1>El llibre que<i> </i>ens descobreix la diversitat familiar</h1>
<p>Un àlbum il·lustrat de forma meravellosa on aprendrem els diferents models de família que existeixen.</p>
<p>&nbsp;</p>
<p>Autora: <a href="https://www.edicionsdelpirata.cat/anna-rayo/" target="_blank" rel="noopener noreferrer">Anna Rayo</a></p>
<p>Il·lustradora: <a href="https://www.edicionsdelpirata.cat/monica-armino/" target="_blank" rel="noopener noreferrer">Mónica Armiño</a></p>
