{"id":100581,"date":"2019-02-07T12:26:48","date_gmt":"2019-02-07T13:16:41","guid":{"rendered":"https:\/\/www.editorialelpirata.com\/?post_type=product&#038;p=100581"},"modified":"2025-05-21T14:00:20","modified_gmt":"2025-05-21T14:00:20","slug":"avia-pirata-llibres-aventures","status":"publish","type":"product","link":"https:\/\/www.editorialelpirata.com\/ca\/Producte\/avia-pirata-llibres-aventures\/","title":{"rendered":"L&#8217;\u00c0VIA PIRATA"},"content":{"rendered":"<div class=\"wpb-content-wrapper\"><p>[vc_row][vc_column][vc_column_text uncode_shortcode_id=&#8221;965781&#8243;]<\/p>\n<h1>La mitologia de la costa catalana pren vida de nou en aquesta apassionant col\u00b7lecci\u00f3 de llibres d&#8217;aventures!<\/h1>\n<p>La Mariona i en Roger estan a punt d\u2019endinsar-se en una incre\u00efble aventura. Quan arriben a la mansi\u00f3 de la seva \u00e0via, descobreixen el secret m\u00e9s ben guardat de la fam\u00edlia: que l\u2019\u00e0via en realitat \u00e9s una pirata!<\/p>\n<p>El segrest d\u2019en Roger per part de la tripulaci\u00f3 d\u2019en Llam\u00e0ntol, un terrible pirata, ser\u00e0 l\u2019inici d\u2019un viatge inoblidable, ple d\u2019acci\u00f3, de fantasia, de misteris, i on, a m\u00e9s, podr\u00e0s con\u00e8ixer <strong>els protagonistes de les llegendes de bona part de la costa catalana<\/strong>.<\/p>\n<p>Una novel\u00b7la de pirates, amb molt\u00edssimes il\u00b7lustracions fant\u00e0stiques, que enganxa des de la primera p\u00e0gina i que permet descobrir part de la mitologia de la costa catalana. Una decidida \u00e0via pirata manant a tota una tripulaci\u00f3 de pirates? On ens dur\u00e0 aix\u00f2?[\/vc_column_text][vc_column_text uncode_shortcode_id=&#8221;426753&#8243;]<\/p>\n<h3>Aqu\u00ed pots veure un tr\u00e0iler de la novel\u00b7la<\/h3>\n<p>[\/vc_column_text][vc_raw_html]JTNDaWZyYW1lJTIwd2lkdGglM0QlMjI1NjAlMjIlMjBoZWlnaHQlM0QlMjIzMTUlMjIlMjBzcmMlM0QlMjJodHRwcyUzQSUyRiUyRnd3dy55b3V0dWJlLmNvbSUyRmVtYmVkJTJGbHNvSUIySUs5UWclM0ZzaSUzRGpDMWJmbnhXMHpSd0E3enElMjIlMjB0aXRsZSUzRCUyMllvdVR1YmUlMjB2aWRlbyUyMHBsYXllciUyMiUyMGZyYW1lYm9yZGVyJTNEJTIyMCUyMiUyMGFsbG93JTNEJTIyYWNjZWxlcm9tZXRlciUzQiUyMGF1dG9wbGF5JTNCJTIwY2xpcGJvYXJkLXdyaXRlJTNCJTIwZW5jcnlwdGVkLW1lZGlhJTNCJTIwZ3lyb3Njb3BlJTNCJTIwcGljdHVyZS1pbi1waWN0dXJlJTNCJTIwd2ViLXNoYXJlJTIyJTIwcmVmZXJyZXJwb2xpY3klM0QlMjJzdHJpY3Qtb3JpZ2luLXdoZW4tY3Jvc3Mtb3JpZ2luJTIyJTIwYWxsb3dmdWxsc2NyZWVuJTNFJTNDJTJGaWZyYW1lJTNF[\/vc_raw_html][vc_column_text uncode_shortcode_id=&#8221;275643&#8243;]<\/p>\n<blockquote>\n<h3>&#8220;El conjunt \u00e9s una novel\u00b7la de pirates que veu la llum en l\u2019editorial adient, producte de la col\u00b7laboraci\u00f3, bra\u00e7 a bra\u00e7, com a bons corsaris, d\u2019una tripulaci\u00f3 composta pels tres aguerrits coautors.&#8221;<\/h3>\n<p><strong><a href=\"https:\/\/www.clijcat.cat\/faristol\/critica\/Lavia-pirata?fbclid=IwAR1YDaFnLYQAt5BEcFxeEqyMjr6p1YMRMm9TINzE02v1-NFPE643wxId4XM\" target=\"_blank\" rel=\"noopener noreferrer\">Clijcat (Faristol)<\/a><\/strong><\/p><\/blockquote>\n<p>[\/vc_column_text][vc_row_inner][vc_column_inner width=&#8221;2\/3&#8243;][vc_column_text uncode_shortcode_id=&#8221;831237&#8243;]<\/p>\n<h2><b>Nou podcast de L&#8217;\u00c0via Pirata<\/b><\/h2>\n<div>Recomanat per a totes les edats, amb curiositats sobre el m\u00f3n pirata i amb els personatges del llibre.<\/div>\n<div><\/div>\n<div><a href=\"https:\/\/www.ivoox.com\/podcast-l-avia-pirata_sq_f11428988_1.html\" target=\"_blank\" rel=\"noopener noreferrer\">https:\/\/www.ivoox.com\/podcast-l-avia-pirata_sq_f11428988_1.html<\/a><\/div>\n<p>[\/vc_column_text][vc_button border_width=&#8221;0&#8243; link=&#8221;url:https%3A%2F%2Fwww.ivoox.com%2Fpodcast-l-avia-pirata_sq_f11428988_1.html|target:_blank&#8221; uncode_shortcode_id=&#8221;106244&#8243;]Escolta&#8217;ls[\/vc_button][\/vc_column_inner][vc_column_inner width=&#8221;1\/3&#8243;][vc_single_image media=&#8221;90895&#8243; media_width_percent=&#8221;100&#8243; uncode_shortcode_id=&#8221;241473&#8243; media_link=&#8221;url:https%3A%2F%2Fwww.ivoox.com%2Fpodcast-l-avia-pirata_sq_f11428988_1.html|target:_blank&#8221;][\/vc_column_inner][\/vc_row_inner][vc_separator sep_color=&#8221;,Default&#8221; el_id=&#8221;video&#8221;][vc_column_text uncode_shortcode_id=&#8221;381787&#8243;]<\/p>\n<h3><strong>Entrevista completa<\/strong> als seus tres autors<\/h3>\n<p>[\/vc_column_text][vc_raw_html]JTNDaWZyYW1lJTIwd2lkdGglM0QlMjI1NjAlMjIlMjBoZWlnaHQlM0QlMjIzMTUlMjIlMjBzcmMlM0QlMjJodHRwcyUzQSUyRiUyRnd3dy55b3V0dWJlLmNvbSUyRmVtYmVkJTJGZ050SnlZZ3RWVG8lM0ZzaSUzRFVkMVNfS3dLa3JYQjItVHQlMjIlMjB0aXRsZSUzRCUyMllvdVR1YmUlMjB2aWRlbyUyMHBsYXllciUyMiUyMGZyYW1lYm9yZGVyJTNEJTIyMCUyMiUyMGFsbG93JTNEJTIyYWNjZWxlcm9tZXRlciUzQiUyMGF1dG9wbGF5JTNCJTIwY2xpcGJvYXJkLXdyaXRlJTNCJTIwZW5jcnlwdGVkLW1lZGlhJTNCJTIwZ3lyb3Njb3BlJTNCJTIwcGljdHVyZS1pbi1waWN0dXJlJTNCJTIwd2ViLXNoYXJlJTIyJTIwcmVmZXJyZXJwb2xpY3klM0QlMjJzdHJpY3Qtb3JpZ2luLXdoZW4tY3Jvc3Mtb3JpZ2luJTIyJTIwYWxsb3dmdWxsc2NyZWVuJTNFJTNDJTJGaWZyYW1lJTNF[\/vc_raw_html][vc_column_text uncode_shortcode_id=&#8221;859881&#8243;]<\/p>\n<h3><\/h3>\n<hr \/>\n<p>Amb el suport del Departament de Cultura:<\/p>\n<p><a href=\"https:\/\/www.editorialelpirata.com\/wp-content\/uploads\/2024\/11\/Logo-icec.jpg\"><img decoding=\"async\" class=\"alignnone size-medium wp-image-100854\" src=\"https:\/\/www.editorialelpirata.com\/wp-content\/uploads\/2024\/11\/Logo-icec-300x45.jpg\" alt=\"Logo icec complert\" width=\"300\" height=\"45\" title=\"\"><\/a>[\/vc_column_text][\/vc_column][\/vc_row]<\/p>\n<\/div>","protected":false},"excerpt":{"rendered":"<h3>Una esbojarrada aventura de pirates per a lectors de 10 anys<\/h3>\n<p>Qu\u00e8 passaria si de cop i volta descobrissis que la teva \u00e0via va ser la pirata m\u00e9s llegend\u00e0ria dels set mars? Arrr! Descobreix-ho en aquest llibre, mariner d&#8217;aigua dol\u00e7a!<\/p>\n<p>&nbsp;<\/p>\n<p>Autors: Josep \u201cKako\u201d Carrasco i Assumpta Mercader<\/p>\n<p>Il\u00b7lustrador: Pepe Palma<\/p>\n","protected":false},"featured_media":102865,"template":"","meta":[],"product_brand":[],"product_cat":[2123,2170,2324,2375,2377,2879],"product_tag":[2883,3116,3117,3118,3119,3157,2799,2882],"class_list":{"0":"post-100581","1":"product","2":"type-product","3":"status-publish","4":"has-post-thumbnail","6":"product_cat-tots-els-llibres","7":"product_cat-llibres-per-10-anys","8":"product_cat-9-10-nadal","9":"product_cat-assumpta-mercader-escriptors","10":"product_cat-pepe-palma-illustradors","11":"product_cat-josep-carrasco","12":"product_tag-llibres-pirates-ca","13":"product_tag-literatura-infantil-juvenil-ca","14":"product_tag-llegendes-costa-brava-ca","15":"product_tag-llibres-10-anys-ca","16":"product_tag-mitologia-catalana-ca","17":"product_tag-llibres-nens-ca-2","18":"product_tag-llibres-infantils-ca","19":"product_tag-llibres-aventures-ca","21":"first","22":"instock","23":"featured","24":"shipping-taxable","25":"purchasable","26":"product-type-variable","27":"has-default-attributes"},"_links":{"self":[{"href":"https:\/\/www.editorialelpirata.com\/ca\/wp-json\/wp\/v2\/product\/100581","targetHints":{"allow":["GET"]}}],"collection":[{"href":"https:\/\/www.editorialelpirata.com\/ca\/wp-json\/wp\/v2\/product"}],"about":[{"href":"https:\/\/www.editorialelpirata.com\/ca\/wp-json\/wp\/v2\/types\/product"}],"wp:featuredmedia":[{"embeddable":true,"href":"https:\/\/www.editorialelpirata.com\/ca\/wp-json\/wp\/v2\/media\/102865"}],"wp:attachment":[{"href":"https:\/\/www.editorialelpirata.com\/ca\/wp-json\/wp\/v2\/media?parent=100581"}],"wp:term":[{"taxonomy":"product_brand","embeddable":true,"href":"https:\/\/www.editorialelpirata.com\/ca\/wp-json\/wp\/v2\/product_brand?post=100581"},{"taxonomy":"product_cat","embeddable":true,"href":"https:\/\/www.editorialelpirata.com\/ca\/wp-json\/wp\/v2\/product_cat?post=100581"},{"taxonomy":"product_tag","embeddable":true,"href":"https:\/\/www.editorialelpirata.com\/ca\/wp-json\/wp\/v2\/product_tag?post=100581"}],"curies":[{"name":"wp","href":"https:\/\/api.w.org\/{rel}","templated":true}]}}

L&#8217;ÀVIA PIRATA

<div class="wpb-content-wrapper"><p>[vc_row][vc_column][vc_column_text uncode_shortcode_id=&#8221;965781&#8243;]</p>
<h1>La mitologia de la costa catalana pren vida de nou en aquesta apassionant col·lecció de llibres d&#8217;aventures!</h1>
<p>La Mariona i en Roger estan a punt d’endinsar-se en una increïble aventura. Quan arriben a la mansió de la seva àvia, descobreixen el secret més ben guardat de la família: que l’àvia en realitat és una pirata!</p>
<p>El segrest d’en Roger per part de la tripulació d’en Llamàntol, un terrible pirata, serà l’inici d’un viatge inoblidable, ple d’acció, de fantasia, de misteris, i on, a més, podràs conèixer <strong>els protagonistes de les llegendes de bona part de la costa catalana</strong>.</p>
<p>Una novel·la de pirates, amb moltíssimes il·lustracions fantàstiques, que enganxa des de la primera pàgina i que permet descobrir part de la mitologia de la costa catalana. Una decidida àvia pirata manant a tota una tripulació de pirates? On ens durà això?[/vc_column_text][vc_column_text uncode_shortcode_id=&#8221;426753&#8243;]</p>
<h3>Aquí pots veure un tràiler de la novel·la</h3>
<p>[/vc_column_text][vc_raw_html]JTNDaWZyYW1lJTIwd2lkdGglM0QlMjI1NjAlMjIlMjBoZWlnaHQlM0QlMjIzMTUlMjIlMjBzcmMlM0QlMjJodHRwcyUzQSUyRiUyRnd3dy55b3V0dWJlLmNvbSUyRmVtYmVkJTJGbHNvSUIySUs5UWclM0ZzaSUzRGpDMWJmbnhXMHpSd0E3enElMjIlMjB0aXRsZSUzRCUyMllvdVR1YmUlMjB2aWRlbyUyMHBsYXllciUyMiUyMGZyYW1lYm9yZGVyJTNEJTIyMCUyMiUyMGFsbG93JTNEJTIyYWNjZWxlcm9tZXRlciUzQiUyMGF1dG9wbGF5JTNCJTIwY2xpcGJvYXJkLXdyaXRlJTNCJTIwZW5jcnlwdGVkLW1lZGlhJTNCJTIwZ3lyb3Njb3BlJTNCJTIwcGljdHVyZS1pbi1waWN0dXJlJTNCJTIwd2ViLXNoYXJlJTIyJTIwcmVmZXJyZXJwb2xpY3klM0QlMjJzdHJpY3Qtb3JpZ2luLXdoZW4tY3Jvc3Mtb3JpZ2luJTIyJTIwYWxsb3dmdWxsc2NyZWVuJTNFJTNDJTJGaWZyYW1lJTNF[/vc_raw_html][vc_column_text uncode_shortcode_id=&#8221;275643&#8243;]</p>
<blockquote>
<h3>&#8220;El conjunt és una novel·la de pirates que veu la llum en l’editorial adient, producte de la col·laboració, braç a braç, com a bons corsaris, d’una tripulació composta pels tres aguerrits coautors.&#8221;</h3>
<p><strong><a href="https://www.clijcat.cat/faristol/critica/Lavia-pirata?fbclid=IwAR1YDaFnLYQAt5BEcFxeEqyMjr6p1YMRMm9TINzE02v1-NFPE643wxId4XM" target="_blank" rel="noopener noreferrer">Clijcat (Faristol)</a></strong></p></blockquote>
<p>[/vc_column_text][vc_row_inner][vc_column_inner width=&#8221;2/3&#8243;][vc_column_text uncode_shortcode_id=&#8221;831237&#8243;]</p>
<h2><b>Nou podcast de L&#8217;Àvia Pirata</b></h2>
<div>Recomanat per a totes les edats, amb curiositats sobre el món pirata i amb els personatges del llibre.</div>
<div></div>
<div><a href="https://www.ivoox.com/podcast-l-avia-pirata_sq_f11428988_1.html" target="_blank" rel="noopener noreferrer">https://www.ivoox.com/podcast-l-avia-pirata_sq_f11428988_1.html</a></div>
<p>[/vc_column_text][vc_button border_width=&#8221;0&#8243; link=&#8221;url:https%3A%2F%2Fwww.ivoox.com%2Fpodcast-l-avia-pirata_sq_f11428988_1.html|target:_blank&#8221; uncode_shortcode_id=&#8221;106244&#8243;]Escolta&#8217;ls[/vc_button][/vc_column_inner][vc_column_inner width=&#8221;1/3&#8243;][vc_single_image media=&#8221;90895&#8243; media_width_percent=&#8221;100&#8243; uncode_shortcode_id=&#8221;241473&#8243; media_link=&#8221;url:https%3A%2F%2Fwww.ivoox.com%2Fpodcast-l-avia-pirata_sq_f11428988_1.html|target:_blank&#8221;][/vc_column_inner][/vc_row_inner][vc_separator sep_color=&#8221;,Default&#8221; el_id=&#8221;video&#8221;][vc_column_text uncode_shortcode_id=&#8221;381787&#8243;]</p>
<h3><strong>Entrevista completa</strong> als seus tres autors</h3>
<p>[/vc_column_text][vc_raw_html]JTNDaWZyYW1lJTIwd2lkdGglM0QlMjI1NjAlMjIlMjBoZWlnaHQlM0QlMjIzMTUlMjIlMjBzcmMlM0QlMjJodHRwcyUzQSUyRiUyRnd3dy55b3V0dWJlLmNvbSUyRmVtYmVkJTJGZ050SnlZZ3RWVG8lM0ZzaSUzRFVkMVNfS3dLa3JYQjItVHQlMjIlMjB0aXRsZSUzRCUyMllvdVR1YmUlMjB2aWRlbyUyMHBsYXllciUyMiUyMGZyYW1lYm9yZGVyJTNEJTIyMCUyMiUyMGFsbG93JTNEJTIyYWNjZWxlcm9tZXRlciUzQiUyMGF1dG9wbGF5JTNCJTIwY2xpcGJvYXJkLXdyaXRlJTNCJTIwZW5jcnlwdGVkLW1lZGlhJTNCJTIwZ3lyb3Njb3BlJTNCJTIwcGljdHVyZS1pbi1waWN0dXJlJTNCJTIwd2ViLXNoYXJlJTIyJTIwcmVmZXJyZXJwb2xpY3klM0QlMjJzdHJpY3Qtb3JpZ2luLXdoZW4tY3Jvc3Mtb3JpZ2luJTIyJTIwYWxsb3dmdWxsc2NyZWVuJTNFJTNDJTJGaWZyYW1lJTNF[/vc_raw_html][vc_column_text uncode_shortcode_id=&#8221;859881&#8243;]</p>
<h3></h3>
<hr />
<p>Amb el suport del Departament de Cultura:</p>
<p><a href="https://www.editorialelpirata.com/wp-content/uploads/2024/11/Logo-icec.jpg"><img decoding="async" class="alignnone size-medium wp-image-100854" src="https://www.editorialelpirata.com/wp-content/uploads/2024/11/Logo-icec-300x45.jpg" alt="Logo icec complert" width="300" height="45" title=""></a>[/vc_column_text][/vc_column][/vc_row]</p>
</div>

<h3>Una esbojarrada aventura de pirates per a lectors de 10 anys</h3>
<p>Què passaria si de cop i volta descobrissis que la teva àvia va ser la pirata més llegendària dels set mars? Arrr! Descobreix-ho en aquest llibre, mariner d&#8217;aigua dolça!</p>
<p>&nbsp;</p>
<p>Autors: Josep “Kako” Carrasco i Assumpta Mercader</p>
<p>Il·lustrador: Pepe Palma</p>
