{"id":100464,"date":"2018-11-13T14:08:56","date_gmt":"2018-11-13T14:08:56","guid":{"rendered":"https:\/\/www.editorialelpirata.com\/?post_type=product&#038;p=100464"},"modified":"2025-01-24T23:34:57","modified_gmt":"2025-01-24T23:34:57","slug":"nomes-faltava-aixo-contes-per-explicar","status":"publish","type":"product","link":"https:\/\/www.editorialelpirata.com\/ca\/Producte\/nomes-faltava-aixo-contes-per-explicar\/","title":{"rendered":"NOM\u00c9S FALTAVA AIX\u00d2!"},"content":{"rendered":"<div class=\"wpb-content-wrapper\"><p>[vc_row][vc_column][vc_column_text uncode_shortcode_id=&#8221;302495&#8243;]<\/p>\n<h1>El conte m\u00e9s tendre per anar a dormir<\/h1>\n<div class=\"page\" title=\"Page 1\">\n<div class=\"layoutArea\">\n<div class=\"column\">\n<p>En <strong>Tin<\/strong> es separa per primera vegada dels seus pares. Aixi\u0301 doncs, la fami\u0301lia haura\u0300 de superar aquesta vive\u0300ncia a base de tendresa, abrac\u0327ades i un munt de petons.<\/p>\n<\/div>\n<\/div>\n<\/div>\n<p>&nbsp;<\/p>\n<p class=\"p1\"><span class=\"s1\"><em><strong>Nom\u00e9s faltava aix\u00f2!, \u00e9s<\/strong><\/em> un llibre il\u00b7lustrat, un conte per explicar, que, en explicar-ho abans d\u2019anar a dormir, e\u0301s pra\u0300cticament impossible que l\u2019habitacio\u0301 dels nens no es converteixi en un niu d\u2019abrac\u0327ades i petons.<\/span><\/p>\n<p>[\/vc_column_text][vc_column_text uncode_shortcode_id=&#8221;165076&#8243;]<\/p>\n<hr \/>\n<p>Amb el suport de:<\/p>\n<p><a href=\"https:\/\/www.edicionsdelpirata.cat\/wp-content\/uploads\/2017\/02\/cultura_generalitat.jpg\" target=\"_blank\" rel=\"noopener\"><img decoding=\"async\" class=\"alignnone size-full wp-image-5715\" src=\"https:\/\/www.edicionsdelpirata.cat\/wp-content\/uploads\/2017\/02\/cultura_generalitat.jpg\" alt=\"\" width=\"300\" height=\"80\" title=\"\"><\/a>[\/vc_column_text][\/vc_column][\/vc_row]<\/p>\n<\/div>","protected":false},"excerpt":{"rendered":"<h3>Un conte per explicar als m\u00e9s petits<\/h3>\n<p>Aquest \u00e0lbum il\u00b7lustrat de Mar Pav\u00f3n i Gemma Zarag\u00fceta convertir\u00e0 l&#8217;habitaci\u00f3 dels nens en un niu d&#8217;abra\u00e7ades i petons.<\/p>\n<p>&nbsp;<\/p>\n<p>Autora: Mar Pav\u00f3n<\/p>\n<p>Il\u00b7lustradora: Gemma Zarag\u00fceta<\/p>\n","protected":false},"featured_media":99537,"template":"","meta":[],"product_brand":[],"product_cat":[2344,2359,2360,2123,2330,2333],"product_tag":[3097,2800,2888,2984,3004,3040,3084,3089],"class_list":{"0":"post-100464","1":"product","2":"type-product","3":"status-publish","4":"has-post-thumbnail","6":"product_cat-llibres-de-3-a-6-anys","7":"product_cat-gemma-zaragueta-illustradors","8":"product_cat-mar-pavon-escriptors","9":"product_cat-tots-els-llibres","10":"product_cat-albums-illustrats","11":"product_cat-llibres-per-a-explicar","12":"product_tag-amor-ca","13":"product_tag-llibres-nens-ca","14":"product_tag-contes-bebes-ca","15":"product_tag-contes-nens-ca","16":"product_tag-contes-emocions-ca","17":"product_tag-contes-explicar-ca","18":"product_tag-contes-anar-dormir-ca","19":"product_tag-llibres-explicar-ca","21":"first","22":"instock","23":"shipping-taxable","24":"purchasable","25":"product-type-variable","26":"has-default-attributes"},"_links":{"self":[{"href":"https:\/\/www.editorialelpirata.com\/ca\/wp-json\/wp\/v2\/product\/100464","targetHints":{"allow":["GET"]}}],"collection":[{"href":"https:\/\/www.editorialelpirata.com\/ca\/wp-json\/wp\/v2\/product"}],"about":[{"href":"https:\/\/www.editorialelpirata.com\/ca\/wp-json\/wp\/v2\/types\/product"}],"wp:featuredmedia":[{"embeddable":true,"href":"https:\/\/www.editorialelpirata.com\/ca\/wp-json\/wp\/v2\/media\/99537"}],"wp:attachment":[{"href":"https:\/\/www.editorialelpirata.com\/ca\/wp-json\/wp\/v2\/media?parent=100464"}],"wp:term":[{"taxonomy":"product_brand","embeddable":true,"href":"https:\/\/www.editorialelpirata.com\/ca\/wp-json\/wp\/v2\/product_brand?post=100464"},{"taxonomy":"product_cat","embeddable":true,"href":"https:\/\/www.editorialelpirata.com\/ca\/wp-json\/wp\/v2\/product_cat?post=100464"},{"taxonomy":"product_tag","embeddable":true,"href":"https:\/\/www.editorialelpirata.com\/ca\/wp-json\/wp\/v2\/product_tag?post=100464"}],"curies":[{"name":"wp","href":"https:\/\/api.w.org\/{rel}","templated":true}]}}

NOMÉS FALTAVA AIXÒ!

<div class="wpb-content-wrapper"><p>[vc_row][vc_column][vc_column_text uncode_shortcode_id=&#8221;302495&#8243;]</p>
<h1>El conte més tendre per anar a dormir</h1>
<div class="page" title="Page 1">
<div class="layoutArea">
<div class="column">
<p>En <strong>Tin</strong> es separa per primera vegada dels seus pares. Així doncs, la família haurà de superar aquesta vivència a base de tendresa, abraçades i un munt de petons.</p>
</div>
</div>
</div>
<p>&nbsp;</p>
<p class="p1"><span class="s1"><em><strong>Només faltava això!, és</strong></em> un llibre il·lustrat, un conte per explicar, que, en explicar-ho abans d’anar a dormir, és pràcticament impossible que l’habitació dels nens no es converteixi en un niu d’abraçades i petons.</span></p>
<p>[/vc_column_text][vc_column_text uncode_shortcode_id=&#8221;165076&#8243;]</p>
<hr />
<p>Amb el suport de:</p>
<p><a href="https://www.edicionsdelpirata.cat/wp-content/uploads/2017/02/cultura_generalitat.jpg" target="_blank" rel="noopener"><img decoding="async" class="alignnone size-full wp-image-5715" src="https://www.edicionsdelpirata.cat/wp-content/uploads/2017/02/cultura_generalitat.jpg" alt="" width="300" height="80" title=""></a>[/vc_column_text][/vc_column][/vc_row]</p>
</div>

<h3>Un conte per explicar als més petits</h3>
<p>Aquest àlbum il·lustrat de Mar Pavón i Gemma Zaragüeta convertirà l&#8217;habitació dels nens en un niu d&#8217;abraçades i petons.</p>
<p>&nbsp;</p>
<p>Autora: Mar Pavón</p>
<p>Il·lustradora: Gemma Zaragüeta</p>
