{"id":100461,"date":"2019-05-07T13:51:36","date_gmt":"2019-05-07T13:51:36","guid":{"rendered":"https:\/\/www.editorialelpirata.com\/?post_type=product&#038;p=100461"},"modified":"2025-01-24T23:34:57","modified_gmt":"2025-01-24T23:34:57","slug":"cuquedo-contes-per-explicar","status":"publish","type":"product","link":"https:\/\/www.editorialelpirata.com\/ca\/Producte\/cuquedo-contes-per-explicar\/","title":{"rendered":"EL CUQUEDO"},"content":{"rendered":"<div class=\"wpb-content-wrapper\"><p>[vc_row][vc_column width=&#8221;1\/4&#8243;][\/vc_column][vc_column width=&#8221;1\/2&#8243;][vc_column_text uncode_shortcode_id=&#8221;902928&#8243;]<\/p>\n<h1 style=\"text-align: center;\">Per qu\u00e8 tots els animals van d\u2019una banda a l\u2019altra de la selva sense parar?<\/h1>\n<p>[\/vc_column_text][\/vc_column][vc_column width=&#8221;1\/4&#8243;][\/vc_column][\/vc_row][vc_row][vc_column width=&#8221;1\/1&#8243;][vc_column_text uncode_shortcode_id=&#8221;340398&#8243;]<\/p>\n<h2>Qui ser\u00e0 el Cuquedo? Alg\u00fa que sap espantar?<\/h2>\n<p>\u00c9s un llibre divertit, que podem utilitzar per llegir a nens de<strong> m\u00e9s de 2 anys<\/strong> per tal que coneguin animals i aprenguin que no han de tenir por.<\/p>\n<p>El text de <strong>Clara Cunha<\/strong> juga amb la repetici\u00f3 per tal que els nens intueixin qu\u00e8 passar\u00e0 a continuaci\u00f3 i participin de la hist\u00f2ria ja des de la primera lectura. Les il\u00b7lustracions de<strong> Paulo Galindro<\/strong> s\u00f3n una meravella, pintades sobre fusta i amb elements de collage molt originals.<\/p>\n<p>&nbsp;<\/p>\n<h3>El Cuquedo \u00e9s un llibre seleccionat pel<strong> Pla Nacional de Lectura<\/strong> de Portugal, on ja ha tingut m\u00e9s de 10 edicions<\/h3>\n<p>[\/vc_column_text][vc_separator sep_color=&#8221;&#8221; uncode_shortcode_id=&#8221;209604&#8243;][vc_column_text uncode_shortcode_id=&#8221;989266&#8243;]<strong><a class=\"cursor-init\" href=\"https:\/\/www.instagram.com\/p\/BxrIJBLi9Qr\/\" target=\"_blank\" rel=\"noopener noreferrer\">Mam\u00e1 lectora:<\/a>\u00a0\u201c<\/strong>\u00bfConoc\u00edais este cuento? Nosotras lo hemos descubierto hace poco y Peque\u00f1a Lectora ya me est\u00e1 pidiendo que vaya a su cole a contarlo! \u2665\ufe0f\u201d[\/vc_column_text][\/vc_column][\/vc_row]<\/p>\n<\/div>","protected":false},"excerpt":{"rendered":"<h3>Qui \u00e9s el Cuquedo? Per qu\u00e8 tots li tenen por sense saber qui \u00e9s?<\/h3>\n<p>Descobreix-ho en aquest hipn\u00f2tic \u00e0lbum il\u00b7lustrat a m\u00e0 per en Paulo Galindro.<\/p>\n<p>Pots veure<a href=\"https:\/\/www.yumpu.com\/xx\/document\/view\/67551559\/el-cuquedo\" target=\"_blank\" rel=\"noopener\"> aqu\u00ed una mostra\u00a0<\/a><\/p>\n","protected":false},"featured_media":98322,"template":"","meta":[],"product_brand":[],"product_cat":[2356,2388,2123,2330,2333],"product_tag":[2800,2831,3003,3040,3092,3093],"class_list":{"0":"post-100461","1":"product","2":"type-product","3":"status-publish","4":"has-post-thumbnail","6":"product_cat-contes-2-a-5-anys","7":"product_cat-nadine-robert-escriptors","8":"product_cat-tots-els-llibres","9":"product_cat-albums-illustrats","10":"product_cat-llibres-per-a-explicar","11":"product_tag-llibres-nens-ca","12":"product_tag-contes-divertits-ca","13":"product_tag-contes-animals-ca","14":"product_tag-contes-explicar-ca","15":"product_tag-contes-nens-humor-ca","16":"product_tag-llibres-divertits-ca","18":"first","19":"instock","20":"shipping-taxable","21":"purchasable","22":"product-type-variable","23":"has-default-attributes"},"_links":{"self":[{"href":"https:\/\/www.editorialelpirata.com\/ca\/wp-json\/wp\/v2\/product\/100461","targetHints":{"allow":["GET"]}}],"collection":[{"href":"https:\/\/www.editorialelpirata.com\/ca\/wp-json\/wp\/v2\/product"}],"about":[{"href":"https:\/\/www.editorialelpirata.com\/ca\/wp-json\/wp\/v2\/types\/product"}],"wp:featuredmedia":[{"embeddable":true,"href":"https:\/\/www.editorialelpirata.com\/ca\/wp-json\/wp\/v2\/media\/98322"}],"wp:attachment":[{"href":"https:\/\/www.editorialelpirata.com\/ca\/wp-json\/wp\/v2\/media?parent=100461"}],"wp:term":[{"taxonomy":"product_brand","embeddable":true,"href":"https:\/\/www.editorialelpirata.com\/ca\/wp-json\/wp\/v2\/product_brand?post=100461"},{"taxonomy":"product_cat","embeddable":true,"href":"https:\/\/www.editorialelpirata.com\/ca\/wp-json\/wp\/v2\/product_cat?post=100461"},{"taxonomy":"product_tag","embeddable":true,"href":"https:\/\/www.editorialelpirata.com\/ca\/wp-json\/wp\/v2\/product_tag?post=100461"}],"curies":[{"name":"wp","href":"https:\/\/api.w.org\/{rel}","templated":true}]}}

<div class="wpb-content-wrapper"><p>[vc_row][vc_column width=&#8221;1/4&#8243;][/vc_column][vc_column width=&#8221;1/2&#8243;][vc_column_text uncode_shortcode_id=&#8221;902928&#8243;]</p>
<h1 style="text-align: center;">Per què tots els animals van d’una banda a l’altra de la selva sense parar?</h1>
<p>[/vc_column_text][/vc_column][vc_column width=&#8221;1/4&#8243;][/vc_column][/vc_row][vc_row][vc_column width=&#8221;1/1&#8243;][vc_column_text uncode_shortcode_id=&#8221;340398&#8243;]</p>
<h2>Qui serà el Cuquedo? Algú que sap espantar?</h2>
<p>És un llibre divertit, que podem utilitzar per llegir a nens de<strong> més de 2 anys</strong> per tal que coneguin animals i aprenguin que no han de tenir por.</p>
<p>El text de <strong>Clara Cunha</strong> juga amb la repetició per tal que els nens intueixin què passarà a continuació i participin de la història ja des de la primera lectura. Les il·lustracions de<strong> Paulo Galindro</strong> són una meravella, pintades sobre fusta i amb elements de collage molt originals.</p>
<p>&nbsp;</p>
<h3>El Cuquedo és un llibre seleccionat pel<strong> Pla Nacional de Lectura</strong> de Portugal, on ja ha tingut més de 10 edicions</h3>
<p>[/vc_column_text][vc_separator sep_color=&#8221;&#8221; uncode_shortcode_id=&#8221;209604&#8243;][vc_column_text uncode_shortcode_id=&#8221;989266&#8243;]<strong><a class="cursor-init" href="https://www.instagram.com/p/BxrIJBLi9Qr/" target="_blank" rel="noopener noreferrer">Mamá lectora:</a> “</strong>¿Conocíais este cuento? Nosotras lo hemos descubierto hace poco y Pequeña Lectora ya me está pidiendo que vaya a su cole a contarlo! ♥️”[/vc_column_text][/vc_column][/vc_row]</p>
</div>

<h3>Qui és el Cuquedo? Per què tots li tenen por sense saber qui és?</h3>
<p>Descobreix-ho en aquest hipnòtic àlbum il·lustrat a mà per en Paulo Galindro.</p>
<p>Pots veure<a href="https://www.yumpu.com/xx/document/view/67551559/el-cuquedo" target="_blank" rel="noopener"> aquí una mostra </a></p>
