{"id":100458,"date":"2019-06-17T13:40:51","date_gmt":"2019-06-17T13:40:51","guid":{"rendered":"https:\/\/www.editorialelpirata.com\/?post_type=product&#038;p=100458"},"modified":"2024-12-23T15:13:30","modified_gmt":"2024-12-23T15:13:30","slug":"pere-el-gat-dempeus-contes-infantils","status":"publish","type":"product","link":"https:\/\/www.editorialelpirata.com\/ca\/Producte\/pere-el-gat-dempeus-contes-infantils\/","title":{"rendered":"PERE, EL GAT DEMPEUS"},"content":{"rendered":"<div class=\"wpb-content-wrapper\"><p>[vc_row][vc_column][vc_column_text uncode_shortcode_id=&#8221;406107&#8243;]<\/p>\n<h1>Un conte infantil amb un gat divertit per descobrir l&#8217;amistat<\/h1>\n<p>Un mat\u00ed, en Marc es troba una caixa davant de la seva porta. Intrigat, l\u2019obre. A l\u2019interior, un gat negre i blanc s\u2019aixeca sobre les seves potes del darrere.<br \/>\nEn Marc es sorpr\u00e8n molt, per\u00f2 en Pere, el gat dempeus, encara li reserva moltes altres sorpreses.<\/p>\n<p>&nbsp;<\/p>\n<p>L\u2019autora, Nadine Robert, aconsegueix destacar el <strong>valor de l\u2019amistat<\/strong> d\u2019una forma \u00fanica i molt original. \u00c9s un llibre ideal pel<strong> primer dia d\u2019escola<\/strong>, ja que el missatge ens fa entendre que all\u00f2 diferent, fora del que entenem com a normal, pot ser \u00fanic i especial, i que hem de valorar les difer\u00e8ncies com a quelcom positiu.<\/p>\n<p>&nbsp;<\/p>\n<h2><strong>Jean Jullien t\u00e9 m\u00e9s d\u2019un mili\u00f3 de seguidors a Instagram<\/strong><\/h2>\n<p>El reconegut il\u00b7lustrador i artista, <strong>Jean Jullien<\/strong>, va ser el creador del s\u00edmbol de la pau inspirat en la Torre Eiffel, creat en motiu dels atemptats a Par\u00eds. Les seves creacions, molt originals, l\u2019han dut a tenir m\u00e9s d\u2019un mili\u00f3 de seguidors a les xarxes socials.<\/p>\n<p>&nbsp;<\/p>\n<blockquote>\n<h3>&#8220;Un conte ideal per treballar el valor de l&#8217;amistat i la diversitat. Que bonic ser diferent!&#8221;.<\/h3>\n<p><strong><a href=\"https:\/\/www.instagram.com\/mestraambclasse\/\" target=\"_blank\" rel=\"noopener\">Mestra amb classe<\/a><\/strong><\/p><\/blockquote>\n<p>[\/vc_column_text][\/vc_column][\/vc_row][vc_row][vc_column column_width_percent=&#8221;100&#8243; align_horizontal=&#8221;align_center&#8221; gutter_size=&#8221;3&#8243; overlay_alpha=&#8221;50&#8243; shift_x=&#8221;0&#8243; shift_y=&#8221;0&#8243; shift_y_down=&#8221;0&#8243; z_index=&#8221;0&#8243; medium_width=&#8221;0&#8243; mobile_width=&#8221;0&#8243; width=&#8221;1\/1&#8243; uncode_shortcode_id=&#8221;133986&#8243;][vc_raw_html]JTNDaWZyYW1lJTIwd2lkdGglM0QlMjI2MjBweCUyMiUyMGhlaWdodCUzRCUyMjQwMHB4JTIyJTIwc3JjJTNEJTIyaHR0cHMlM0ElMkYlMkZ3d3cueXVtcHUuY29tJTJGeHglMkZlbWJlZCUyRnZpZXclMkZtc2Q3UEF0MDM2SnFqS0hmJTIyJTIwZnJhbWVib3JkZXIlM0QlMjIwJTIyJTIwYWxsb3dmdWxsc2NyZWVuJTNEJTIydHJ1ZSUyMiUyMCUyMGFsbG93dHJhbnNwYXJlbmN5JTNEJTIydHJ1ZSUyMiUzRSUzQyUyRmlmcmFtZSUzRQ==[\/vc_raw_html][\/vc_column][\/vc_row][vc_row][vc_column width=&#8221;1\/1&#8243;][vc_column_text uncode_shortcode_id=&#8221;150567&#8243;]<\/p>\n<hr \/>\n<h3>Tamb\u00e9 se&#8217;n diu&#8230;<\/h3>\n<blockquote><p><strong><a href=\"https:\/\/www.instagram.com\/miss_dopemine\/\" target=\"_blank\" rel=\"noopener\">Miss_dopemine<\/a>: <\/strong>&#8220;Se parece a nuestro gato y esto le gust\u00f3 mucho a mi hija. Es muy visual y tiene poca letra, es genial para que a los ni\u00f1os m\u00e1s inquietos les llame la atenci\u00f3n y sigan la historia en seguida&#8221;.<\/p>\n<p><strong><a href=\"https:\/\/www.instagram.com\/p\/B4CSKMFiQm4\/\" target=\"_blank\" rel=\"noopener\">Aprender con ellos: <\/a><\/strong>&#8220;Es un cuento precioso que sorprender\u00e1 a los m\u00e1s peques al tratar un tema novedoso. Les resultar\u00e1 gracioso todo lo que hace el gato y reir\u00e1n a carcajadas. Adem\u00e1s aprender\u00e1n lo importante que es respetar a los dem\u00e1s y quererlos por ser como son&#8221;.<\/p><\/blockquote>\n<p>&nbsp;<\/p>\n<hr \/>\n<p><iframe title=\"Llibres infantils amb valors - PERE, EL GAT DEMPEUS\" width=\"840\" height=\"473\" src=\"https:\/\/www.youtube.com\/embed\/_x-jfZBu8C8?feature=oembed&#038;width=840&#038;height=1000&#038;discover=1\" frameborder=\"0\" allow=\"accelerometer; autoplay; clipboard-write; encrypted-media; gyroscope; picture-in-picture; web-share\" referrerpolicy=\"strict-origin-when-cross-origin\" allowfullscreen><\/iframe><\/p>\n<p>[\/vc_column_text][vc_column_text uncode_shortcode_id=&#8221;208219&#8243;]<\/p>\n<hr \/>\n<p>Amb el suport de:<\/p>\n<p><a href=\"https:\/\/www.editorialelpirata.com\/wp-content\/uploads\/2024\/09\/cultura_generalitat.jpg\"><img decoding=\"async\" class=\"alignnone size-full wp-image-97863\" src=\"https:\/\/www.editorialelpirata.com\/wp-content\/uploads\/2024\/09\/cultura_generalitat.jpg\" alt=\"\" width=\"300\" height=\"80\" title=\"\" srcset=\"https:\/\/www.editorialelpirata.com\/wp-content\/uploads\/2024\/09\/cultura_generalitat.jpg 300w, https:\/\/www.editorialelpirata.com\/wp-content\/uploads\/2024\/09\/cultura_generalitat-64x17.jpg 64w\" sizes=\"(max-width: 300px) 100vw, 300px\" \/><\/a><\/p>\n<p>[\/vc_column_text][\/vc_column][\/vc_row]<\/p>\n<\/div>","protected":false},"excerpt":{"rendered":"<h3><strong>El nou \u00e0lbum il\u00b7lustrat per en Jean Jullien, a partir de 3 anys<\/strong><\/h3>\n<p><em><strong>Pere, el gat dempeus<\/strong><\/em> ens mostra el valor de l\u2019amistat i que, de vegades, ser diferent et fa \u00fanic i especial.<\/p>\n<p>&nbsp;<\/p>\n<p>Autora: Nadine Robert<\/p>\n<p>Il\u00b7lustrador: Jean Jullien<\/p>\n","protected":false},"featured_media":99552,"template":"","meta":[],"product_brand":[],"product_cat":[2123,2330,2333,2356,2387],"product_tag":[3049,3094,3095,3096,3157,2831,2984,3003,3005],"class_list":{"0":"post-100458","1":"product","2":"type-product","3":"status-publish","4":"has-post-thumbnail","6":"product_cat-tots-els-llibres","7":"product_cat-albums-illustrats","8":"product_cat-llibres-per-a-explicar","9":"product_cat-contes-2-a-5-anys","10":"product_cat-jean-jullien-illustradors","11":"product_tag-albums-illustrats-ca","12":"product_tag-contes-3-anys-ca","13":"product_tag-contes-infantils-animals-ca","14":"product_tag-gats-ca","15":"product_tag-llibres-nens-ca-2","16":"product_tag-contes-divertits-ca","17":"product_tag-contes-nens-ca","18":"product_tag-contes-animals-ca","19":"product_tag-contes-valors-ca","21":"first","22":"instock","23":"shipping-taxable","24":"purchasable","25":"product-type-variable"},"_links":{"self":[{"href":"https:\/\/www.editorialelpirata.com\/ca\/wp-json\/wp\/v2\/product\/100458","targetHints":{"allow":["GET"]}}],"collection":[{"href":"https:\/\/www.editorialelpirata.com\/ca\/wp-json\/wp\/v2\/product"}],"about":[{"href":"https:\/\/www.editorialelpirata.com\/ca\/wp-json\/wp\/v2\/types\/product"}],"wp:featuredmedia":[{"embeddable":true,"href":"https:\/\/www.editorialelpirata.com\/ca\/wp-json\/wp\/v2\/media\/99552"}],"wp:attachment":[{"href":"https:\/\/www.editorialelpirata.com\/ca\/wp-json\/wp\/v2\/media?parent=100458"}],"wp:term":[{"taxonomy":"product_brand","embeddable":true,"href":"https:\/\/www.editorialelpirata.com\/ca\/wp-json\/wp\/v2\/product_brand?post=100458"},{"taxonomy":"product_cat","embeddable":true,"href":"https:\/\/www.editorialelpirata.com\/ca\/wp-json\/wp\/v2\/product_cat?post=100458"},{"taxonomy":"product_tag","embeddable":true,"href":"https:\/\/www.editorialelpirata.com\/ca\/wp-json\/wp\/v2\/product_tag?post=100458"}],"curies":[{"name":"wp","href":"https:\/\/api.w.org\/{rel}","templated":true}]}}

<div class="wpb-content-wrapper"><p>[vc_row][vc_column][vc_column_text uncode_shortcode_id=&#8221;406107&#8243;]</p>
<h1>Un conte infantil amb un gat divertit per descobrir l&#8217;amistat</h1>
<p>Un matí, en Marc es troba una caixa davant de la seva porta. Intrigat, l’obre. A l’interior, un gat negre i blanc s’aixeca sobre les seves potes del darrere.<br />
En Marc es sorprèn molt, però en Pere, el gat dempeus, encara li reserva moltes altres sorpreses.</p>
<p>&nbsp;</p>
<p>L’autora, Nadine Robert, aconsegueix destacar el <strong>valor de l’amistat</strong> d’una forma única i molt original. És un llibre ideal pel<strong> primer dia d’escola</strong>, ja que el missatge ens fa entendre que allò diferent, fora del que entenem com a normal, pot ser únic i especial, i que hem de valorar les diferències com a quelcom positiu.</p>
<p>&nbsp;</p>
<h2><strong>Jean Jullien té més d’un milió de seguidors a Instagram</strong></h2>
<p>El reconegut il·lustrador i artista, <strong>Jean Jullien</strong>, va ser el creador del símbol de la pau inspirat en la Torre Eiffel, creat en motiu dels atemptats a París. Les seves creacions, molt originals, l’han dut a tenir més d’un milió de seguidors a les xarxes socials.</p>
<p>&nbsp;</p>
<blockquote>
<h3>&#8220;Un conte ideal per treballar el valor de l&#8217;amistat i la diversitat. Que bonic ser diferent!&#8221;.</h3>
<p><strong><a href="https://www.instagram.com/mestraambclasse/" target="_blank" rel="noopener">Mestra amb classe</a></strong></p></blockquote>
<p>[/vc_column_text][/vc_column][/vc_row][vc_row][vc_column column_width_percent=&#8221;100&#8243; align_horizontal=&#8221;align_center&#8221; gutter_size=&#8221;3&#8243; overlay_alpha=&#8221;50&#8243; shift_x=&#8221;0&#8243; shift_y=&#8221;0&#8243; shift_y_down=&#8221;0&#8243; z_index=&#8221;0&#8243; medium_width=&#8221;0&#8243; mobile_width=&#8221;0&#8243; width=&#8221;1/1&#8243; uncode_shortcode_id=&#8221;133986&#8243;][vc_raw_html]JTNDaWZyYW1lJTIwd2lkdGglM0QlMjI2MjBweCUyMiUyMGhlaWdodCUzRCUyMjQwMHB4JTIyJTIwc3JjJTNEJTIyaHR0cHMlM0ElMkYlMkZ3d3cueXVtcHUuY29tJTJGeHglMkZlbWJlZCUyRnZpZXclMkZtc2Q3UEF0MDM2SnFqS0hmJTIyJTIwZnJhbWVib3JkZXIlM0QlMjIwJTIyJTIwYWxsb3dmdWxsc2NyZWVuJTNEJTIydHJ1ZSUyMiUyMCUyMGFsbG93dHJhbnNwYXJlbmN5JTNEJTIydHJ1ZSUyMiUzRSUzQyUyRmlmcmFtZSUzRQ==[/vc_raw_html][/vc_column][/vc_row][vc_row][vc_column width=&#8221;1/1&#8243;][vc_column_text uncode_shortcode_id=&#8221;150567&#8243;]</p>
<hr />
<h3>També se&#8217;n diu&#8230;</h3>
<blockquote><p><strong><a href="https://www.instagram.com/miss_dopemine/" target="_blank" rel="noopener">Miss_dopemine</a>: </strong>&#8220;Se parece a nuestro gato y esto le gustó mucho a mi hija. Es muy visual y tiene poca letra, es genial para que a los niños más inquietos les llame la atención y sigan la historia en seguida&#8221;.</p>
<p><strong><a href="https://www.instagram.com/p/B4CSKMFiQm4/" target="_blank" rel="noopener">Aprender con ellos: </a></strong>&#8220;Es un cuento precioso que sorprenderá a los más peques al tratar un tema novedoso. Les resultará gracioso todo lo que hace el gato y reirán a carcajadas. Además aprenderán lo importante que es respetar a los demás y quererlos por ser como son&#8221;.</p></blockquote>
<p>&nbsp;</p>
<hr />
<p><iframe title="Llibres infantils amb valors - PERE, EL GAT DEMPEUS" width="840" height="473" src="https://www.youtube.com/embed/_x-jfZBu8C8?feature=oembed&#038;width=840&#038;height=1000&#038;discover=1" frameborder="0" allow="accelerometer; autoplay; clipboard-write; encrypted-media; gyroscope; picture-in-picture; web-share" referrerpolicy="strict-origin-when-cross-origin" allowfullscreen></iframe></p>
<p>[/vc_column_text][vc_column_text uncode_shortcode_id=&#8221;208219&#8243;]</p>
<hr />
<p>Amb el suport de:</p>
<p><a href="https://www.editorialelpirata.com/wp-content/uploads/2024/09/cultura_generalitat.jpg"><img decoding="async" class="alignnone size-full wp-image-97863" src="https://www.editorialelpirata.com/wp-content/uploads/2024/09/cultura_generalitat.jpg" alt="" width="300" height="80" title="" srcset="https://www.editorialelpirata.com/wp-content/uploads/2024/09/cultura_generalitat.jpg 300w, https://www.editorialelpirata.com/wp-content/uploads/2024/09/cultura_generalitat-64x17.jpg 64w" sizes="(max-width: 300px) 100vw, 300px" /></a></p>
<p>[/vc_column_text][/vc_column][/vc_row]</p>
</div>

<h3><strong>El nou àlbum il·lustrat per en Jean Jullien, a partir de 3 anys</strong></h3>
<p><em><strong>Pere, el gat dempeus</strong></em> ens mostra el valor de l’amistat i que, de vegades, ser diferent et fa únic i especial.</p>
<p>&nbsp;</p>
<p>Autora: Nadine Robert</p>
<p>Il·lustrador: Jean Jullien</p>
