{"id":100386,"date":"2015-10-17T09:36:26","date_gmt":"2015-10-17T09:36:26","guid":{"rendered":"https:\/\/www.editorialelpirata.com\/?post_type=product&#038;p=100386"},"modified":"2025-05-16T09:29:28","modified_gmt":"2025-05-16T09:29:28","slug":"el-drac-que-no-tenia-foc","status":"publish","type":"product","link":"https:\/\/www.editorialelpirata.com\/ca\/Producte\/el-drac-que-no-tenia-foc\/","title":{"rendered":"EL DRAC QUE NO TENIA FOC"},"content":{"rendered":"<div class=\"wpb-content-wrapper\"><p>[vc_row][vc_column][vc_column_text uncode_shortcode_id=&#8221;138346&#8243;]<\/p>\n<h2>Un llibre ideal per aprendre a llegir en lletra de pal i lligada<\/h2>\n<p>&#8220;<strong>El drac que no tenia foc<\/strong>&#8220;, \u00e9s un llibre de la col\u00b7lecci\u00f3 &#8220;<strong>Plou i Fa Sol<\/strong>&#8220;.<\/p>\n<p>Explica la hist\u00f2ria d&#8217;en Pasqual, un drac que no tenia foc fins que no va con\u00e8ixer uns nous amics.<\/p>\n<p><strong>El text est\u00e0 tant en lletra de pal com en lletra lligada. <\/strong><\/p>\n<p>L&#8217;objectiu \u00e9s ajudar a l&#8217;aprenentatge d&#8217;ambd\u00f3s estils de lletra a la vegada que es passa una bona estona.[\/vc_column_text][\/vc_column][\/vc_row][vc_row][vc_column column_width_percent=&#8221;100&#8243; align_horizontal=&#8221;align_center&#8221; gutter_size=&#8221;3&#8243; overlay_alpha=&#8221;50&#8243; shift_x=&#8221;0&#8243; shift_y=&#8221;0&#8243; shift_y_down=&#8221;0&#8243; z_index=&#8221;0&#8243; medium_width=&#8221;0&#8243; mobile_width=&#8221;0&#8243; width=&#8221;1\/1&#8243; uncode_shortcode_id=&#8221;185661&#8243;][vc_raw_html]JTNDaWZyYW1lJTIwd2lkdGglM0QlMjI2MjBweCUyMiUyMGhlaWdodCUzRCUyMjQwMHB4JTIyJTIwc3JjJTNEJTIyaHR0cHMlM0ElMkYlMkZ3d3cueXVtcHUuY29tJTJGeHglMkZlbWJlZCUyRnZpZXclMkZzbEcyWHFnRmJReGZhaEhWJTIyJTIwZnJhbWVib3JkZXIlM0QlMjIwJTIyJTIwYWxsb3dmdWxsc2NyZWVuJTNEJTIydHJ1ZSUyMiUyMCUyMGFsbG93dHJhbnNwYXJlbmN5JTNEJTIydHJ1ZSUyMiUzRSUzQyUyRmlmcmFtZSUzRQ==[\/vc_raw_html][\/vc_column][\/vc_row][vc_row][vc_column width=&#8221;1\/1&#8243;][vc_column_text uncode_shortcode_id=&#8221;976642&#8243;]<iframe title=\"Apr\u00e8n a llegir amb la COL\u00b7LECCI\u00d3 PLOU I FA SOL\" width=\"840\" height=\"473\" src=\"https:\/\/www.youtube.com\/embed\/490ifwt9dqk?feature=oembed&#038;enablejsapi=1&#038;origin=https:\/\/www.editorialelpirata.com&#038;width=840&#038;height=1000&#038;discover=1\" frameborder=\"0\" allow=\"accelerometer; autoplay; clipboard-write; encrypted-media; gyroscope; picture-in-picture; web-share\" referrerpolicy=\"strict-origin-when-cross-origin\" allowfullscreen><\/iframe><\/p>\n<h3><a href=\"https:\/\/www.editorialelpirata.com\/aprender-a-leer\/\" target=\"_blank\" rel=\"noopener noreferrer\"><b>Disponible tamb\u00e9 en castell\u00e0 en la combinaci\u00f3 de lletra de pal i impremta<\/b><\/a><\/h3>\n<hr>\n<h3>Ara pots aconseguir els nou t\u00edtols amb una motxilla de regal<\/h3>\n<p><iframe title=\"Col\u00b7lecci\u00f3 APR\u00c8N A LLEGIR - Amb MOTXILLA de regal!\" width=\"840\" height=\"473\" src=\"https:\/\/www.youtube.com\/embed\/-GCMA-nAl9U?feature=oembed&#038;enablejsapi=1&#038;origin=https:\/\/www.editorialelpirata.com&#038;width=840&#038;height=1000&#038;discover=1\" frameborder=\"0\" allow=\"accelerometer; autoplay; clipboard-write; encrypted-media; gyroscope; picture-in-picture; web-share\" referrerpolicy=\"strict-origin-when-cross-origin\" allowfullscreen><\/iframe>[\/vc_column_text][\/vc_column][\/vc_row][vc_row row_height_percent=&#8221;0&#8243; back_color=&#8221;color-lxmt&#8221; overlay_alpha=&#8221;50&#8243; gutter_size=&#8221;3&#8243; column_width_percent=&#8221;100&#8243; shift_y=&#8221;0&#8243; z_index=&#8221;0&#8243; uncode_shortcode_id=&#8221;575430&#8243; back_color_type=&#8221;uncode-palette&#8221;][vc_column width=&#8221;2\/3&#8243;][vc_single_image media=&#8221;100216&#8243; media_width_percent=&#8221;100&#8243; uncode_shortcode_id=&#8221;161416&#8243; media_link=&#8221;url:https%3A%2F%2Fwww.editorialelpirata.com%2Fca%2Fcol%25c2%25b7leccio-el-drac-pasqual-descobreix-el-mon%2F|title:Col%C2%B7lecci%C3%B3%20El%20drac%20Pasqual%20descobreix%20el%20m%C3%B3n|target:_blank&#8221;][\/vc_column][vc_column width=&#8221;1\/3&#8243;][vc_empty_space empty_h=&#8221;1&#8243;][vc_column_text uncode_shortcode_id=&#8221;713820&#8243;]L&#8217;\u00e8xit d&#8217; <em>El drac que no tenia foc<\/em> ha portat a la creaci\u00f3 de tota una<strong> col\u00b7lecci\u00f3 protagonitzada per en Pasqual<\/strong>, en qu\u00e8 el simp\u00e0tic\u00a0drac ens porta a <strong>con\u00e8ixer els diferents continents del m\u00f3n<\/strong>, aprenent geografia i costums d&#8217;altres pa\u00efsos sense deixar de divertir-nos.[\/vc_column_text][vc_button button_color=&#8221;color-210407&#8243; border_width=&#8221;0&#8243; button_color_type=&#8221;uncode-palette&#8221; uncode_shortcode_id=&#8221;136683&#8243; link=&#8221;url:https%3A%2F%2Fwww.editorialelpirata.com%2Fca%2Fproducto%2Flot-de-6-contes-en-lletra-lligada-per-a-nens%2F|title:Col%C2%B7lecci%C3%B3%20El%20drac%20Pasqual%20descobreix%20el%20m%C3%B3n|target:_blank&#8221;]COL\u00b7LECCI\u00d3 EL DRAC PASQUAL DESCOBREIX EL M\u00d3N[\/vc_button][vc_empty_space empty_h=&#8221;1&#8243;][\/vc_column][\/vc_row]<\/p>\n<\/div>","protected":false},"excerpt":{"rendered":"<h3>Apr\u00e8n a llegir amb el drac m\u00e9s divertit<\/h3>\n<p>Una vegada hi havia un petit drac que es deia Pasqual, i que estava trist perqu\u00e8 no tenia foc. Fins que un dia, es va fer amic d&#8217;uns nens d&#8217;Olot i van tenir una idea: a Olot hi ha volcans, i els volcans tenen foc. Potser en podria agafar una mica&#8230;<\/p>\n<p>&nbsp;<\/p>\n<p>Autora: Maria Grau<\/p>\n<p>Il\u00b7lustrador: Quim Bou<\/p>\n","protected":false},"featured_media":98427,"template":"","meta":[],"product_brand":[],"product_cat":[2132,2329,2343,2351,2117,2118,2123,2126,2130],"product_tag":[2799,2831,2880,2124,3029,3069,2131],"class_list":{"0":"post-100386","1":"product","2":"type-product","3":"status-publish","4":"has-post-thumbnail","6":"product_cat-quim-bou-illustradors","7":"product_cat-lletra-de-pal","8":"product_cat-lletra-lligada","9":"product_cat-lletra-pal-6-anys","10":"product_cat-llibres-per-6-anys","11":"product_cat-aprendre-a-llegir","12":"product_cat-tots-els-llibres","13":"product_cat-anna-clariana-illustradors","14":"product_cat-maria-grau-escriptors","15":"product_tag-llibres-infantils-ca","16":"product_tag-contes-divertits-ca","17":"product_tag-aprendre-a-llegir-ca","18":"product_tag-primers-lectors","19":"product_tag-dracs-ca","20":"product_tag-aventures-ca","21":"product_tag-plou-i-fa-sol","23":"first","24":"instock","25":"shipping-taxable","26":"purchasable","27":"product-type-variable","28":"has-default-attributes"},"_links":{"self":[{"href":"https:\/\/www.editorialelpirata.com\/ca\/wp-json\/wp\/v2\/product\/100386","targetHints":{"allow":["GET"]}}],"collection":[{"href":"https:\/\/www.editorialelpirata.com\/ca\/wp-json\/wp\/v2\/product"}],"about":[{"href":"https:\/\/www.editorialelpirata.com\/ca\/wp-json\/wp\/v2\/types\/product"}],"wp:featuredmedia":[{"embeddable":true,"href":"https:\/\/www.editorialelpirata.com\/ca\/wp-json\/wp\/v2\/media\/98427"}],"wp:attachment":[{"href":"https:\/\/www.editorialelpirata.com\/ca\/wp-json\/wp\/v2\/media?parent=100386"}],"wp:term":[{"taxonomy":"product_brand","embeddable":true,"href":"https:\/\/www.editorialelpirata.com\/ca\/wp-json\/wp\/v2\/product_brand?post=100386"},{"taxonomy":"product_cat","embeddable":true,"href":"https:\/\/www.editorialelpirata.com\/ca\/wp-json\/wp\/v2\/product_cat?post=100386"},{"taxonomy":"product_tag","embeddable":true,"href":"https:\/\/www.editorialelpirata.com\/ca\/wp-json\/wp\/v2\/product_tag?post=100386"}],"curies":[{"name":"wp","href":"https:\/\/api.w.org\/{rel}","templated":true}]}}

<div class="wpb-content-wrapper"><p>[vc_row][vc_column][vc_column_text uncode_shortcode_id=&#8221;138346&#8243;]</p>
<h2>Un llibre ideal per aprendre a llegir en lletra de pal i lligada</h2>
<p>&#8220;<strong>El drac que no tenia foc</strong>&#8220;, és un llibre de la col·lecció &#8220;<strong>Plou i Fa Sol</strong>&#8220;.</p>
<p>Explica la història d&#8217;en Pasqual, un drac que no tenia foc fins que no va conèixer uns nous amics.</p>
<p><strong>El text està tant en lletra de pal com en lletra lligada. </strong></p>
<p>L&#8217;objectiu és ajudar a l&#8217;aprenentatge d&#8217;ambdós estils de lletra a la vegada que es passa una bona estona.[/vc_column_text][/vc_column][/vc_row][vc_row][vc_column column_width_percent=&#8221;100&#8243; align_horizontal=&#8221;align_center&#8221; gutter_size=&#8221;3&#8243; overlay_alpha=&#8221;50&#8243; shift_x=&#8221;0&#8243; shift_y=&#8221;0&#8243; shift_y_down=&#8221;0&#8243; z_index=&#8221;0&#8243; medium_width=&#8221;0&#8243; mobile_width=&#8221;0&#8243; width=&#8221;1/1&#8243; uncode_shortcode_id=&#8221;185661&#8243;][vc_raw_html]JTNDaWZyYW1lJTIwd2lkdGglM0QlMjI2MjBweCUyMiUyMGhlaWdodCUzRCUyMjQwMHB4JTIyJTIwc3JjJTNEJTIyaHR0cHMlM0ElMkYlMkZ3d3cueXVtcHUuY29tJTJGeHglMkZlbWJlZCUyRnZpZXclMkZzbEcyWHFnRmJReGZhaEhWJTIyJTIwZnJhbWVib3JkZXIlM0QlMjIwJTIyJTIwYWxsb3dmdWxsc2NyZWVuJTNEJTIydHJ1ZSUyMiUyMCUyMGFsbG93dHJhbnNwYXJlbmN5JTNEJTIydHJ1ZSUyMiUzRSUzQyUyRmlmcmFtZSUzRQ==[/vc_raw_html][/vc_column][/vc_row][vc_row][vc_column width=&#8221;1/1&#8243;][vc_column_text uncode_shortcode_id=&#8221;976642&#8243;]<iframe title="Aprèn a llegir amb la COL·LECCIÓ PLOU I FA SOL" width="840" height="473" src="https://www.youtube.com/embed/490ifwt9dqk?feature=oembed&#038;enablejsapi=1&#038;origin=https://www.editorialelpirata.com&#038;width=840&#038;height=1000&#038;discover=1" frameborder="0" allow="accelerometer; autoplay; clipboard-write; encrypted-media; gyroscope; picture-in-picture; web-share" referrerpolicy="strict-origin-when-cross-origin" allowfullscreen></iframe></p>
<h3><a href="https://www.editorialelpirata.com/aprender-a-leer/" target="_blank" rel="noopener noreferrer"><b>Disponible també en castellà en la combinació de lletra de pal i impremta</b></a></h3>
<hr>
<h3>Ara pots aconseguir els nou títols amb una motxilla de regal</h3>
<p><iframe title="Col·lecció APRÈN A LLEGIR - Amb MOTXILLA de regal!" width="840" height="473" src="https://www.youtube.com/embed/-GCMA-nAl9U?feature=oembed&#038;enablejsapi=1&#038;origin=https://www.editorialelpirata.com&#038;width=840&#038;height=1000&#038;discover=1" frameborder="0" allow="accelerometer; autoplay; clipboard-write; encrypted-media; gyroscope; picture-in-picture; web-share" referrerpolicy="strict-origin-when-cross-origin" allowfullscreen></iframe>[/vc_column_text][/vc_column][/vc_row][vc_row row_height_percent=&#8221;0&#8243; back_color=&#8221;color-lxmt&#8221; overlay_alpha=&#8221;50&#8243; gutter_size=&#8221;3&#8243; column_width_percent=&#8221;100&#8243; shift_y=&#8221;0&#8243; z_index=&#8221;0&#8243; uncode_shortcode_id=&#8221;575430&#8243; back_color_type=&#8221;uncode-palette&#8221;][vc_column width=&#8221;2/3&#8243;][vc_single_image media=&#8221;100216&#8243; media_width_percent=&#8221;100&#8243; uncode_shortcode_id=&#8221;161416&#8243; media_link=&#8221;url:https%3A%2F%2Fwww.editorialelpirata.com%2Fca%2Fcol%25c2%25b7leccio-el-drac-pasqual-descobreix-el-mon%2F|title:Col%C2%B7lecci%C3%B3%20El%20drac%20Pasqual%20descobreix%20el%20m%C3%B3n|target:_blank&#8221;][/vc_column][vc_column width=&#8221;1/3&#8243;][vc_empty_space empty_h=&#8221;1&#8243;][vc_column_text uncode_shortcode_id=&#8221;713820&#8243;]L&#8217;èxit d&#8217; <em>El drac que no tenia foc</em> ha portat a la creació de tota una<strong> col·lecció protagonitzada per en Pasqual</strong>, en què el simpàtic drac ens porta a <strong>conèixer els diferents continents del món</strong>, aprenent geografia i costums d&#8217;altres països sense deixar de divertir-nos.[/vc_column_text][vc_button button_color=&#8221;color-210407&#8243; border_width=&#8221;0&#8243; button_color_type=&#8221;uncode-palette&#8221; uncode_shortcode_id=&#8221;136683&#8243; link=&#8221;url:https%3A%2F%2Fwww.editorialelpirata.com%2Fca%2Fproducto%2Flot-de-6-contes-en-lletra-lligada-per-a-nens%2F|title:Col%C2%B7lecci%C3%B3%20El%20drac%20Pasqual%20descobreix%20el%20m%C3%B3n|target:_blank&#8221;]COL·LECCIÓ EL DRAC PASQUAL DESCOBREIX EL MÓN[/vc_button][vc_empty_space empty_h=&#8221;1&#8243;][/vc_column][/vc_row]</p>
</div>

<h3>Aprèn a llegir amb el drac més divertit</h3>
<p>Una vegada hi havia un petit drac que es deia Pasqual, i que estava trist perquè no tenia foc. Fins que un dia, es va fer amic d&#8217;uns nens d&#8217;Olot i van tenir una idea: a Olot hi ha volcans, i els volcans tenen foc. Potser en podria agafar una mica&#8230;</p>
<p>&nbsp;</p>
<p>Autora: Maria Grau</p>
<p>Il·lustrador: Quim Bou</p>
