{"id":100307,"date":"2021-05-18T08:00:50","date_gmt":"2021-05-18T08:00:50","guid":{"rendered":"https:\/\/www.editorialelpirata.com\/?post_type=product&#038;p=100307"},"modified":"2026-04-09T10:20:52","modified_gmt":"2026-04-09T10:20:52","slug":"poca-broma-amb-lescola-9-anys","status":"publish","type":"product","link":"https:\/\/www.editorialelpirata.com\/ca\/Producte\/poca-broma-amb-lescola-9-anys\/","title":{"rendered":"POCA BROMA AMB L&#8217;ESCOLA!"},"content":{"rendered":"<div class=\"wpb-content-wrapper\"><p>[vc_row][vc_column][vc_column_text uncode_shortcode_id=&#8221;155038&#8243;]<\/p>\n<h1>Nova aventura dels protagonistes de <em>Poca broma amb la xocolata!<\/em><\/h1>\n<p>Si voleu riure, aquest \u00e9s el vostre llibre! La Judit i el Johan fan de superherois justiciers per ajudar a qui creuen que ho necessita, per\u00f2&#8230; no hi ha manera! Tot els hi surt del rev\u00e9s! Cada vegada que intenten ajudar alg\u00fa, acabaran embolicant-ho tot encara m\u00e9s!<\/p>\n<p>Al comen\u00e7ar l\u2019escola descobreixen que aquest any els ha tocat de professor el senyor Amela, que t\u00e9 fama mundial per quatre raons, i cap d&#8217;elles \u00e9s ser divertit. I com es pot fer de justicier amb un professor que sembla un sergent? La Judit i el Johan en trobaran la manera, i embolicaran la troca tant com quan eren de vacances a casa i al poble. No ho poden evitar!<\/p>\n<p><em><strong>Poca broma amb l&#8217;escola!<\/strong><\/em> \u00e9s el tercer t\u00edtol de la s\u00e8rie <em><strong>Els embolics de la Judit i el Johan<\/strong><\/em>.<\/p>\n<p>&nbsp;<\/p>\n<hr \/>\n<h3>Qu\u00e8 s&#8217;en diu&#8230;<\/h3>\n<h2>&#8220;Noves aventures encara m\u00e9s esbojarrades i divertides que els dos anteriors llibres&#8221;<\/h2>\n<p><strong><a href=\"https:\/\/jaumecentelles.cat\/2020\/03\/04\/poca-broma-amb-lescola-una-nova-aventura-de-la-judit-i-en-johan\/?fbclid=IwAR38qhmRwDLD5MryVCu80Fvp2A7ZmugZiYG9fGd0S2_-5HYzqIvVkRwhd8g\" target=\"_blank\" rel=\"noopener noreferrer\">Jaumecentelles.com<\/a><\/strong><\/p>\n<p>&nbsp;<\/p>\n<p><strong>Cr\u00edtiques de la col\u00b7lecci\u00f3:<\/strong><\/p>\n<p><strong><a href=\"https:\/\/jaumecentelles.cat\/2017\/04\/10\/zum-poca-broma-amb-les-vacances\/\" target=\"_blank\" rel=\"noopener\">Jaume Centelles:<\/a> <\/strong>&#8220;Es tracta d\u2019una <strong>novel\u00b7la realista<\/strong> amb molt d\u2019humor (molt) i que a alguns dels assistents a la presentaci\u00f3 els recordava a Roald Dahl per la frescor de les imatges tan potents que es poden llegir i perqu\u00e8 no pret\u00e9n en cap moment alli\u00e7onar ni enviar cap missatge expl\u00edcit.&#8221; &#8220;El <strong>vocabulari \u00e9s planer<\/strong>, com el que fan servir els infants, i sembla com si la narradora estigu\u00e9s explicant una pel\u00b7l\u00edcula o un fet emocionant.&#8221;<\/p>\n<p><strong><a href=\"http:\/\/www.clijcat.cat\/faristol\/critica\/Poca-broma-amb-les-vacances!\" target=\"_blank\" rel=\"noopener\">Faristol:<\/a> <\/strong>&#8220;L\u2019autora presenta uns personatges <strong>trapelles i aventurers<\/strong> que reforcen el dinamisme del text. Cadascun est\u00e0 caracteritzat amb uns trets que Farran s\u2019ocupa de recuperar per tal que el lector els visualitzi immediatament. Els malentesos i l\u2019\u00fas de recursos com ara la construcci\u00f3 de tirallongues de paraules afegeixen un toc d\u2019humor al text.&#8221;<\/p>\n<article id=\"contingut_caixa\" class=\"crt\">\n<section><\/section>\n<\/article>\n<article id=\"contingut_caixa\" class=\"crt\">\n<section><\/section>\n<\/article>\n<article id=\"contingut_caixa\" class=\"crt\">\n<section><\/section>\n<\/article>\n<p>&nbsp;<\/p>\n<hr \/>\n<p>Amb el suport del Departament de Cultura<\/p>\n<p><a href=\"https:\/\/www.editorialelpirata.com\/wp-content\/uploads\/2024\/11\/Logo-icec.jpg\"><img decoding=\"async\" class=\"alignnone size-medium wp-image-100854\" src=\"https:\/\/www.editorialelpirata.com\/wp-content\/uploads\/2024\/11\/Logo-icec-300x45.jpg\" alt=\"Logo icec complert\" width=\"300\" height=\"45\" title=\"\"><\/a>[\/vc_column_text][\/vc_column][\/vc_row]<\/p>\n<\/div>","protected":false},"excerpt":{"rendered":"<h3>Un llibre imprescindible per a tots aquells que vulguin partir-se de riure<\/h3>\n<p>A <em><strong>Poca broma amb l&#8217;escola<\/strong><\/em> hi trobarem la Judit i el Johan, que viuen un munt de divertid\u00edssimes i estramb\u00f2tiques aventures.<\/p>\n<p>\u00c9s el <b>tercer <\/b>t\u00edtol de la col\u00b7lecci\u00f3 <strong><em>Els embolics de la Judit i el Johan<\/em><\/strong>.<\/p>\n<p>&nbsp;<\/p>\n<p>Autora: Ester Farran<\/p>\n<p>Il\u00b7lustrador: Jordi Sales<\/p>\n","protected":false},"featured_media":99729,"template":"","meta":[],"product_brand":[],"product_cat":[2325,2326,2327,2328,2123,2324],"product_tag":[3279,3280,3358,2799,2831,2881,3063,3068,3157],"class_list":{"0":"post-100307","1":"product","2":"type-product","3":"status-publish","4":"has-post-thumbnail","6":"product_cat-els-embolics-de-la-judit-i-el-johan","7":"product_cat-ester-farran-escriptors","8":"product_cat-jordi-sales-illustradors","9":"product_cat-llibres-per-9-anys","10":"product_cat-tots-els-llibres","11":"product_cat-9-10-nadal","12":"product_tag-llibres-9-anys-ca-2","13":"product_tag-llibres-humor-ca-2","14":"product_tag-ficcio-infantil-ca-2","15":"product_tag-llibres-infantils-ca","16":"product_tag-contes-divertits-ca","17":"product_tag-contes-infantils-ca","18":"product_tag-humor-ca","19":"product_tag-literatura-infantil-ca","20":"product_tag-llibres-nens-ca-2","22":"first","23":"instock","24":"shipping-taxable","25":"purchasable","26":"product-type-variable","27":"has-default-attributes"},"_links":{"self":[{"href":"https:\/\/www.editorialelpirata.com\/ca\/wp-json\/wp\/v2\/product\/100307","targetHints":{"allow":["GET"]}}],"collection":[{"href":"https:\/\/www.editorialelpirata.com\/ca\/wp-json\/wp\/v2\/product"}],"about":[{"href":"https:\/\/www.editorialelpirata.com\/ca\/wp-json\/wp\/v2\/types\/product"}],"wp:featuredmedia":[{"embeddable":true,"href":"https:\/\/www.editorialelpirata.com\/ca\/wp-json\/wp\/v2\/media\/99729"}],"wp:attachment":[{"href":"https:\/\/www.editorialelpirata.com\/ca\/wp-json\/wp\/v2\/media?parent=100307"}],"wp:term":[{"taxonomy":"product_brand","embeddable":true,"href":"https:\/\/www.editorialelpirata.com\/ca\/wp-json\/wp\/v2\/product_brand?post=100307"},{"taxonomy":"product_cat","embeddable":true,"href":"https:\/\/www.editorialelpirata.com\/ca\/wp-json\/wp\/v2\/product_cat?post=100307"},{"taxonomy":"product_tag","embeddable":true,"href":"https:\/\/www.editorialelpirata.com\/ca\/wp-json\/wp\/v2\/product_tag?post=100307"}],"curies":[{"name":"wp","href":"https:\/\/api.w.org\/{rel}","templated":true}]}}

<div class="wpb-content-wrapper"><p>[vc_row][vc_column][vc_column_text uncode_shortcode_id=&#8221;155038&#8243;]</p>
<h1>Nova aventura dels protagonistes de <em>Poca broma amb la xocolata!</em></h1>
<p>Si voleu riure, aquest és el vostre llibre! La Judit i el Johan fan de superherois justiciers per ajudar a qui creuen que ho necessita, però&#8230; no hi ha manera! Tot els hi surt del revés! Cada vegada que intenten ajudar algú, acabaran embolicant-ho tot encara més!</p>
<p>Al començar l’escola descobreixen que aquest any els ha tocat de professor el senyor Amela, que té fama mundial per quatre raons, i cap d&#8217;elles és ser divertit. I com es pot fer de justicier amb un professor que sembla un sergent? La Judit i el Johan en trobaran la manera, i embolicaran la troca tant com quan eren de vacances a casa i al poble. No ho poden evitar!</p>
<p><em><strong>Poca broma amb l&#8217;escola!</strong></em> és el tercer títol de la sèrie <em><strong>Els embolics de la Judit i el Johan</strong></em>.</p>
<p>&nbsp;</p>
<hr />
<h3>Què s&#8217;en diu&#8230;</h3>
<h2>&#8220;Noves aventures encara més esbojarrades i divertides que els dos anteriors llibres&#8221;</h2>
<p><strong><a href="https://jaumecentelles.cat/2020/03/04/poca-broma-amb-lescola-una-nova-aventura-de-la-judit-i-en-johan/?fbclid=IwAR38qhmRwDLD5MryVCu80Fvp2A7ZmugZiYG9fGd0S2_-5HYzqIvVkRwhd8g" target="_blank" rel="noopener noreferrer">Jaumecentelles.com</a></strong></p>
<p>&nbsp;</p>
<p><strong>Crítiques de la col·lecció:</strong></p>
<p><strong><a href="https://jaumecentelles.cat/2017/04/10/zum-poca-broma-amb-les-vacances/" target="_blank" rel="noopener">Jaume Centelles:</a> </strong>&#8220;Es tracta d’una <strong>novel·la realista</strong> amb molt d’humor (molt) i que a alguns dels assistents a la presentació els recordava a Roald Dahl per la frescor de les imatges tan potents que es poden llegir i perquè no pretén en cap moment alliçonar ni enviar cap missatge explícit.&#8221; &#8220;El <strong>vocabulari és planer</strong>, com el que fan servir els infants, i sembla com si la narradora estigués explicant una pel·lícula o un fet emocionant.&#8221;</p>
<p><strong><a href="http://www.clijcat.cat/faristol/critica/Poca-broma-amb-les-vacances!" target="_blank" rel="noopener">Faristol:</a> </strong>&#8220;L’autora presenta uns personatges <strong>trapelles i aventurers</strong> que reforcen el dinamisme del text. Cadascun està caracteritzat amb uns trets que Farran s’ocupa de recuperar per tal que el lector els visualitzi immediatament. Els malentesos i l’ús de recursos com ara la construcció de tirallongues de paraules afegeixen un toc d’humor al text.&#8221;</p>
<article id="contingut_caixa" class="crt">
<section></section>
</article>
<article id="contingut_caixa" class="crt">
<section></section>
</article>
<article id="contingut_caixa" class="crt">
<section></section>
</article>
<p>&nbsp;</p>
<hr />
<p>Amb el suport del Departament de Cultura</p>
<p><a href="https://www.editorialelpirata.com/wp-content/uploads/2024/11/Logo-icec.jpg"><img decoding="async" class="alignnone size-medium wp-image-100854" src="https://www.editorialelpirata.com/wp-content/uploads/2024/11/Logo-icec-300x45.jpg" alt="Logo icec complert" width="300" height="45" title=""></a>[/vc_column_text][/vc_column][/vc_row]</p>
</div>

<h3>Un llibre imprescindible per a tots aquells que vulguin partir-se de riure</h3>
<p>A <em><strong>Poca broma amb l&#8217;escola</strong></em> hi trobarem la Judit i el Johan, que viuen un munt de divertidíssimes i estrambòtiques aventures.</p>
<p>És el <b>tercer </b>títol de la col·lecció <strong><em>Els embolics de la Judit i el Johan</em></strong>.</p>
<p>&nbsp;</p>
<p>Autora: Ester Farran</p>
<p>Il·lustrador: Jordi Sales</p>
