{"id":100297,"date":"2016-02-27T19:55:19","date_gmt":"2016-02-27T19:55:19","guid":{"rendered":"https:\/\/www.editorialelpirata.com\/?post_type=product&#038;p=100297"},"modified":"2026-04-09T10:20:52","modified_gmt":"2026-04-09T10:20:52","slug":"poca-broma-amb-la-xocolata-9-anys","status":"publish","type":"product","link":"https:\/\/www.editorialelpirata.com\/ca\/Producte\/poca-broma-amb-la-xocolata-9-anys\/","title":{"rendered":"POCA BROMA AMB LA XOCOLATA!"},"content":{"rendered":"<div class=\"wpb-content-wrapper\"><p>[vc_row][vc_column][vc_column_text uncode_shortcode_id=&#8221;134242&#8243;]<\/p>\n<h2>Llibre d&#8217;humor per a 8 anys<\/h2>\n<p>Aquest estiu la <strong>Judit i el Johan<\/strong> han fet una alian\u00e7a que capgirar\u00e0 la vida de tots els qui els envolten. S\u2019han unit amb un prop\u00f2sit: fer de superherois justiciers i ajudar els altres, i per aconseguir-ho faran \u00fas de tot el seu arsenal d\u2019idees divertides i estrafol\u00e0ries i, sobretot, de molta, molta xocolata.<\/p>\n<p><strong>Vols acompanyar-los?<\/strong><br \/>\n[\/vc_column_text][\/vc_column][\/vc_row][vc_row][vc_column][vc_column_text uncode_shortcode_id=&#8221;115956&#8243;]<\/p>\n<h3>Qu\u00e8 s\u2019en diu\u2026<\/h3>\n<h2>\u201cNoves aventures encara m\u00e9s esbojarrades i divertides que els dos anteriors llibres\u201d<\/h2>\n<p><strong><a class=\"cursor-init\" href=\"https:\/\/jaumecentelles.cat\/2020\/03\/04\/poca-broma-amb-lescola-una-nova-aventura-de-la-judit-i-en-johan\/?fbclid=IwAR38qhmRwDLD5MryVCu80Fvp2A7ZmugZiYG9fGd0S2_-5HYzqIvVkRwhd8g\" target=\"_blank\" rel=\"noopener noreferrer\">Jaumecentelles.com<\/a><\/strong><\/p>\n<p><strong>Cr\u00edtiques de la col\u00b7lecci\u00f3:<\/strong><\/p>\n<p><strong><a href=\"https:\/\/jaumecentelles.cat\/2017\/04\/10\/zum-poca-broma-amb-les-vacances\/\" target=\"_blank\" rel=\"noopener\">Jaume Centelles:<\/a>\u00a0<\/strong>\u201cEs tracta d\u2019una\u00a0<strong>novel\u00b7la realista<\/strong>\u00a0amb molt d\u2019humor (molt) i que a alguns dels assistents a la presentaci\u00f3 els recordava a Roald Dahl per la frescor de les imatges tan potents que es poden llegir i perqu\u00e8 no pret\u00e9n en cap moment alli\u00e7onar ni enviar cap missatge expl\u00edcit.\u201d \u201cEl\u00a0<strong>vocabulari \u00e9s planer<\/strong>, com el que fan servir els infants, i sembla com si la narradora estigu\u00e9s explicant una pel\u00b7l\u00edcula o un fet emocionant.\u201d<\/p>\n<p><strong><a href=\"http:\/\/www.clijcat.cat\/faristol\/critica\/Poca-broma-amb-les-vacances!\" target=\"_blank\" rel=\"noopener\">Faristol:<\/a>\u00a0<\/strong>\u201cL\u2019autora presenta uns personatges\u00a0<strong>trapelles i aventurers<\/strong>\u00a0que reforcen el dinamisme del text. Cadascun est\u00e0 caracteritzat amb uns trets que Farran s\u2019ocupa de recuperar per tal que el lector els visualitzi immediatament. Els malentesos i l\u2019\u00fas de recursos com ara la construcci\u00f3 de tirallongues de paraules afegeixen un toc d\u2019humor al text.\u201d[\/vc_column_text][\/vc_column][\/vc_row][vc_row][vc_column width=&#8221;1\/1&#8243;][vc_column_text uncode_shortcode_id=&#8221;311919&#8243;]Amb el suport de :<\/p>\n<p><a href=\"https:\/\/www.editorialelpirata.com\/wp-content\/uploads\/2024\/11\/Logo-icec.jpg\"><img decoding=\"async\" class=\"alignnone size-medium wp-image-100853\" src=\"https:\/\/www.editorialelpirata.com\/wp-content\/uploads\/2024\/11\/Logo-icec-300x45.jpg\" alt=\"Logo icec complert\" width=\"300\" height=\"45\" title=\"\" srcset=\"https:\/\/www.editorialelpirata.com\/wp-content\/uploads\/2024\/11\/Logo-icec-300x45.jpg 300w, https:\/\/www.editorialelpirata.com\/wp-content\/uploads\/2024\/11\/Logo-icec-1024x155.jpg 1024w, https:\/\/www.editorialelpirata.com\/wp-content\/uploads\/2024\/11\/Logo-icec-768x116.jpg 768w, https:\/\/www.editorialelpirata.com\/wp-content\/uploads\/2024\/11\/Logo-icec-350x53.jpg 350w, https:\/\/www.editorialelpirata.com\/wp-content\/uploads\/2024\/11\/Logo-icec-64x10.jpg 64w, https:\/\/www.editorialelpirata.com\/wp-content\/uploads\/2024\/11\/Logo-icec.jpg 1252w\" sizes=\"(max-width: 300px) 100vw, 300px\" \/><\/a>[\/vc_column_text][\/vc_column][\/vc_row]<\/p>\n<\/div>","protected":false},"excerpt":{"rendered":"<h3>Un llibre imprescindible per a tots aquells que vulguin partir-se de riure<\/h3>\n<p>A <em><strong>Poca broma amb la xocolata<\/strong><\/em> hi trobarem la Judit i el Johan, que viuen un munt de divertid\u00edssimes i estramb\u00f2tiques aventures.<\/p>\n<p>\u00c9s el <strong>primer<\/strong> t\u00edtol de la col\u00b7lecci\u00f3 <strong><em>Els embolics de la Judit i el Johan<\/em><\/strong>.<\/p>\n<p>&nbsp;<\/p>\n<p>Autora: Ester Farran<\/p>\n<p>Il\u00b7lustrador: Jordi Sales<\/p>\n","protected":false},"featured_media":103276,"template":"","meta":[],"product_brand":[],"product_cat":[2325,3148,3360,3361,3362,3275,2960],"product_tag":[3093,3358,3241,3279,3280,2831,3307,3356],"class_list":{"0":"post-100297","1":"product","2":"type-product","3":"status-publish","4":"has-post-thumbnail","6":"product_cat-els-embolics-de-la-judit-i-el-johan","7":"product_cat-llibres-de-4-a-7-anys-ca","8":"product_cat-lletra-dimpremta","9":"product_cat-ester-farran-ca","10":"product_cat-jordi-sales-ca","11":"product_cat-llibres-per-9-anys-ca","12":"product_cat-llibres-humor-2","13":"product_tag-llibres-divertits-ca","14":"product_tag-ficcio-infantil-ca-2","15":"product_tag-conte-infantil","16":"product_tag-llibres-9-anys-ca-2","17":"product_tag-llibres-humor-ca-2","18":"product_tag-contes-divertits-ca","19":"product_tag-llibre-nens","20":"product_tag-llibre-aventures","21":"product_shipping_class-envio-estandar-ca-2","23":"first","24":"instock","25":"featured","26":"shipping-taxable","27":"purchasable","28":"product-type-variable","29":"has-default-attributes"},"_links":{"self":[{"href":"https:\/\/www.editorialelpirata.com\/ca\/wp-json\/wp\/v2\/product\/100297","targetHints":{"allow":["GET"]}}],"collection":[{"href":"https:\/\/www.editorialelpirata.com\/ca\/wp-json\/wp\/v2\/product"}],"about":[{"href":"https:\/\/www.editorialelpirata.com\/ca\/wp-json\/wp\/v2\/types\/product"}],"wp:featuredmedia":[{"embeddable":true,"href":"https:\/\/www.editorialelpirata.com\/ca\/wp-json\/wp\/v2\/media\/103276"}],"wp:attachment":[{"href":"https:\/\/www.editorialelpirata.com\/ca\/wp-json\/wp\/v2\/media?parent=100297"}],"wp:term":[{"taxonomy":"product_brand","embeddable":true,"href":"https:\/\/www.editorialelpirata.com\/ca\/wp-json\/wp\/v2\/product_brand?post=100297"},{"taxonomy":"product_cat","embeddable":true,"href":"https:\/\/www.editorialelpirata.com\/ca\/wp-json\/wp\/v2\/product_cat?post=100297"},{"taxonomy":"product_tag","embeddable":true,"href":"https:\/\/www.editorialelpirata.com\/ca\/wp-json\/wp\/v2\/product_tag?post=100297"}],"curies":[{"name":"wp","href":"https:\/\/api.w.org\/{rel}","templated":true}]}}

<div class="wpb-content-wrapper"><p>[vc_row][vc_column][vc_column_text uncode_shortcode_id=&#8221;134242&#8243;]</p>
<h2>Llibre d&#8217;humor per a 8 anys</h2>
<p>Aquest estiu la <strong>Judit i el Johan</strong> han fet una aliança que capgirarà la vida de tots els qui els envolten. S’han unit amb un propòsit: fer de superherois justiciers i ajudar els altres, i per aconseguir-ho faran ús de tot el seu arsenal d’idees divertides i estrafolàries i, sobretot, de molta, molta xocolata.</p>
<p><strong>Vols acompanyar-los?</strong><br />
[/vc_column_text][/vc_column][/vc_row][vc_row][vc_column][vc_column_text uncode_shortcode_id=&#8221;115956&#8243;]</p>
<h3>Què s’en diu…</h3>
<h2>“Noves aventures encara més esbojarrades i divertides que els dos anteriors llibres”</h2>
<p><strong><a class="cursor-init" href="https://jaumecentelles.cat/2020/03/04/poca-broma-amb-lescola-una-nova-aventura-de-la-judit-i-en-johan/?fbclid=IwAR38qhmRwDLD5MryVCu80Fvp2A7ZmugZiYG9fGd0S2_-5HYzqIvVkRwhd8g" target="_blank" rel="noopener noreferrer">Jaumecentelles.com</a></strong></p>
<p><strong>Crítiques de la col·lecció:</strong></p>
<p><strong><a href="https://jaumecentelles.cat/2017/04/10/zum-poca-broma-amb-les-vacances/" target="_blank" rel="noopener">Jaume Centelles:</a> </strong>“Es tracta d’una <strong>novel·la realista</strong> amb molt d’humor (molt) i que a alguns dels assistents a la presentació els recordava a Roald Dahl per la frescor de les imatges tan potents que es poden llegir i perquè no pretén en cap moment alliçonar ni enviar cap missatge explícit.” “El <strong>vocabulari és planer</strong>, com el que fan servir els infants, i sembla com si la narradora estigués explicant una pel·lícula o un fet emocionant.”</p>
<p><strong><a href="http://www.clijcat.cat/faristol/critica/Poca-broma-amb-les-vacances!" target="_blank" rel="noopener">Faristol:</a> </strong>“L’autora presenta uns personatges <strong>trapelles i aventurers</strong> que reforcen el dinamisme del text. Cadascun està caracteritzat amb uns trets que Farran s’ocupa de recuperar per tal que el lector els visualitzi immediatament. Els malentesos i l’ús de recursos com ara la construcció de tirallongues de paraules afegeixen un toc d’humor al text.”[/vc_column_text][/vc_column][/vc_row][vc_row][vc_column width=&#8221;1/1&#8243;][vc_column_text uncode_shortcode_id=&#8221;311919&#8243;]Amb el suport de :</p>
<p><a href="https://www.editorialelpirata.com/wp-content/uploads/2024/11/Logo-icec.jpg"><img decoding="async" class="alignnone size-medium wp-image-100853" src="https://www.editorialelpirata.com/wp-content/uploads/2024/11/Logo-icec-300x45.jpg" alt="Logo icec complert" width="300" height="45" title="" srcset="https://www.editorialelpirata.com/wp-content/uploads/2024/11/Logo-icec-300x45.jpg 300w, https://www.editorialelpirata.com/wp-content/uploads/2024/11/Logo-icec-1024x155.jpg 1024w, https://www.editorialelpirata.com/wp-content/uploads/2024/11/Logo-icec-768x116.jpg 768w, https://www.editorialelpirata.com/wp-content/uploads/2024/11/Logo-icec-350x53.jpg 350w, https://www.editorialelpirata.com/wp-content/uploads/2024/11/Logo-icec-64x10.jpg 64w, https://www.editorialelpirata.com/wp-content/uploads/2024/11/Logo-icec.jpg 1252w" sizes="(max-width: 300px) 100vw, 300px" /></a>[/vc_column_text][/vc_column][/vc_row]</p>
</div>

<h3>Un llibre imprescindible per a tots aquells que vulguin partir-se de riure</h3>
<p>A <em><strong>Poca broma amb la xocolata</strong></em> hi trobarem la Judit i el Johan, que viuen un munt de divertidíssimes i estrambòtiques aventures.</p>
<p>És el <strong>primer</strong> títol de la col·lecció <strong><em>Els embolics de la Judit i el Johan</em></strong>.</p>
<p>&nbsp;</p>
<p>Autora: Ester Farran</p>
<p>Il·lustrador: Jordi Sales</p>
