{"id":100279,"date":"2015-11-01T09:00:48","date_gmt":"2015-11-01T09:00:48","guid":{"rendered":"https:\/\/www.editorialelpirata.com\/?post_type=product&#038;p=100279"},"modified":"2025-01-24T23:34:37","modified_gmt":"2025-01-24T23:34:37","slug":"potpetit-7-anys","status":"publish","type":"product","link":"https:\/\/www.editorialelpirata.com\/ca\/Producte\/potpetit-7-anys\/","title":{"rendered":"POTPETIT"},"content":{"rendered":"<div class=\"wpb-content-wrapper\"><p>[vc_row][vc_column][vc_column_text]<\/p>\n<h1>Una hist\u00f2ria divertid\u00edssima per a nens i nenes de 7 anys<\/h1>\n<p>&nbsp;<\/p>\n<p>Al reialme de Torremolsa s\u2019hi podria viure d\u2019all\u00f2 m\u00e9s b\u00e9 si no fos per la visita inesperada i violenta de l\u2019ogre Pamden\u00e0s, que amb el seu nassarrot no para d\u2019ensumar i d\u2019engegar al botavant tots els guerrers que li planten cara. La reina est\u00e0 desesperada i no sap qu\u00e8 cal fer. Per\u00f2 el pastor Potpetit s\u00ed que ho sap!<\/p>\n<p><strong>&#8220;Potpetit&#8221;<\/strong> \u00e9s un dels llibres de la col\u00b7lecci\u00f3 <b>&#8220;El Pirata Carbassa&#8221;<\/b>. La col\u00b7lecci\u00f3 est\u00e0 pensada per a nanos d&#8217;una edat aproximada d&#8217;uns 7 anys.<\/p>\n<p>Potpetit ha estat incl\u00f2s dins de la selecci\u00f3 de <strong>contes no sexistes<\/strong> de l&#8217;Ajuntament de Santa Coloma de Cervell\u00f3.<\/p>\n<p>&nbsp;<\/p>\n<hr \/>\n<h3><a href=\"https:\/\/drive.google.com\/file\/d\/1Rl05q_jwLl8vF8Oe0rXgaIoNYj6zcaJb\/view?usp=sharing\" target=\"_blank\" rel=\"noopener noreferrer\">Descarrega\u2019t la proposta did\u00e1ctica gratu\u00efta sobre aquest llibre!<\/a><\/h3>\n<p>[\/vc_column_text][\/vc_column][\/vc_row][vc_row][vc_column column_width_percent=&#8221;100&#8243; align_horizontal=&#8221;align_center&#8221; gutter_size=&#8221;3&#8243; overlay_alpha=&#8221;50&#8243; shift_x=&#8221;0&#8243; shift_y=&#8221;0&#8243; shift_y_down=&#8221;0&#8243; z_index=&#8221;0&#8243; medium_width=&#8221;0&#8243; mobile_width=&#8221;0&#8243; width=&#8221;1\/1&#8243; uncode_shortcode_id=&#8221;203611&#8243;][vc_raw_html]JTNDaWZyYW1lJTIwd2lkdGglM0QlMjI2MjBweCUyMiUyMGhlaWdodCUzRCUyMjQwMHB4JTIyJTIwc3JjJTNEJTIyaHR0cHMlM0ElMkYlMkZ3d3cueXVtcHUuY29tJTJGeHglMkZlbWJlZCUyRnZpZXclMkZIUWlmN0MzbUtvSmtWRjhQJTIyJTIwZnJhbWVib3JkZXIlM0QlMjIwJTIyJTIwYWxsb3dmdWxsc2NyZWVuJTNEJTIydHJ1ZSUyMiUyMCUyMGFsbG93dHJhbnNwYXJlbmN5JTNEJTIydHJ1ZSUyMiUzRSUzQyUyRmlmcmFtZSUzRQ==[\/vc_raw_html][\/vc_column][\/vc_row]<\/p>\n<\/div>","protected":false},"excerpt":{"rendered":"<h3>Coneix les incre\u00efbles aventures del valent Potpetit!<\/h3>\n<p>&nbsp;<\/p>\n<p>Un pa\u00eds de fantasia, un ogre amb un nas ben gros, un petit pastor molt eixerit i un munt d&#8217;aventures.<\/p>\n<p>&nbsp;<\/p>\n<p>Autora: Teresa Duran<\/p>\n<p>Il\u00b7lustrador: Jordi Viladoms<\/p>\n<p>&nbsp;<\/p>\n","protected":false},"featured_media":99177,"template":"","meta":[],"product_brand":[],"product_cat":[2123,2184,2185,2186,2187],"product_tag":[3103,2881,3050,3069,3100,3101,3102],"class_list":{"0":"post-100279","1":"product","2":"type-product","3":"status-publish","4":"has-post-thumbnail","6":"product_cat-tots-els-llibres","7":"product_cat-el-pirata-carbassa","8":"product_cat-jordi-viladoms-i-dieste","9":"product_cat-llibres-per-7-anys","10":"product_cat-teresa-duran-escriptors","11":"product_tag-novella-infantil","12":"product_tag-contes-infantils-ca","13":"product_tag-fantasia-ca","14":"product_tag-aventures-ca","15":"product_tag-7-anys-ca","16":"product_tag-el-pirata-carbassa-ca","17":"product_tag-llibres-nens-7-anys-ca","19":"first","20":"instock","21":"shipping-taxable","22":"purchasable","23":"product-type-variable","24":"has-default-attributes"},"_links":{"self":[{"href":"https:\/\/www.editorialelpirata.com\/ca\/wp-json\/wp\/v2\/product\/100279","targetHints":{"allow":["GET"]}}],"collection":[{"href":"https:\/\/www.editorialelpirata.com\/ca\/wp-json\/wp\/v2\/product"}],"about":[{"href":"https:\/\/www.editorialelpirata.com\/ca\/wp-json\/wp\/v2\/types\/product"}],"wp:featuredmedia":[{"embeddable":true,"href":"https:\/\/www.editorialelpirata.com\/ca\/wp-json\/wp\/v2\/media\/99177"}],"wp:attachment":[{"href":"https:\/\/www.editorialelpirata.com\/ca\/wp-json\/wp\/v2\/media?parent=100279"}],"wp:term":[{"taxonomy":"product_brand","embeddable":true,"href":"https:\/\/www.editorialelpirata.com\/ca\/wp-json\/wp\/v2\/product_brand?post=100279"},{"taxonomy":"product_cat","embeddable":true,"href":"https:\/\/www.editorialelpirata.com\/ca\/wp-json\/wp\/v2\/product_cat?post=100279"},{"taxonomy":"product_tag","embeddable":true,"href":"https:\/\/www.editorialelpirata.com\/ca\/wp-json\/wp\/v2\/product_tag?post=100279"}],"curies":[{"name":"wp","href":"https:\/\/api.w.org\/{rel}","templated":true}]}}

<div class="wpb-content-wrapper"><p>[vc_row][vc_column][vc_column_text]</p>
<h1>Una història divertidíssima per a nens i nenes de 7 anys</h1>
<p>&nbsp;</p>
<p>Al reialme de Torremolsa s’hi podria viure d’allò més bé si no fos per la visita inesperada i violenta de l’ogre Pamdenàs, que amb el seu nassarrot no para d’ensumar i d’engegar al botavant tots els guerrers que li planten cara. La reina està desesperada i no sap què cal fer. Però el pastor Potpetit sí que ho sap!</p>
<p><strong>&#8220;Potpetit&#8221;</strong> és un dels llibres de la col·lecció <b>&#8220;El Pirata Carbassa&#8221;</b>. La col·lecció està pensada per a nanos d&#8217;una edat aproximada d&#8217;uns 7 anys.</p>
<p>Potpetit ha estat inclòs dins de la selecció de <strong>contes no sexistes</strong> de l&#8217;Ajuntament de Santa Coloma de Cervelló.</p>
<p>&nbsp;</p>
<hr />
<h3><a href="https://drive.google.com/file/d/1Rl05q_jwLl8vF8Oe0rXgaIoNYj6zcaJb/view?usp=sharing" target="_blank" rel="noopener noreferrer">Descarrega’t la proposta didáctica gratuïta sobre aquest llibre!</a></h3>
<p>[/vc_column_text][/vc_column][/vc_row][vc_row][vc_column column_width_percent=&#8221;100&#8243; align_horizontal=&#8221;align_center&#8221; gutter_size=&#8221;3&#8243; overlay_alpha=&#8221;50&#8243; shift_x=&#8221;0&#8243; shift_y=&#8221;0&#8243; shift_y_down=&#8221;0&#8243; z_index=&#8221;0&#8243; medium_width=&#8221;0&#8243; mobile_width=&#8221;0&#8243; width=&#8221;1/1&#8243; uncode_shortcode_id=&#8221;203611&#8243;][vc_raw_html]JTNDaWZyYW1lJTIwd2lkdGglM0QlMjI2MjBweCUyMiUyMGhlaWdodCUzRCUyMjQwMHB4JTIyJTIwc3JjJTNEJTIyaHR0cHMlM0ElMkYlMkZ3d3cueXVtcHUuY29tJTJGeHglMkZlbWJlZCUyRnZpZXclMkZIUWlmN0MzbUtvSmtWRjhQJTIyJTIwZnJhbWVib3JkZXIlM0QlMjIwJTIyJTIwYWxsb3dmdWxsc2NyZWVuJTNEJTIydHJ1ZSUyMiUyMCUyMGFsbG93dHJhbnNwYXJlbmN5JTNEJTIydHJ1ZSUyMiUzRSUzQyUyRmlmcmFtZSUzRQ==[/vc_raw_html][/vc_column][/vc_row]</p>
</div>

<h3>Coneix les increïbles aventures del valent Potpetit!</h3>
<p>&nbsp;</p>
<p>Un país de fantasia, un ogre amb un nas ben gros, un petit pastor molt eixerit i un munt d&#8217;aventures.</p>
<p>&nbsp;</p>
<p>Autora: Teresa Duran</p>
<p>Il·lustrador: Jordi Viladoms</p>
<p>&nbsp;</p>
