{"id":100220,"date":"2020-01-23T11:08:22","date_gmt":"2020-01-23T11:08:22","guid":{"rendered":"https:\/\/www.editorialelpirata.com\/?post_type=product&#038;p=100220"},"modified":"2026-04-20T12:14:57","modified_gmt":"2026-04-20T12:14:57","slug":"drac-pasqual-descobreix-europa-llibres-6-anys","status":"publish","type":"product","link":"https:\/\/www.editorialelpirata.com\/ca\/Producte\/drac-pasqual-descobreix-europa-llibres-6-anys\/","title":{"rendered":"EL DRAC PASQUAL DESCOBREIX EUROPA"},"content":{"rendered":"<div class=\"wpb-content-wrapper\"><p>[vc_row][vc_column][vc_column_text uncode_shortcode_id=&#8221;811051&#8243;]<\/p>\n<h1>Descobreix Europa acompanyat d&#8217;un drac molt especial&#8230; i la Greta Thunberg!<\/h1>\n<p>El <strong>drac Pasqual<\/strong> haur\u00e0 d\u2019ajudar un petit flamenc per evitar que la crisi clim\u00e0tica afecti el Delta de l\u2019Ebre. Per fer-ho, viatjar\u00e0 per Europa per trobar la Greta, ja que ella \u00e9s l\u2019\u00fanica que els pot ajudar.<\/p>\n<h2>Anir\u00e0n a buscar la Greta perqu\u00e8 els ajudi<\/h2>\n<p>Aquest \u00e9s el cinqu\u00e8 t\u00edtol de la col\u00b7lecci\u00f3<a href=\"https:\/\/www.editorialelpirata.com\/ca\/Producte\/lot-de-6-contes-en-lletra-lligada-per-a-nens\/\" target=\"_blank\" rel=\"noopener\"> \u00ab<em><strong>El drac Pasqual descobreix el m\u00f3n<\/strong><\/em>\u00bb<\/a>, en <strong>lletra lligada<\/strong>. Es recomana per explicar a nens a partir de 3 anys o b\u00e9 com a llibre per a llegir a partir de <strong>6 anys<\/strong>.[\/vc_column_text][\/vc_column][\/vc_row][vc_row][vc_column width=&#8221;1\/1&#8243;][vc_separator sep_color=&#8221;,Default&#8221;][\/vc_column][\/vc_row][vc_row][vc_column width=&#8221;1\/4&#8243;][\/vc_column][vc_column width=&#8221;1\/2&#8243;][vc_button button_color=&#8221;color-210407&#8243; size=&#8221;btn-lg&#8221; border_width=&#8221;0&#8243; link=&#8221;url:https%3A%2F%2Fwww.edicionsdelpirata.cat%2Fel-drac-pasqual-descobreix-el-mon%2F|title:Col%C2%B7lecci%C3%B3%20El%20drac%20Pasqual%20descobreix%20el%20m%C3%B3n|target:_blank&#8221; button_color_type=&#8221;uncode-palette&#8221; uncode_shortcode_id=&#8221;182070&#8243;]DESCOBREIX TOTA LA COL\u00b7LECCI\u00d3 DEL DRAC PASQUAL[\/vc_button][\/vc_column][vc_column width=&#8221;1\/4&#8243;][\/vc_column][\/vc_row][vc_row][vc_column width=&#8221;1\/6&#8243;][\/vc_column][vc_column width=&#8221;2\/3&#8243;][vc_column_text uncode_shortcode_id=&#8221;108640&#8243;]<\/p>\n<p><iframe title=\"Llibres infantils - Col\u00b7lecci\u00f3 EL DRAC PASQUAL DESCOBREIX EL M\u00d3N\" width=\"840\" height=\"473\" src=\"https:\/\/www.youtube.com\/embed\/LtuqUpnF5fI?feature=oembed&#038;width=840&#038;height=1000&#038;discover=1\" frameborder=\"0\" allow=\"accelerometer; autoplay; clipboard-write; encrypted-media; gyroscope; picture-in-picture; web-share\" referrerpolicy=\"strict-origin-when-cross-origin\" allowfullscreen><\/iframe><\/p>\n<p>[\/vc_column_text][\/vc_column][vc_column width=&#8221;1\/6&#8243;][\/vc_column][\/vc_row][vc_row][vc_column width=&#8221;1\/1&#8243;][vc_column_text uncode_shortcode_id=&#8221;200522&#8243;]<\/p>\n<hr \/>\n<p>Amb el suport de:<\/p>\n<p><a href=\"https:\/\/www.editorialelpirata.com\/wp-content\/uploads\/2024\/09\/cultura_generalitat.jpg\"><img decoding=\"async\" class=\"alignnone size-full wp-image-97863\" src=\"https:\/\/www.editorialelpirata.com\/wp-content\/uploads\/2024\/09\/cultura_generalitat.jpg\" alt=\"\" width=\"300\" height=\"80\" title=\"\" srcset=\"https:\/\/www.editorialelpirata.com\/wp-content\/uploads\/2024\/09\/cultura_generalitat.jpg 300w, https:\/\/www.editorialelpirata.com\/wp-content\/uploads\/2024\/09\/cultura_generalitat-64x17.jpg 64w\" sizes=\"(max-width: 300px) 100vw, 300px\" \/><\/a><\/p>\n<p>[\/vc_column_text][\/vc_column][\/vc_row]<\/p>\n<\/div>","protected":false},"excerpt":{"rendered":"<p><strong>Coneix el drac m\u00e9s simp\u00e0tic en aquesta col\u00b7lecci\u00f3 en lletra lligada<\/strong><\/p>\n<p>Viatja per tots els continents del m\u00f3n amb en Pasqual, el petit drac. <b>Cinqu\u00e8 <\/b>t\u00edtol de la col\u00b7lecci\u00f3.<\/p>\n<p>&nbsp;<\/p>\n<p>Autor: Max Olivetti<\/p>\n<p>Il\u00b7lustrador: <a href=\"https:\/\/www.edicionsdelpirata.cat\/quim-bou\/\" target=\"_blank\" rel=\"noopener noreferrer\">Quim Bou<\/a><\/p>\n","protected":false},"featured_media":102054,"template":"","meta":[],"product_brand":[],"product_cat":[3149,2342],"product_tag":[3030,3031],"class_list":{"0":"post-100220","1":"product","2":"type-product","3":"status-publish","4":"has-post-thumbnail","6":"product_cat-llibres-de-3-a-6-anys-ca","7":"product_cat-el-drac-pasqual-descobreix-el-mon","8":"product_tag-europa-ca","9":"product_tag-greta-thunberg-ca","10":"product_shipping_class-envio-estandar-ca","12":"first","13":"instock","14":"shipping-taxable","15":"purchasable","16":"product-type-variable","17":"has-default-attributes"},"_links":{"self":[{"href":"https:\/\/www.editorialelpirata.com\/ca\/wp-json\/wp\/v2\/product\/100220","targetHints":{"allow":["GET"]}}],"collection":[{"href":"https:\/\/www.editorialelpirata.com\/ca\/wp-json\/wp\/v2\/product"}],"about":[{"href":"https:\/\/www.editorialelpirata.com\/ca\/wp-json\/wp\/v2\/types\/product"}],"wp:featuredmedia":[{"embeddable":true,"href":"https:\/\/www.editorialelpirata.com\/ca\/wp-json\/wp\/v2\/media\/102054"}],"wp:attachment":[{"href":"https:\/\/www.editorialelpirata.com\/ca\/wp-json\/wp\/v2\/media?parent=100220"}],"wp:term":[{"taxonomy":"product_brand","embeddable":true,"href":"https:\/\/www.editorialelpirata.com\/ca\/wp-json\/wp\/v2\/product_brand?post=100220"},{"taxonomy":"product_cat","embeddable":true,"href":"https:\/\/www.editorialelpirata.com\/ca\/wp-json\/wp\/v2\/product_cat?post=100220"},{"taxonomy":"product_tag","embeddable":true,"href":"https:\/\/www.editorialelpirata.com\/ca\/wp-json\/wp\/v2\/product_tag?post=100220"}],"curies":[{"name":"wp","href":"https:\/\/api.w.org\/{rel}","templated":true}]}}

<div class="wpb-content-wrapper"><p>[vc_row][vc_column][vc_column_text uncode_shortcode_id=&#8221;811051&#8243;]</p>
<h1>Descobreix Europa acompanyat d&#8217;un drac molt especial&#8230; i la Greta Thunberg!</h1>
<p>El <strong>drac Pasqual</strong> haurà d’ajudar un petit flamenc per evitar que la crisi climàtica afecti el Delta de l’Ebre. Per fer-ho, viatjarà per Europa per trobar la Greta, ja que ella és l’única que els pot ajudar.</p>
<h2>Aniràn a buscar la Greta perquè els ajudi</h2>
<p>Aquest és el cinquè títol de la col·lecció<a href="https://www.editorialelpirata.com/ca/Producte/lot-de-6-contes-en-lletra-lligada-per-a-nens/" target="_blank" rel="noopener"> «<em><strong>El drac Pasqual descobreix el món</strong></em>»</a>, en <strong>lletra lligada</strong>. Es recomana per explicar a nens a partir de 3 anys o bé com a llibre per a llegir a partir de <strong>6 anys</strong>.[/vc_column_text][/vc_column][/vc_row][vc_row][vc_column width=&#8221;1/1&#8243;][vc_separator sep_color=&#8221;,Default&#8221;][/vc_column][/vc_row][vc_row][vc_column width=&#8221;1/4&#8243;][/vc_column][vc_column width=&#8221;1/2&#8243;][vc_button button_color=&#8221;color-210407&#8243; size=&#8221;btn-lg&#8221; border_width=&#8221;0&#8243; link=&#8221;url:https%3A%2F%2Fwww.edicionsdelpirata.cat%2Fel-drac-pasqual-descobreix-el-mon%2F|title:Col%C2%B7lecci%C3%B3%20El%20drac%20Pasqual%20descobreix%20el%20m%C3%B3n|target:_blank&#8221; button_color_type=&#8221;uncode-palette&#8221; uncode_shortcode_id=&#8221;182070&#8243;]DESCOBREIX TOTA LA COL·LECCIÓ DEL DRAC PASQUAL[/vc_button][/vc_column][vc_column width=&#8221;1/4&#8243;][/vc_column][/vc_row][vc_row][vc_column width=&#8221;1/6&#8243;][/vc_column][vc_column width=&#8221;2/3&#8243;][vc_column_text uncode_shortcode_id=&#8221;108640&#8243;]</p>
<p><iframe title="Llibres infantils - Col·lecció EL DRAC PASQUAL DESCOBREIX EL MÓN" width="840" height="473" src="https://www.youtube.com/embed/LtuqUpnF5fI?feature=oembed&#038;width=840&#038;height=1000&#038;discover=1" frameborder="0" allow="accelerometer; autoplay; clipboard-write; encrypted-media; gyroscope; picture-in-picture; web-share" referrerpolicy="strict-origin-when-cross-origin" allowfullscreen></iframe></p>
<p>[/vc_column_text][/vc_column][vc_column width=&#8221;1/6&#8243;][/vc_column][/vc_row][vc_row][vc_column width=&#8221;1/1&#8243;][vc_column_text uncode_shortcode_id=&#8221;200522&#8243;]</p>
<hr />
<p>Amb el suport de:</p>
<p><a href="https://www.editorialelpirata.com/wp-content/uploads/2024/09/cultura_generalitat.jpg"><img decoding="async" class="alignnone size-full wp-image-97863" src="https://www.editorialelpirata.com/wp-content/uploads/2024/09/cultura_generalitat.jpg" alt="" width="300" height="80" title="" srcset="https://www.editorialelpirata.com/wp-content/uploads/2024/09/cultura_generalitat.jpg 300w, https://www.editorialelpirata.com/wp-content/uploads/2024/09/cultura_generalitat-64x17.jpg 64w" sizes="(max-width: 300px) 100vw, 300px" /></a></p>
<p>[/vc_column_text][/vc_column][/vc_row]</p>
</div>

<p><strong>Coneix el drac més simpàtic en aquesta col·lecció en lletra lligada</strong></p>
<p>Viatja per tots els continents del món amb en Pasqual, el petit drac. <b>Cinquè </b>títol de la col·lecció.</p>
<p>&nbsp;</p>
<p>Autor: Max Olivetti</p>
<p>Il·lustrador: <a href="https://www.edicionsdelpirata.cat/quim-bou/" target="_blank" rel="noopener noreferrer">Quim Bou</a></p>
