{"id":5311,"date":"2017-05-07T17:58:49","date_gmt":"2017-05-07T17:58:49","guid":{"rendered":"http:\/\/edicionsdelpirata.cat\/?page_id=5311"},"modified":"2024-10-10T14:36:56","modified_gmt":"2024-10-10T14:36:56","slug":"llibres-per-a-9-anys","status":"publish","type":"page","link":"https:\/\/www.editorialelpirata.com\/ca\/llibres-per-a-9-anys\/","title":{"rendered":"Llibres per a 9 anys"},"content":{"rendered":"<div class=\"wpb-content-wrapper\"><p>[vc_row][vc_column][vc_column_text uncode_shortcode_id=&#8221;938989&#8243;]<\/p>\n<div class=\"post-title-wrapper\">\n<h1 style=\"text-align: center;\">Llibres per a 9 anys<\/h1>\n<h2>Busques un llibre per a 9 anys?<\/h2>\n<p>Pots trobar una gran varietat d&#8217;aventures, fantasia i amistat per a nenes i nens de <strong>9 anys.<\/strong><\/p>\n<p>Equival a unes recomanacions per a infants que estan cursant aproximadament 4t de prim\u00e0ria.<\/p>\n<\/div>\n<p>[\/vc_column_text][vc_column_text uncode_shortcode_id=&#8221;559134&#8243;]<\/p>\n<h3><strong>Col\u00b7leccions de llibres per a partir de 9 anys:<\/strong><\/h3>\n<p>La Judith i el Johan \u00e9s la col\u00b7lecci\u00f3 per a partir de 9 anys m\u00e9s divertida! Voleu saber quina una en faran la Judith i el Johan? Si us agrada riure, aquesta \u00e9s la vostra col\u00b7lecci\u00f3![\/vc_column_text][uncode_index el_id=&#8221;index-115016&#8243; loop=&#8221;size:4|order_by:rand|post_type:product|tax_query:2325|taxonomy_count:10&#8243; screen_lg=&#8221;1000&#8243; screen_md=&#8221;600&#8243; screen_sm=&#8221;480&#8243; gutter_size=&#8221;3&#8243; product_items=&#8221;title,media|featured|onpost|original|hide-sale|inherit-atc|inherit-w-atc|atc-typo-default|hide-atc,price|default&#8221; single_overlay_opacity=&#8221;50&#8243; single_h_align=&#8221;center&#8221; single_padding=&#8221;2&#8243; uncode_shortcode_id=&#8221;138894&#8243;][vc_column_text]O perqu\u00e8 no llegir una fant\u00e0stica i inoblidable aventura, acompanyats de 3 dracs molt diferents: Un de malcarat, un de poruc com una mala cosa i un d&#8217;amist\u00f3s i entrenyable?[\/vc_column_text][uncode_index el_id=&#8221;index-115017&#8243; loop=&#8221;size:1|order_by:rand|post_type:product|by_id:97058|taxonomy_count:10&#8243; screen_lg=&#8221;1000&#8243; screen_md=&#8221;600&#8243; screen_sm=&#8221;480&#8243; gutter_size=&#8221;3&#8243; product_items=&#8221;title,media|featured|onpost|original|hide-sale|inherit-atc|inherit-w-atc|atc-typo-default|hide-atc,price|default&#8221; single_width=&#8221;3&#8243; single_overlay_opacity=&#8221;50&#8243; single_h_align=&#8221;center&#8221; single_padding=&#8221;2&#8243; uncode_shortcode_id=&#8221;201542&#8243;][vc_column_text uncode_shortcode_id=&#8221;259660&#8243;]<\/p>\n<h3><strong>Col\u00b7leccions de llibres per a partir de 8 anys<\/strong><\/h3>\n<p>Si teniu 9 anys, tamb\u00e9 us podeu llegir tots els llibres per a partir de 8 anys, i si us agrada molt llegir, perqu\u00e8 no provar de llegir els recomanats per a partir de 10 anys?[\/vc_column_text][uncode_index el_id=&#8221;index-115018&#8243; loop=&#8221;size:4|order_by:rand|post_type:product|tax_query:2164,2804,2941,3051|taxonomy_count:10&#8243; screen_lg=&#8221;1000&#8243; screen_md=&#8221;600&#8243; screen_sm=&#8221;480&#8243; gutter_size=&#8221;3&#8243; product_items=&#8221;title,media|featured|onpost|original|hide-sale|inherit-atc|inherit-w-atc|atc-typo-default|hide-atc,link|default|default_size|scale_mobile|M\u00e9s informaci\u00f3&#8221; single_width=&#8221;3&#8243; single_overlay_opacity=&#8221;50&#8243; single_h_align=&#8221;center&#8221; single_padding=&#8221;2&#8243; uncode_shortcode_id=&#8221;449381&#8243;][vc_column_text uncode_shortcode_id=&#8221;560180&#8243;]<\/p>\n<h3><strong>Col\u00b7leccions de llibres per a partir de 10 anys:<\/strong><\/h3>\n<p>[\/vc_column_text][uncode_index el_id=&#8221;index-115019&#8243; loop=&#8221;size:4|order_by:rand|post_type:product|tax_query:2170,2823,2927,2940,2803|taxonomy_count:10&#8243; screen_lg=&#8221;1000&#8243; screen_md=&#8221;600&#8243; screen_sm=&#8221;480&#8243; gutter_size=&#8221;3&#8243; product_items=&#8221;title,media|featured|onpost|original|hide-sale|inherit-atc|inherit-w-atc|atc-typo-default|hide-atc,link|default|default_size|scale_mobile|M\u00e9s informaci\u00f3&#8221; single_width=&#8221;3&#8243; single_overlay_opacity=&#8221;50&#8243; single_h_align=&#8221;center&#8221; single_padding=&#8221;2&#8243; uncode_shortcode_id=&#8221;160532&#8243;][vc_column_text uncode_shortcode_id=&#8221;131875&#8243;]Recordeu que tenim <a href=\"https:\/\/www.editorialelpirata.com\/ca\/propostes-didactiques\/\" target=\"_blank\" rel=\"noopener\"><strong>propostes did\u00e0ctiques<\/strong><\/a> dels llibres.[\/vc_column_text][\/vc_column][\/vc_row]<\/p>\n<\/div>","protected":false},"excerpt":{"rendered":"<p>[vc_row][vc_column][vc_column_text uncode_shortcode_id=&#8221;938989&#8243;] Llibres per a 9 anys Busques un llibre per a 9 anys? Pots trobar una gran varietat d&#8217;aventures, [&hellip;]<\/p>\n","protected":false},"author":26,"featured_media":0,"parent":0,"menu_order":0,"comment_status":"closed","ping_status":"closed","template":"","meta":{"footnotes":""},"class_list":["post-5311","page","type-page","status-publish","hentry"],"_links":{"self":[{"href":"https:\/\/www.editorialelpirata.com\/ca\/wp-json\/wp\/v2\/pages\/5311","targetHints":{"allow":["GET"]}}],"collection":[{"href":"https:\/\/www.editorialelpirata.com\/ca\/wp-json\/wp\/v2\/pages"}],"about":[{"href":"https:\/\/www.editorialelpirata.com\/ca\/wp-json\/wp\/v2\/types\/page"}],"author":[{"embeddable":true,"href":"https:\/\/www.editorialelpirata.com\/ca\/wp-json\/wp\/v2\/users\/26"}],"replies":[{"embeddable":true,"href":"https:\/\/www.editorialelpirata.com\/ca\/wp-json\/wp\/v2\/comments?post=5311"}],"version-history":[{"count":9,"href":"https:\/\/www.editorialelpirata.com\/ca\/wp-json\/wp\/v2\/pages\/5311\/revisions"}],"predecessor-version":[{"id":100327,"href":"https:\/\/www.editorialelpirata.com\/ca\/wp-json\/wp\/v2\/pages\/5311\/revisions\/100327"}],"wp:attachment":[{"href":"https:\/\/www.editorialelpirata.com\/ca\/wp-json\/wp\/v2\/media?parent=5311"}],"curies":[{"name":"wp","href":"https:\/\/api.w.org\/{rel}","templated":true}]}}

<div class="wpb-content-wrapper"><p>[vc_row][vc_column][vc_column_text uncode_shortcode_id=&#8221;938989&#8243;]</p>
<div class="post-title-wrapper">
<h1 style="text-align: center;">Llibres per a 9 anys</h1>
<h2>Busques un llibre per a 9 anys?</h2>
<p>Pots trobar una gran varietat d&#8217;aventures, fantasia i amistat per a nenes i nens de <strong>9 anys.</strong></p>
<p>Equival a unes recomanacions per a infants que estan cursant aproximadament 4t de primària.</p>
</div>
<p>[/vc_column_text][vc_column_text uncode_shortcode_id=&#8221;559134&#8243;]</p>
<h3><strong>Col·leccions de llibres per a partir de 9 anys:</strong></h3>
<p>La Judith i el Johan és la col·lecció per a partir de 9 anys més divertida! Voleu saber quina una en faran la Judith i el Johan? Si us agrada riure, aquesta és la vostra col·lecció![/vc_column_text][uncode_index el_id=&#8221;index-115016&#8243; loop=&#8221;size:4|order_by:rand|post_type:product|tax_query:2325|taxonomy_count:10&#8243; screen_lg=&#8221;1000&#8243; screen_md=&#8221;600&#8243; screen_sm=&#8221;480&#8243; gutter_size=&#8221;3&#8243; product_items=&#8221;title,media|featured|onpost|original|hide-sale|inherit-atc|inherit-w-atc|atc-typo-default|hide-atc,price|default&#8221; single_overlay_opacity=&#8221;50&#8243; single_h_align=&#8221;center&#8221; single_padding=&#8221;2&#8243; uncode_shortcode_id=&#8221;138894&#8243;][vc_column_text]O perquè no llegir una fantàstica i inoblidable aventura, acompanyats de 3 dracs molt diferents: Un de malcarat, un de poruc com una mala cosa i un d&#8217;amistós i entrenyable?[/vc_column_text][uncode_index el_id=&#8221;index-115017&#8243; loop=&#8221;size:1|order_by:rand|post_type:product|by_id:97058|taxonomy_count:10&#8243; screen_lg=&#8221;1000&#8243; screen_md=&#8221;600&#8243; screen_sm=&#8221;480&#8243; gutter_size=&#8221;3&#8243; product_items=&#8221;title,media|featured|onpost|original|hide-sale|inherit-atc|inherit-w-atc|atc-typo-default|hide-atc,price|default&#8221; single_width=&#8221;3&#8243; single_overlay_opacity=&#8221;50&#8243; single_h_align=&#8221;center&#8221; single_padding=&#8221;2&#8243; uncode_shortcode_id=&#8221;201542&#8243;][vc_column_text uncode_shortcode_id=&#8221;259660&#8243;]</p>
<h3><strong>Col·leccions de llibres per a partir de 8 anys</strong></h3>
<p>Si teniu 9 anys, també us podeu llegir tots els llibres per a partir de 8 anys, i si us agrada molt llegir, perquè no provar de llegir els recomanats per a partir de 10 anys?[/vc_column_text][uncode_index el_id=&#8221;index-115018&#8243; loop=&#8221;size:4|order_by:rand|post_type:product|tax_query:2164,2804,2941,3051|taxonomy_count:10&#8243; screen_lg=&#8221;1000&#8243; screen_md=&#8221;600&#8243; screen_sm=&#8221;480&#8243; gutter_size=&#8221;3&#8243; product_items=&#8221;title,media|featured|onpost|original|hide-sale|inherit-atc|inherit-w-atc|atc-typo-default|hide-atc,link|default|default_size|scale_mobile|Més informació&#8221; single_width=&#8221;3&#8243; single_overlay_opacity=&#8221;50&#8243; single_h_align=&#8221;center&#8221; single_padding=&#8221;2&#8243; uncode_shortcode_id=&#8221;449381&#8243;][vc_column_text uncode_shortcode_id=&#8221;560180&#8243;]</p>
<h3><strong>Col·leccions de llibres per a partir de 10 anys:</strong></h3>
<p>[/vc_column_text][uncode_index el_id=&#8221;index-115019&#8243; loop=&#8221;size:4|order_by:rand|post_type:product|tax_query:2170,2823,2927,2940,2803|taxonomy_count:10&#8243; screen_lg=&#8221;1000&#8243; screen_md=&#8221;600&#8243; screen_sm=&#8221;480&#8243; gutter_size=&#8221;3&#8243; product_items=&#8221;title,media|featured|onpost|original|hide-sale|inherit-atc|inherit-w-atc|atc-typo-default|hide-atc,link|default|default_size|scale_mobile|Més informació&#8221; single_width=&#8221;3&#8243; single_overlay_opacity=&#8221;50&#8243; single_h_align=&#8221;center&#8221; single_padding=&#8221;2&#8243; uncode_shortcode_id=&#8221;160532&#8243;][vc_column_text uncode_shortcode_id=&#8221;131875&#8243;]Recordeu que tenim <a href="https://www.editorialelpirata.com/ca/propostes-didactiques/" target="_blank" rel="noopener"><strong>propostes didàctiques</strong></a> dels llibres.[/vc_column_text][/vc_column][/vc_row]</p>
</div>
