{"id":5212,"date":"2017-02-15T21:17:52","date_gmt":"2017-02-15T21:17:52","guid":{"rendered":"http:\/\/edicionsdelpirata.cat\/?page_id=5212"},"modified":"2025-01-05T22:18:38","modified_gmt":"2025-01-05T22:18:38","slug":"dites-populars","status":"publish","type":"page","link":"https:\/\/www.editorialelpirata.com\/ca\/dites-populars\/","title":{"rendered":"Dites populars"},"content":{"rendered":"<p>Per complementar el llibre <a href=\"https:\/\/www.editorialelpirata.com\/ca\/producte\/ot-el-bruixot-i-les-dites-dels-mesos\/\">Ot el bruixot i les dites dels mesos<\/a>, us llistem altres dites populars de cada un dels mesos de l&#8217;any.<br \/>\nGaudiu-les!<\/p>\n<p><strong>Gener<\/strong><\/p>\n<ul>\n<li>A gener, la palla en el paller.<\/li>\n<li>A mig gener, lloga jornaler.<\/li>\n<li>Aigua de gener, omple botes i graner, i la pica d\u2019oli tamb\u00e9.<\/li>\n<\/ul>\n<p><strong>Febrer<\/strong><\/p>\n<ul>\n<li>Aigua en febrer, ordi al graner.<\/li>\n<li>Arribat el febrer, eri\u00e7ons de mar ca\u00e7ar\u00e9.<\/li>\n<li>Obriu, obriu, que el febrer \u00e9s curt i amb pocs dies se\u2019n surt.<\/li>\n<\/ul>\n<p><strong>Mar\u00e7<\/strong><\/p>\n<ul>\n<li>Aigua de mar\u00e7, herba als sembrats.<\/li>\n<li>Quan el mar\u00e7 hagi passat, mariner, fes-te a la mar.<\/li>\n<li>Pel mar\u00e7, neu no en veur\u00e0s.<\/li>\n<\/ul>\n<p><strong>Abril<\/strong><\/p>\n<ul>\n<li>A l\u2019abril, cada gota val un mil.<\/li>\n<li>Abril finit, el camp florit.<\/li>\n<li>Abril mullat, creix l\u2019herba per al ramat.<\/li>\n<\/ul>\n<p><strong>Maig<\/strong><\/p>\n<ul>\n<li>Al maig el blat puja com un faig.<\/li>\n<li>Al maig, aix\u00ed me\u2019n vaig.<\/li>\n<li>El primer dia de maig, a la fira me\u2019n vaig.<\/li>\n<\/ul>\n<p><strong>Juny<\/strong><\/p>\n<ul>\n<li>Al juny la pluja \u00e9s lluny.<\/li>\n<li>Bany de Sant Joan, salut per tot l\u2019any.<\/li>\n<li>El juny form\u00f3s, \u00e9s abund\u00f3s.<\/li>\n<\/ul>\n<p><strong>Juliol<\/strong><\/p>\n<ul>\n<li>Abella de juliol, el cap li dol.<\/li>\n<li>Al darrers de juliol, una hora m\u00e9s de sol.<\/li>\n<li>Nit de juliol, pluja no vol.<\/li>\n<\/ul>\n<p><strong>Agost<\/strong><\/p>\n<ul>\n<li>A l\u2019agost, vesprades de gos.<\/li>\n<li>Agost i verema n\u2019hi ha cada any, uns amb guanys i d\u2019altres amb danys.<\/li>\n<li>Agost i veremar, cada dia no es fa.<\/li>\n<\/ul>\n<p><strong>Setembre<\/strong><\/p>\n<ul>\n<li>Setembre fruiter, alegre i fester.<\/li>\n<li>Pel setembre, vi per vendre.<\/li>\n<li>Pel setembre cull les pomes abans no arribin les bromes.<\/li>\n<\/ul>\n<p><strong>Octubre<\/strong><\/p>\n<ul>\n<li>A l\u2019octubre, la llana creix i el fred neix.<\/li>\n<li>Pluja d\u2019octubre, ni una gota perduda.<\/li>\n<li>Quan l\u2019octubre \u00e9s arribat, sembra el s\u00e8gol, l\u2019ordi i el blat.<\/li>\n<\/ul>\n<p><strong>Novembre<\/strong><\/p>\n<ul>\n<li>Al novembre, olives marcides.<\/li>\n<li>Aigua de novembre, la teulada renta.<\/li>\n<li>Si no vols dormir arrupit, al novembre posa\u2019t una manta al llit.<\/li>\n<\/ul>\n<p><strong>Desembre<\/strong><\/p>\n<ul>\n<li>Aigua de desembre, \u00e9s neu sempre.<\/li>\n<li>Si bon ra\u00efm vols menjar, pel desembre has de podar.<\/li>\n<li>Si el desembre plou, bon any nou.<\/li>\n<\/ul>\n<p>&nbsp;<\/p>\n","protected":false},"excerpt":{"rendered":"<p>Per complementar el llibre Ot el bruixot i les dites dels mesos, us llistem altres dites populars de cada un [&hellip;]<\/p>\n","protected":false},"author":26,"featured_media":0,"parent":0,"menu_order":0,"comment_status":"closed","ping_status":"closed","template":"","meta":{"footnotes":""},"class_list":["post-5212","page","type-page","status-publish","hentry"],"_links":{"self":[{"href":"https:\/\/www.editorialelpirata.com\/ca\/wp-json\/wp\/v2\/pages\/5212","targetHints":{"allow":["GET"]}}],"collection":[{"href":"https:\/\/www.editorialelpirata.com\/ca\/wp-json\/wp\/v2\/pages"}],"about":[{"href":"https:\/\/www.editorialelpirata.com\/ca\/wp-json\/wp\/v2\/types\/page"}],"author":[{"embeddable":true,"href":"https:\/\/www.editorialelpirata.com\/ca\/wp-json\/wp\/v2\/users\/26"}],"replies":[{"embeddable":true,"href":"https:\/\/www.editorialelpirata.com\/ca\/wp-json\/wp\/v2\/comments?post=5212"}],"version-history":[{"count":1,"href":"https:\/\/www.editorialelpirata.com\/ca\/wp-json\/wp\/v2\/pages\/5212\/revisions"}],"predecessor-version":[{"id":102181,"href":"https:\/\/www.editorialelpirata.com\/ca\/wp-json\/wp\/v2\/pages\/5212\/revisions\/102181"}],"wp:attachment":[{"href":"https:\/\/www.editorialelpirata.com\/ca\/wp-json\/wp\/v2\/media?parent=5212"}],"curies":[{"name":"wp","href":"https:\/\/api.w.org\/{rel}","templated":true}]}}

<p>Per complementar el llibre <a href="https://www.editorialelpirata.com/ca/producte/ot-el-bruixot-i-les-dites-dels-mesos/">Ot el bruixot i les dites dels mesos</a>, us llistem altres dites populars de cada un dels mesos de l&#8217;any.<br />
Gaudiu-les!</p>
<p><strong>Gener</strong></p>
<ul>
<li>A gener, la palla en el paller.</li>
<li>A mig gener, lloga jornaler.</li>
<li>Aigua de gener, omple botes i graner, i la pica d’oli també.</li>
</ul>
<p><strong>Febrer</strong></p>
<ul>
<li>Aigua en febrer, ordi al graner.</li>
<li>Arribat el febrer, eriçons de mar caçaré.</li>
<li>Obriu, obriu, que el febrer és curt i amb pocs dies se’n surt.</li>
</ul>
<p><strong>Març</strong></p>
<ul>
<li>Aigua de març, herba als sembrats.</li>
<li>Quan el març hagi passat, mariner, fes-te a la mar.</li>
<li>Pel març, neu no en veuràs.</li>
</ul>
<p><strong>Abril</strong></p>
<ul>
<li>A l’abril, cada gota val un mil.</li>
<li>Abril finit, el camp florit.</li>
<li>Abril mullat, creix l’herba per al ramat.</li>
</ul>
<p><strong>Maig</strong></p>
<ul>
<li>Al maig el blat puja com un faig.</li>
<li>Al maig, així me’n vaig.</li>
<li>El primer dia de maig, a la fira me’n vaig.</li>
</ul>
<p><strong>Juny</strong></p>
<ul>
<li>Al juny la pluja és lluny.</li>
<li>Bany de Sant Joan, salut per tot l’any.</li>
<li>El juny formós, és abundós.</li>
</ul>
<p><strong>Juliol</strong></p>
<ul>
<li>Abella de juliol, el cap li dol.</li>
<li>Al darrers de juliol, una hora més de sol.</li>
<li>Nit de juliol, pluja no vol.</li>
</ul>
<p><strong>Agost</strong></p>
<ul>
<li>A l’agost, vesprades de gos.</li>
<li>Agost i verema n’hi ha cada any, uns amb guanys i d’altres amb danys.</li>
<li>Agost i veremar, cada dia no es fa.</li>
</ul>
<p><strong>Setembre</strong></p>
<ul>
<li>Setembre fruiter, alegre i fester.</li>
<li>Pel setembre, vi per vendre.</li>
<li>Pel setembre cull les pomes abans no arribin les bromes.</li>
</ul>
<p><strong>Octubre</strong></p>
<ul>
<li>A l’octubre, la llana creix i el fred neix.</li>
<li>Pluja d’octubre, ni una gota perduda.</li>
<li>Quan l’octubre és arribat, sembra el sègol, l’ordi i el blat.</li>
</ul>
<p><strong>Novembre</strong></p>
<ul>
<li>Al novembre, olives marcides.</li>
<li>Aigua de novembre, la teulada renta.</li>
<li>Si no vols dormir arrupit, al novembre posa’t una manta al llit.</li>
</ul>
<p><strong>Desembre</strong></p>
<ul>
<li>Aigua de desembre, és neu sempre.</li>
<li>Si bon raïm vols menjar, pel desembre has de podar.</li>
<li>Si el desembre plou, bon any nou.</li>
</ul>
<p>&nbsp;</p>
