{"id":4076,"date":"2016-01-07T18:37:21","date_gmt":"2016-01-07T18:37:21","guid":{"rendered":"http:\/\/edicionsdelpirata.cat\/?page_id=4076"},"modified":"2025-10-15T08:02:22","modified_gmt":"2025-10-15T08:02:22","slug":"llibres_6_anys","status":"publish","type":"page","link":"https:\/\/www.editorialelpirata.com\/ca\/llibres_6_anys\/","title":{"rendered":"Llibres per 6 anys"},"content":{"rendered":"<div class=\"wpb-content-wrapper\"><p>[vc_row][vc_column][vc_column_text uncode_shortcode_id=&#8221;174307&#8243;]<\/p>\n<h1 style=\"text-align: center;\">Llibres i contes per a nens i nenes de 5, 6 i 7 anys<\/h1>\n<h2>Lletra lligada, lletra d&#8217;impremta i lletra maj\u00fascula o de pal. La franja dels 5, 6 i 7 anys \u00e9s l&#8217;edat clau en l&#8217;inici de la lectura m\u00e9s fluida. Descobriu les opcions que us oferim:<\/h2>\n<p>[\/vc_column_text][vc_column_text uncode_shortcode_id=&#8221;208576&#8243;]<\/p>\n<h3><b><a href=\"https:\/\/www.editorialelpirata.com\/ca\/llibres-en-lletra-lligada-6-anys\/\" target=\"_blank\" rel=\"noopener noreferrer\">COL\u00b7LECCI\u00d3 APRENDRE A LLEGIR<\/a><\/b><\/h3>\n<p>A la col\u00b7lecci\u00f3 Apr\u00e8n a llegir, hi ha 9 <strong>contes\u00a0<\/strong>de\u00a0<strong>lletra lligada<\/strong>\u00a0i\u00a0<strong>lletra de pal o lletra maj\u00fascula<\/strong> a la vegada, per a facilitar l\u2019aprenentatge dels dos tipus de lletra. Estan dissenyats per als primers moments de\u00a0lectura.<\/p>\n<p>Com a producte especial podeu adquirir els nou contes de cop, amb descompte, i amb una <strong>motxilla de regal per a portar-los<\/strong>. Gaudiu-los![\/vc_column_text][uncode_index el_id=&#8221;index-151629&#8243; loop=&#8221;size:4|order_by:rand|post_type:product|tax_query:2118|taxonomy_count:10&#8243; screen_lg=&#8221;1000&#8243; screen_md=&#8221;600&#8243; screen_sm=&#8221;480&#8243; gutter_size=&#8221;3&#8243; product_items=&#8221;media|featured|onpost|original|hide-sale|inherit-atc|inherit-w-atc|atc-typo-default|show-atc&#8221; single_width=&#8221;3&#8243; single_overlay_opacity=&#8221;50&#8243; single_h_align=&#8221;center&#8221; single_padding=&#8221;2&#8243; uncode_shortcode_id=&#8221;114490&#8243;][vc_row_inner][vc_column_inner column_width_percent=&#8221;100&#8243; align_horizontal=&#8221;align_center&#8221; gutter_size=&#8221;3&#8243; overlay_alpha=&#8221;50&#8243; shift_x=&#8221;0&#8243; shift_y=&#8221;0&#8243; shift_y_down=&#8221;0&#8243; z_index=&#8221;0&#8243; medium_width=&#8221;0&#8243; mobile_width=&#8221;0&#8243; width=&#8221;1\/1&#8243; uncode_shortcode_id=&#8221;126554&#8243;][vc_button button_color=&#8221;accent&#8221; border_width=&#8221;0&#8243; link=&#8221;url:https%3A%2F%2Fwww.editorialelpirata.com%2Fca%2Fllibres-6-anys-lletra-lligada%2F|title:Llibres%20en%20lletra%20lligada%20i%20lletra%20de%20pal%20%E2%80%93%20aprendre%20a%20llegir|target:_blank&#8221; uncode_shortcode_id=&#8221;777226&#8243; button_color_type=&#8221;uncode-palette&#8221;]VEURE TOTS ELS T\u00cdTOLS[\/vc_button][\/vc_column_inner][\/vc_row_inner][vc_empty_space empty_h=&#8221;2&#8243;][vc_column_text uncode_shortcode_id=&#8221;190085&#8243;]<\/p>\n<h3><b><a href=\"https:\/\/www.editorialelpirata.com\/ca\/drac-pasqual-descobreix-el-mon\/\" target=\"_blank\" rel=\"noopener noreferrer\">COL\u00b7LECCI\u00d3 EL DRAC PASQUAL DESCOBREIX EL M\u00d3N<\/a><\/b><\/h3>\n<p>Cada llibre duu el drac Pasqual a un continent diferent del planeta Terra. Els llibres estan escrits en <strong>lletra lligada<\/strong> i pensats o b\u00e9 per explicar o b\u00e9 per llegir a partir de 5 o 6 anys.[\/vc_column_text][uncode_index el_id=&#8221;index-151630&#8243; loop=&#8221;size:4|order_by:date|post_type:product|tax_query:2342,3041|taxonomy_count:10&#8243; screen_lg=&#8221;1000&#8243; screen_md=&#8221;600&#8243; screen_sm=&#8221;480&#8243; gutter_size=&#8221;3&#8243; product_items=&#8221;media|featured|onpost|original|hide-sale|inherit-atc|inherit-w-atc|atc-typo-default|show-atc&#8221; single_width=&#8221;3&#8243; single_overlay_opacity=&#8221;50&#8243; single_h_align=&#8221;center&#8221; single_padding=&#8221;2&#8243; uncode_shortcode_id=&#8221;209427&#8243;][vc_row_inner][vc_column_inner column_width_percent=&#8221;100&#8243; align_horizontal=&#8221;align_center&#8221; gutter_size=&#8221;3&#8243; overlay_alpha=&#8221;50&#8243; shift_x=&#8221;0&#8243; shift_y=&#8221;0&#8243; shift_y_down=&#8221;0&#8243; z_index=&#8221;0&#8243; medium_width=&#8221;0&#8243; mobile_width=&#8221;0&#8243; width=&#8221;1\/1&#8243; uncode_shortcode_id=&#8221;126554&#8243;][vc_button button_color=&#8221;accent&#8221; border_width=&#8221;0&#8243; link=&#8221;url:https%3A%2F%2Fwww.editorialelpirata.com%2Fca%2Fdrac-pasqual-descobreix-el-mon%2F|title:Drac%20Pasqual%20descobreix%20el%20m%C3%B3n|target:_blank&#8221; uncode_shortcode_id=&#8221;350012&#8243; button_color_type=&#8221;uncode-palette&#8221;]VEURE TOTS ELS T\u00cdTOLS[\/vc_button][\/vc_column_inner][\/vc_row_inner][vc_empty_space empty_h=&#8221;2&#8243;][vc_column_text uncode_shortcode_id=&#8221;419300&#8243;]<\/p>\n<h3><a href=\"https:\/\/www.editorialelpirata.com\/ca\/albums-illustrats\/\"><b>\u00c0LBUMS IL\u00b7LUSTRATS<\/b><\/a><\/h3>\n<p>Llibres on les il\u00b7lustracions tenen una import\u00e0ncia cabdal dins del context de la hist\u00f2ria. Podreu llegir aventures de pirates de la m\u00e0 d&#8217;en <a href=\"https:\/\/www.editorialelpirata.com\/ca\/jonny-duddle\/\">Jonny Duddle<\/a>, \u00a0<a href=\"https:\/\/www.editorialelpirata.com\/ca\/contes-bilingues-ot-el-bruixot\/\">l&#8217;Ot el Bruixot<\/a> i molts m\u00e9s![\/vc_column_text][uncode_index el_id=&#8221;index-151628&#8243; loop=&#8221;size:8|order_by:rand|post_type:product|tax_query:2334,2338|taxonomy_count:10&#8243; screen_lg=&#8221;1000&#8243; screen_md=&#8221;600&#8243; screen_sm=&#8221;480&#8243; gutter_size=&#8221;3&#8243; product_items=&#8221;media|featured|onpost|original|hide-sale|inherit-atc|inherit-w-atc|atc-typo-default|show-atc&#8221; single_width=&#8221;3&#8243; single_overlay_opacity=&#8221;50&#8243; single_h_align=&#8221;center&#8221; single_padding=&#8221;2&#8243; uncode_shortcode_id=&#8221;186081&#8243;][vc_row_inner][vc_column_inner column_width_percent=&#8221;100&#8243; align_horizontal=&#8221;align_center&#8221; gutter_size=&#8221;3&#8243; overlay_alpha=&#8221;50&#8243; shift_x=&#8221;0&#8243; shift_y=&#8221;0&#8243; shift_y_down=&#8221;0&#8243; z_index=&#8221;0&#8243; medium_width=&#8221;0&#8243; mobile_width=&#8221;0&#8243; width=&#8221;1\/1&#8243; uncode_shortcode_id=&#8221;126554&#8243;][vc_button button_color=&#8221;accent&#8221; border_width=&#8221;3&#8243; link=&#8221;url:https%3A%2F%2Fwww.editorialelpirata.com%2Fca%2Falbums-illustrats%2F|title:%C3%80LBUMS%20IL%C2%B7LUSTRATS|target:_blank&#8221; uncode_shortcode_id=&#8221;563413&#8243; button_color_type=&#8221;uncode-palette&#8221;]VEURE ELS \u00c0LBUMS IL\u00b7LUSTRATS[\/vc_button][\/vc_column_inner][\/vc_row_inner][vc_empty_space empty_h=&#8221;2&#8243;][vc_column_text uncode_shortcode_id=&#8221;304505&#8243;]<\/p>\n<h3><b><a href=\"https:\/\/www.editorialelpirata.com\/ca\/lletra-lligada-per-pintar\/\" target=\"_blank\" rel=\"noopener noreferrer\">COL\u00b7LECCI\u00d3 EL PETIT PIRATA<\/a><\/b><\/h3>\n<p>Amb una mica m\u00e9s de text que els contes d&#8217;Apr\u00e8n a llegir, <strong>contes<\/strong> amb <strong>lletra lligada i lletra d\u2019impremta<\/strong>\u00a0aix\u00ed com\u00a0<strong>il\u00b7lustracions per a pintar<\/strong>.[\/vc_column_text][uncode_index el_id=&#8221;index-151631&#8243; loop=&#8221;size:4|order_by:rand|post_type:product|tax_query:2153|taxonomy_count:10&#8243; screen_lg=&#8221;1000&#8243; screen_md=&#8221;600&#8243; screen_sm=&#8221;480&#8243; gutter_size=&#8221;3&#8243; product_items=&#8221;media|featured|onpost|original|hide-sale|inherit-atc|inherit-w-atc|atc-typo-default|show-atc&#8221; single_width=&#8221;3&#8243; single_overlay_opacity=&#8221;50&#8243; single_h_align=&#8221;center&#8221; single_padding=&#8221;2&#8243; uncode_shortcode_id=&#8221;896783&#8243;][vc_empty_space empty_h=&#8221;2&#8243;][vc_column_text uncode_shortcode_id=&#8221;114901&#8243;]<\/p>\n<h3><b><a href=\"https:\/\/www.editorialelpirata.com\/ca\/llibres-per-a-7-anys\/\" target=\"_blank\" rel=\"noopener noreferrer\">COL\u00b7LECCI\u00d3 EL TRESOR DEL PIRATA<\/a><\/b><\/h3>\n<p>Els\u00a0<strong>contes<\/strong>\u00a0estan dissenyats per a les primeres incursions en els contes amb nom\u00e9s\u00a0<strong>lletra d\u2019impremta<\/strong>. Tenen moltes il\u00b7lustracions a color.[\/vc_column_text][uncode_index el_id=&#8221;index-151632&#8243; loop=&#8221;size:4|order_by:rand|post_type:product|tax_query:2142|taxonomy_count:10&#8243; screen_lg=&#8221;1000&#8243; screen_md=&#8221;600&#8243; screen_sm=&#8221;480&#8243; gutter_size=&#8221;3&#8243; product_items=&#8221;media|featured|onpost|original|hide-sale|inherit-atc|inherit-w-atc|atc-typo-default|show-atc&#8221; single_width=&#8221;3&#8243; single_overlay_opacity=&#8221;50&#8243; single_h_align=&#8221;center&#8221; single_padding=&#8221;2&#8243; uncode_shortcode_id=&#8221;323043&#8243;][vc_row_inner][vc_column_inner column_width_percent=&#8221;100&#8243; align_horizontal=&#8221;align_center&#8221; gutter_size=&#8221;3&#8243; overlay_alpha=&#8221;50&#8243; shift_x=&#8221;0&#8243; shift_y=&#8221;0&#8243; shift_y_down=&#8221;0&#8243; z_index=&#8221;0&#8243; medium_width=&#8221;0&#8243; mobile_width=&#8221;0&#8243; width=&#8221;1\/1&#8243; uncode_shortcode_id=&#8221;290855&#8243;][vc_button button_color=&#8221;accent&#8221; border_width=&#8221;0&#8243; link=&#8221;url:https%3A%2F%2Fwww.editorialelpirata.com%2Fca%2Fllibres-per-a-7-anys%2F|title:Llibres%20per%20a%207%20anys|target:_blank&#8221; uncode_shortcode_id=&#8221;138529&#8243; button_color_type=&#8221;uncode-palette&#8221;]LLIBRES EN LLETRA D&#8217;IMPREMTA[\/vc_button][\/vc_column_inner][\/vc_row_inner][\/vc_column][\/vc_row]<\/p>\n<\/div>","protected":false},"excerpt":{"rendered":"<p>[vc_row][vc_column][vc_column_text uncode_shortcode_id=&#8221;174307&#8243;] Llibres i contes per a nens i nenes de 5, 6 i 7 anys Lletra lligada, lletra d&#8217;impremta [&hellip;]<\/p>\n","protected":false},"author":26,"featured_media":88457,"parent":0,"menu_order":0,"comment_status":"closed","ping_status":"closed","template":"","meta":{"footnotes":""},"class_list":["post-4076","page","type-page","status-publish","has-post-thumbnail","hentry"],"_links":{"self":[{"href":"https:\/\/www.editorialelpirata.com\/ca\/wp-json\/wp\/v2\/pages\/4076","targetHints":{"allow":["GET"]}}],"collection":[{"href":"https:\/\/www.editorialelpirata.com\/ca\/wp-json\/wp\/v2\/pages"}],"about":[{"href":"https:\/\/www.editorialelpirata.com\/ca\/wp-json\/wp\/v2\/types\/page"}],"author":[{"embeddable":true,"href":"https:\/\/www.editorialelpirata.com\/ca\/wp-json\/wp\/v2\/users\/26"}],"replies":[{"embeddable":true,"href":"https:\/\/www.editorialelpirata.com\/ca\/wp-json\/wp\/v2\/comments?post=4076"}],"version-history":[{"count":13,"href":"https:\/\/www.editorialelpirata.com\/ca\/wp-json\/wp\/v2\/pages\/4076\/revisions"}],"predecessor-version":[{"id":104976,"href":"https:\/\/www.editorialelpirata.com\/ca\/wp-json\/wp\/v2\/pages\/4076\/revisions\/104976"}],"wp:featuredmedia":[{"embeddable":true,"href":"https:\/\/www.editorialelpirata.com\/ca\/wp-json\/wp\/v2\/media\/88457"}],"wp:attachment":[{"href":"https:\/\/www.editorialelpirata.com\/ca\/wp-json\/wp\/v2\/media?parent=4076"}],"curies":[{"name":"wp","href":"https:\/\/api.w.org\/{rel}","templated":true}]}}

<div class="wpb-content-wrapper"><p>[vc_row][vc_column][vc_column_text uncode_shortcode_id=&#8221;174307&#8243;]</p>
<h1 style="text-align: center;">Llibres i contes per a nens i nenes de 5, 6 i 7 anys</h1>
<h2>Lletra lligada, lletra d&#8217;impremta i lletra majúscula o de pal. La franja dels 5, 6 i 7 anys és l&#8217;edat clau en l&#8217;inici de la lectura més fluida. Descobriu les opcions que us oferim:</h2>
<p>[/vc_column_text][vc_column_text uncode_shortcode_id=&#8221;208576&#8243;]</p>
<h3><b><a href="https://www.editorialelpirata.com/ca/llibres-en-lletra-lligada-6-anys/" target="_blank" rel="noopener noreferrer">COL·LECCIÓ APRENDRE A LLEGIR</a></b></h3>
<p>A la col·lecció Aprèn a llegir, hi ha 9 <strong>contes </strong>de <strong>lletra lligada</strong> i <strong>lletra de pal o lletra majúscula</strong> a la vegada, per a facilitar l’aprenentatge dels dos tipus de lletra. Estan dissenyats per als primers moments de lectura.</p>
<p>Com a producte especial podeu adquirir els nou contes de cop, amb descompte, i amb una <strong>motxilla de regal per a portar-los</strong>. Gaudiu-los![/vc_column_text][uncode_index el_id=&#8221;index-151629&#8243; loop=&#8221;size:4|order_by:rand|post_type:product|tax_query:2118|taxonomy_count:10&#8243; screen_lg=&#8221;1000&#8243; screen_md=&#8221;600&#8243; screen_sm=&#8221;480&#8243; gutter_size=&#8221;3&#8243; product_items=&#8221;media|featured|onpost|original|hide-sale|inherit-atc|inherit-w-atc|atc-typo-default|show-atc&#8221; single_width=&#8221;3&#8243; single_overlay_opacity=&#8221;50&#8243; single_h_align=&#8221;center&#8221; single_padding=&#8221;2&#8243; uncode_shortcode_id=&#8221;114490&#8243;][vc_row_inner][vc_column_inner column_width_percent=&#8221;100&#8243; align_horizontal=&#8221;align_center&#8221; gutter_size=&#8221;3&#8243; overlay_alpha=&#8221;50&#8243; shift_x=&#8221;0&#8243; shift_y=&#8221;0&#8243; shift_y_down=&#8221;0&#8243; z_index=&#8221;0&#8243; medium_width=&#8221;0&#8243; mobile_width=&#8221;0&#8243; width=&#8221;1/1&#8243; uncode_shortcode_id=&#8221;126554&#8243;][vc_button button_color=&#8221;accent&#8221; border_width=&#8221;0&#8243; link=&#8221;url:https%3A%2F%2Fwww.editorialelpirata.com%2Fca%2Fllibres-6-anys-lletra-lligada%2F|title:Llibres%20en%20lletra%20lligada%20i%20lletra%20de%20pal%20%E2%80%93%20aprendre%20a%20llegir|target:_blank&#8221; uncode_shortcode_id=&#8221;777226&#8243; button_color_type=&#8221;uncode-palette&#8221;]VEURE TOTS ELS TÍTOLS[/vc_button][/vc_column_inner][/vc_row_inner][vc_empty_space empty_h=&#8221;2&#8243;][vc_column_text uncode_shortcode_id=&#8221;190085&#8243;]</p>
<h3><b><a href="https://www.editorialelpirata.com/ca/drac-pasqual-descobreix-el-mon/" target="_blank" rel="noopener noreferrer">COL·LECCIÓ EL DRAC PASQUAL DESCOBREIX EL MÓN</a></b></h3>
<p>Cada llibre duu el drac Pasqual a un continent diferent del planeta Terra. Els llibres estan escrits en <strong>lletra lligada</strong> i pensats o bé per explicar o bé per llegir a partir de 5 o 6 anys.[/vc_column_text][uncode_index el_id=&#8221;index-151630&#8243; loop=&#8221;size:4|order_by:date|post_type:product|tax_query:2342,3041|taxonomy_count:10&#8243; screen_lg=&#8221;1000&#8243; screen_md=&#8221;600&#8243; screen_sm=&#8221;480&#8243; gutter_size=&#8221;3&#8243; product_items=&#8221;media|featured|onpost|original|hide-sale|inherit-atc|inherit-w-atc|atc-typo-default|show-atc&#8221; single_width=&#8221;3&#8243; single_overlay_opacity=&#8221;50&#8243; single_h_align=&#8221;center&#8221; single_padding=&#8221;2&#8243; uncode_shortcode_id=&#8221;209427&#8243;][vc_row_inner][vc_column_inner column_width_percent=&#8221;100&#8243; align_horizontal=&#8221;align_center&#8221; gutter_size=&#8221;3&#8243; overlay_alpha=&#8221;50&#8243; shift_x=&#8221;0&#8243; shift_y=&#8221;0&#8243; shift_y_down=&#8221;0&#8243; z_index=&#8221;0&#8243; medium_width=&#8221;0&#8243; mobile_width=&#8221;0&#8243; width=&#8221;1/1&#8243; uncode_shortcode_id=&#8221;126554&#8243;][vc_button button_color=&#8221;accent&#8221; border_width=&#8221;0&#8243; link=&#8221;url:https%3A%2F%2Fwww.editorialelpirata.com%2Fca%2Fdrac-pasqual-descobreix-el-mon%2F|title:Drac%20Pasqual%20descobreix%20el%20m%C3%B3n|target:_blank&#8221; uncode_shortcode_id=&#8221;350012&#8243; button_color_type=&#8221;uncode-palette&#8221;]VEURE TOTS ELS TÍTOLS[/vc_button][/vc_column_inner][/vc_row_inner][vc_empty_space empty_h=&#8221;2&#8243;][vc_column_text uncode_shortcode_id=&#8221;419300&#8243;]</p>
<h3><a href="https://www.editorialelpirata.com/ca/albums-illustrats/"><b>ÀLBUMS IL·LUSTRATS</b></a></h3>
<p>Llibres on les il·lustracions tenen una importància cabdal dins del context de la història. Podreu llegir aventures de pirates de la mà d&#8217;en <a href="https://www.editorialelpirata.com/ca/jonny-duddle/">Jonny Duddle</a>,  <a href="https://www.editorialelpirata.com/ca/contes-bilingues-ot-el-bruixot/">l&#8217;Ot el Bruixot</a> i molts més![/vc_column_text][uncode_index el_id=&#8221;index-151628&#8243; loop=&#8221;size:8|order_by:rand|post_type:product|tax_query:2334,2338|taxonomy_count:10&#8243; screen_lg=&#8221;1000&#8243; screen_md=&#8221;600&#8243; screen_sm=&#8221;480&#8243; gutter_size=&#8221;3&#8243; product_items=&#8221;media|featured|onpost|original|hide-sale|inherit-atc|inherit-w-atc|atc-typo-default|show-atc&#8221; single_width=&#8221;3&#8243; single_overlay_opacity=&#8221;50&#8243; single_h_align=&#8221;center&#8221; single_padding=&#8221;2&#8243; uncode_shortcode_id=&#8221;186081&#8243;][vc_row_inner][vc_column_inner column_width_percent=&#8221;100&#8243; align_horizontal=&#8221;align_center&#8221; gutter_size=&#8221;3&#8243; overlay_alpha=&#8221;50&#8243; shift_x=&#8221;0&#8243; shift_y=&#8221;0&#8243; shift_y_down=&#8221;0&#8243; z_index=&#8221;0&#8243; medium_width=&#8221;0&#8243; mobile_width=&#8221;0&#8243; width=&#8221;1/1&#8243; uncode_shortcode_id=&#8221;126554&#8243;][vc_button button_color=&#8221;accent&#8221; border_width=&#8221;3&#8243; link=&#8221;url:https%3A%2F%2Fwww.editorialelpirata.com%2Fca%2Falbums-illustrats%2F|title:%C3%80LBUMS%20IL%C2%B7LUSTRATS|target:_blank&#8221; uncode_shortcode_id=&#8221;563413&#8243; button_color_type=&#8221;uncode-palette&#8221;]VEURE ELS ÀLBUMS IL·LUSTRATS[/vc_button][/vc_column_inner][/vc_row_inner][vc_empty_space empty_h=&#8221;2&#8243;][vc_column_text uncode_shortcode_id=&#8221;304505&#8243;]</p>
<h3><b><a href="https://www.editorialelpirata.com/ca/lletra-lligada-per-pintar/" target="_blank" rel="noopener noreferrer">COL·LECCIÓ EL PETIT PIRATA</a></b></h3>
<p>Amb una mica més de text que els contes d&#8217;Aprèn a llegir, <strong>contes</strong> amb <strong>lletra lligada i lletra d’impremta</strong> així com <strong>il·lustracions per a pintar</strong>.[/vc_column_text][uncode_index el_id=&#8221;index-151631&#8243; loop=&#8221;size:4|order_by:rand|post_type:product|tax_query:2153|taxonomy_count:10&#8243; screen_lg=&#8221;1000&#8243; screen_md=&#8221;600&#8243; screen_sm=&#8221;480&#8243; gutter_size=&#8221;3&#8243; product_items=&#8221;media|featured|onpost|original|hide-sale|inherit-atc|inherit-w-atc|atc-typo-default|show-atc&#8221; single_width=&#8221;3&#8243; single_overlay_opacity=&#8221;50&#8243; single_h_align=&#8221;center&#8221; single_padding=&#8221;2&#8243; uncode_shortcode_id=&#8221;896783&#8243;][vc_empty_space empty_h=&#8221;2&#8243;][vc_column_text uncode_shortcode_id=&#8221;114901&#8243;]</p>
<h3><b><a href="https://www.editorialelpirata.com/ca/llibres-per-a-7-anys/" target="_blank" rel="noopener noreferrer">COL·LECCIÓ EL TRESOR DEL PIRATA</a></b></h3>
<p>Els <strong>contes</strong> estan dissenyats per a les primeres incursions en els contes amb només <strong>lletra d’impremta</strong>. Tenen moltes il·lustracions a color.[/vc_column_text][uncode_index el_id=&#8221;index-151632&#8243; loop=&#8221;size:4|order_by:rand|post_type:product|tax_query:2142|taxonomy_count:10&#8243; screen_lg=&#8221;1000&#8243; screen_md=&#8221;600&#8243; screen_sm=&#8221;480&#8243; gutter_size=&#8221;3&#8243; product_items=&#8221;media|featured|onpost|original|hide-sale|inherit-atc|inherit-w-atc|atc-typo-default|show-atc&#8221; single_width=&#8221;3&#8243; single_overlay_opacity=&#8221;50&#8243; single_h_align=&#8221;center&#8221; single_padding=&#8221;2&#8243; uncode_shortcode_id=&#8221;323043&#8243;][vc_row_inner][vc_column_inner column_width_percent=&#8221;100&#8243; align_horizontal=&#8221;align_center&#8221; gutter_size=&#8221;3&#8243; overlay_alpha=&#8221;50&#8243; shift_x=&#8221;0&#8243; shift_y=&#8221;0&#8243; shift_y_down=&#8221;0&#8243; z_index=&#8221;0&#8243; medium_width=&#8221;0&#8243; mobile_width=&#8221;0&#8243; width=&#8221;1/1&#8243; uncode_shortcode_id=&#8221;290855&#8243;][vc_button button_color=&#8221;accent&#8221; border_width=&#8221;0&#8243; link=&#8221;url:https%3A%2F%2Fwww.editorialelpirata.com%2Fca%2Fllibres-per-a-7-anys%2F|title:Llibres%20per%20a%207%20anys|target:_blank&#8221; uncode_shortcode_id=&#8221;138529&#8243; button_color_type=&#8221;uncode-palette&#8221;]LLIBRES EN LLETRA D&#8217;IMPREMTA[/vc_button][/vc_column_inner][/vc_row_inner][/vc_column][/vc_row]</p>
</div>
